43.157.170.126 - - [05/Nov/2025:05:16:31 +0000] "GET /?fileloc=/home/matalashes/public_html/simulasikite.mata-lashes.com/.git/ORIG_HEAD&path=/home/matalashes/public_html/simulasikite.mata-lashes.com/.git HTTP/1.1" 200 3523 "-" "Mozilla/5.0 (iPhone; CPU iPhone OS 13_2_3 like Mac OS X) AppleWebKit/605.1.15 (KHTML, like Gecko) Version/13.0.3 Mobile/15E148 Safari/604.1"
144.76.32.187 - - [05/Nov/2025:05:17:45 +0000] "GET /razor-shark-kostenlos-spielen-ohne-anmeldung/?path=/home/matalashes/public_html/wp-content__5188858/plugins HTTP/1.1" 200 3701 "-" "Mozilla/5.0 (compatible; BLEXBot/1.0; +https://help.seranking.com/en/blex-crawler)"
144.76.32.187 - - [05/Nov/2025:05:19:12 +0000] "GET /best-online-casinos-real-money-gambling-sites-for-2025/?path=/home/matalashes/public_html/wp-admin/includes HTTP/1.1" 200 110534 "-" "Mozilla/5.0 (compatible; BLEXBot/1.0; +https://help.seranking.com/en/blex-crawler)"
202.155.8.253 - - [05/Nov/2025:05:19:32 +0000] "GET /postnews.php HTTP/1.1" 200 68022 "-" "Go-http-client/1.1"
202.155.8.253 - - [05/Nov/2025:05:19:32 +0000] "GET /postnews.php HTTP/1.1" 200 68049 "-" "Go-http-client/1.1"
202.155.8.253 - - [05/Nov/2025:05:19:34 +0000] "GET /wp-content/postnews.php HTTP/1.1" 200 68022 "-" "Go-http-client/1.1"
202.155.8.253 - - [05/Nov/2025:05:19:34 +0000] "GET /wp-content/postnews.php HTTP/1.1" 200 68049 "-" "Go-http-client/1.1"
202.155.8.253 - - [05/Nov/2025:05:19:37 +0000] "GET /wp-admin/postnews.php HTTP/1.1" 200 68022 "-" "Go-http-client/1.1"
202.155.8.253 - - [05/Nov/2025:05:19:37 +0000] "GET /wp-admin/postnews.php HTTP/1.1" 200 68049 "-" "Go-http-client/1.1"
144.76.32.187 - - [05/Nov/2025:05:23:35 +0000] "GET /best-online-casinos-real-money-gambling-sites-for-2025/?path=/home/matalashes/public_html/wp-content/themes HTTP/1.1" 200 14852 "-" "Mozilla/5.0 (compatible; BLEXBot/1.0; +https://help.seranking.com/en/blex-crawler)"
144.76.32.187 - - [05/Nov/2025:05:26:29 +0000] "GET /best-online-casinos-real-money-gambling-sites-for-2025/?path=/home/matalashes/public_html/wp-content/wflogs HTTP/1.1" 200 11363 "-" "Mozilla/5.0 (compatible; BLEXBot/1.0; +https://help.seranking.com/en/blex-crawler)"
119.28.177.175 - - [05/Nov/2025:05:28:28 +0000] "GET /?fileloc=/home/matalashes/public_html/simulasikite.mata-lashes.com/.git/config&path=/home/matalashes/public_html/simulasikite.mata-lashes.com/.git HTTP/1.1" 200 3795 "-" "Mozilla/5.0 (iPhone; CPU iPhone OS 13_2_3 like Mac OS X) AppleWebKit/605.1.15 (KHTML, like Gecko) Version/13.0.3 Mobile/15E148 Safari/604.1"
144.76.32.187 - - [05/Nov/2025:05:29:22 +0000] "GET /best-online-casinos-real-money-gambling-sites-for-2025/?path=/home/matalashes/public_html/wp-includes/fonts HTTP/1.1" 200 13544 "-" "Mozilla/5.0 (compatible; BLEXBot/1.0; +https://help.seranking.com/en/blex-crawler)"
144.76.32.187 - - [05/Nov/2025:05:32:17 +0000] "GET /catalog/?fileloc=/home/matalashes/public_html/wp-admin/about.php&path=/home/matalashes/public_html/wp-admin HTTP/1.1" 200 27911 "-" "Mozilla/5.0 (compatible; BLEXBot/1.0; +https://help.seranking.com/en/blex-crawler)"
2.58.113.138 - - [05/Nov/2025:05:33:03 +0000] "GET /abcd.php HTTP/1.1" 200 68022 "-" "Mozilla/5.0"
2.58.113.138 - - [05/Nov/2025:05:33:07 +0000] "POST /abcd.php HTTP/1.1" 200 68049 "-" "Mozilla/5.0"
2.58.113.138 - - [05/Nov/2025:05:33:10 +0000] "GET /india.php HTTP/1.1" 200 68022 "-" "Mozilla/5.0"
144.76.32.187 - - [05/Nov/2025:05:35:08 +0000] "GET /catalog/?fileloc=/home/matalashes/public_html/wp-admin/admin.php&path=/home/matalashes/public_html/wp-admin HTTP/1.1" 200 17253 "-" "Mozilla/5.0 (compatible; BLEXBot/1.0; +https://help.seranking.com/en/blex-crawler)"
43.157.22.57 - - [05/Nov/2025:05:37:21 +0000] "GET /?path=/home/matalashes/public_html/simulasikite.mata-lashes.com/.git/logs HTTP/1.1" 200 5707 "-" "Mozilla/5.0 (iPhone; CPU iPhone OS 13_2_3 like Mac OS X) AppleWebKit/605.1.15 (KHTML, like Gecko) Version/13.0.3 Mobile/15E148 Safari/604.1"
144.76.32.187 - - [05/Nov/2025:05:37:59 +0000] "GET /catalog/?fileloc=/home/matalashes/public_html/wp-admin/index.php&path=/home/matalashes/public_html/wp-admin HTTP/1.1" 200 13210 "-" "Mozilla/5.0 (compatible; BLEXBot/1.0; +https://help.seranking.com/en/blex-crawler)"
144.76.32.187 - - [05/Nov/2025:05:40:53 +0000] "GET /catalog/?fileloc=/home/matalashes/public_html/wp-admin/media.php&path=/home/matalashes/public_html/wp-admin HTTP/1.1" 200 4295 "-" "Mozilla/5.0 (compatible; BLEXBot/1.0; +https://help.seranking.com/en/blex-crawler)"
144.76.32.187 - - [05/Nov/2025:05:43:45 +0000] "GET /catalog/?fileloc=/home/matalashes/public_html/wp-admin/tools.php&path=/home/matalashes/public_html/wp-admin HTTP/1.1" 200 7649 "-" "Mozilla/5.0 (compatible; BLEXBot/1.0; +https://help.seranking.com/en/blex-crawler)"
74.176.49.2 - - [05/Nov/2025:05:46:30 +0000] "GET //wp-content/plugins/fix/up.php HTTP/1.1" 200 68049 "-" "Mozilla/5.0 (Windows NT 10.0; Win64; x64) AppleWebKit/537.36 (KHTML, like Gecko) Chrome/85.0.4183.102 Safari/537.36"
144.76.32.187 - - [05/Nov/2025:05:46:33 +0000] "GET /catalog/?fileloc=/home/matalashes/public_html/wp-admin/users.php&path=/home/matalashes/public_html/wp-admin HTTP/1.1" 200 33307 "-" "Mozilla/5.0 (compatible; BLEXBot/1.0; +https://help.seranking.com/en/blex-crawler)"
170.106.197.109 - - [05/Nov/2025:05:47:27 +0000] "GET /?path=/home/matalashes/public_html/simulasikite.mata-lashes.com/.git/objects HTTP/1.1" 200 232167 "-" "Mozilla/5.0 (iPhone; CPU iPhone OS 13_2_3 like Mac OS X) AppleWebKit/605.1.15 (KHTML, like Gecko) Version/13.0.3 Mobile/15E148 Safari/604.1"
144.76.32.187 - - [05/Nov/2025:05:49:24 +0000] "GET /collections/?fileloc=/home/matalashes/public_html/b18fd0/index.php&path=/home/matalashes/public_html/b18fd0 HTTP/1.1" 200 48461 "-" "Mozilla/5.0 (compatible; BLEXBot/1.0; +https://help.seranking.com/en/blex-crawler)"
65.108.2.171 - - [05/Nov/2025:05:50:23 +0000] "GET /robots.txt HTTP/1.1" 200 370 "-" "Mozilla/5.0 (compatible; MJ12bot/v1.4.8; http://mj12bot.com/)"
65.108.2.171 - - [05/Nov/2025:05:50:24 +0000] "GET /?path=//sys/hypervisor HTTP/1.1" 200 3463 "-" "Mozilla/5.0 (compatible; MJ12bot/v1.4.8; http://mj12bot.com/)"
65.108.2.171 - - [05/Nov/2025:05:50:29 +0000] "GET /?path=//usr/local HTTP/1.1" 200 13866 "-" "Mozilla/5.0 (compatible; MJ12bot/v1.4.8; http://mj12bot.com/)"
65.108.2.171 - - [05/Nov/2025:05:50:34 +0000] "GET /?path=//usr/sbin HTTP/1.1" 200 370454 "-" "Mozilla/5.0 (compatible; MJ12bot/v1.4.8; http://mj12bot.com/)"
65.108.2.171 - - [05/Nov/2025:05:50:39 +0000] "GET /?path=//usr/share HTTP/1.1" 200 88504 "-" "Mozilla/5.0 (compatible; MJ12bot/v1.4.8; http://mj12bot.com/)"
65.108.2.171 - - [05/Nov/2025:05:50:44 +0000] "GET /?path=//usr/src HTTP/1.1" 200 7801 "-" "Mozilla/5.0 (compatible; MJ12bot/v1.4.8; http://mj12bot.com/)"
65.108.2.171 - - [05/Nov/2025:05:50:48 +0000] "GET /?path=//usr/tmp HTTP/1.1" 200 35367 "-" "Mozilla/5.0 (compatible; MJ12bot/v1.4.8; http://mj12bot.com/)"
65.108.2.171 - - [05/Nov/2025:05:50:53 +0000] "GET /?path=/home/matalashes/.cphorde/meta HTTP/1.1" 200 3577 "-" "Mozilla/5.0 (compatible; MJ12bot/v1.4.8; http://mj12bot.com/)"
65.108.2.171 - - [05/Nov/2025:05:50:58 +0000] "GET /?path=/home/matalashes/.cphorde/vfsroot HTTP/1.1" 200 3583 "-" "Mozilla/5.0 (compatible; MJ12bot/v1.4.8; http://mj12bot.com/)"
65.108.2.171 - - [05/Nov/2025:05:51:03 +0000] "GET /?path=/home/matalashes/etc/mata-lashes.com HTTP/1.1" 200 5283 "-" "Mozilla/5.0 (compatible; MJ12bot/v1.4.8; http://mj12bot.com/)"
65.108.2.171 - - [05/Nov/2025:05:51:07 +0000] "GET /robots.txt HTTP/1.1" 200 370 "-" "Mozilla/5.0 (compatible; MJ12bot/v1.4.8; http://mj12bot.com/)"
65.108.2.171 - - [05/Nov/2025:05:51:09 +0000] "GET /?fileloc=//boot/.vmlinuz-3.10.0-1160.88.1.el7.x86_64.hmac&path=//boot HTTP/1.1" 200 3325 "-" "Mozilla/5.0 (compatible; MJ12bot/v1.4.8; http://mj12bot.com/)"
65.108.2.171 - - [05/Nov/2025:05:51:14 +0000] "GET /?fileloc=//boot/.vmlinuz-3.10.0-1160.90.1.el7.x86_64.hmac&path=//boot HTTP/1.1" 200 3325 "-" "Mozilla/5.0 (compatible; MJ12bot/v1.4.8; http://mj12bot.com/)"
65.108.2.171 - - [05/Nov/2025:05:51:19 +0000] "GET /?path=//usr/libexec HTTP/1.1" 200 39834 "-" "Mozilla/5.0 (compatible; MJ12bot/v1.4.8; http://mj12bot.com/)"
65.108.2.171 - - [05/Nov/2025:05:51:24 +0000] "GET /?path=//usr/local HTTP/1.1" 200 13866 "-" "Mozilla/5.0 (compatible; MJ12bot/v1.4.8; http://mj12bot.com/)"
65.108.2.171 - - [05/Nov/2025:05:51:28 +0000] "GET /?path=//usr/sbin HTTP/1.1" 200 370454 "-" "Mozilla/5.0 (compatible; MJ12bot/v1.4.8; http://mj12bot.com/)"
65.108.2.171 - - [05/Nov/2025:05:51:33 +0000] "GET /?path=//usr/share HTTP/1.1" 200 88504 "-" "Mozilla/5.0 (compatible; MJ12bot/v1.4.8; http://mj12bot.com/)"
65.108.2.171 - - [05/Nov/2025:05:51:38 +0000] "GET /?path=//usr/src HTTP/1.1" 200 7801 "-" "Mozilla/5.0 (compatible; MJ12bot/v1.4.8; http://mj12bot.com/)"
65.108.2.171 - - [05/Nov/2025:05:51:43 +0000] "GET /?path=//usr/tmp HTTP/1.1" 200 35367 "-" "Mozilla/5.0 (compatible; MJ12bot/v1.4.8; http://mj12bot.com/)"
65.108.2.171 - - [05/Nov/2025:05:51:48 +0000] "GET /?path=//var/adm HTTP/1.1" 200 3449 "-" "Mozilla/5.0 (compatible; MJ12bot/v1.4.8; http://mj12bot.com/)"
65.108.2.171 - - [05/Nov/2025:05:51:53 +0000] "GET /?path=//var/cache HTTP/1.1" 200 6279 "-" "Mozilla/5.0 (compatible; MJ12bot/v1.4.8; http://mj12bot.com/)"
65.108.2.171 - - [05/Nov/2025:05:51:59 +0000] "GET /?path=//var/cpanel HTTP/1.1" 200 3455 "-" "Mozilla/5.0 (compatible; MJ12bot/v1.4.8; http://mj12bot.com/)"
65.108.2.171 - - [05/Nov/2025:05:52:03 +0000] "GET /?path=//var/crash HTTP/1.1" 200 3453 "-" "Mozilla/5.0 (compatible; MJ12bot/v1.4.8; http://mj12bot.com/)"
65.108.2.171 - - [05/Nov/2025:05:52:08 +0000] "GET /?path=//var/db HTTP/1.1" 200 5592 "-" "Mozilla/5.0 (compatible; MJ12bot/v1.4.8; http://mj12bot.com/)"
65.108.2.171 - - [05/Nov/2025:05:52:12 +0000] "GET /?path=//var/empty HTTP/1.1" 200 4167 "-" "Mozilla/5.0 (compatible; MJ12bot/v1.4.8; http://mj12bot.com/)"
144.76.32.187 - - [05/Nov/2025:05:52:16 +0000] "GET /go-green/?fileloc=/home/matalashes/public_html/wp-admin/edit.php&path=/home/matalashes/public_html/wp-admin HTTP/1.1" 200 28206 "-" "Mozilla/5.0 (compatible; BLEXBot/1.0; +https://help.seranking.com/en/blex-crawler)"
144.76.32.187 - - [05/Nov/2025:05:55:08 +0000] "GET /go-green/?fileloc=/home/matalashes/public_html/wp-admin/link.php&path=/home/matalashes/public_html/wp-admin HTTP/1.1" 200 6744 "-" "Mozilla/5.0 (compatible; BLEXBot/1.0; +https://help.seranking.com/en/blex-crawler)"
144.76.32.187 - - [05/Nov/2025:05:57:59 +0000] "GET /go-green/?fileloc=/home/matalashes/public_html/wp-admin/menu.php&path=/home/matalashes/public_html/wp-admin HTTP/1.1" 200 25388 "-" "Mozilla/5.0 (compatible; BLEXBot/1.0; +https://help.seranking.com/en/blex-crawler)"
43.166.247.82 - - [05/Nov/2025:05:58:10 +0000] "GET /?fileloc=/home/matalashes/public_html/simulasikite.mata-lashes.com/.git/COMMIT_EDITMSG&path=/home/matalashes/public_html/simulasikite.mata-lashes.com/.git HTTP/1.1" 200 3494 "-" "Mozilla/5.0 (iPhone; CPU iPhone OS 13_2_3 like Mac OS X) AppleWebKit/605.1.15 (KHTML, like Gecko) Version/13.0.3 Mobile/15E148 Safari/604.1"
144.76.32.187 - - [05/Nov/2025:06:00:46 +0000] "GET /go-green/?fileloc=/home/matalashes/public_html/wp-admin/post.php&path=/home/matalashes/public_html/wp-admin HTTP/1.1" 200 15154 "-" "Mozilla/5.0 (compatible; BLEXBot/1.0; +https://help.seranking.com/en/blex-crawler)"
144.76.32.187 - - [05/Nov/2025:06:03:37 +0000] "GET /go-green/?fileloc=/home/matalashes/public_html/wp-admin/term.php&path=/home/matalashes/public_html/wp-admin HTTP/1.1" 200 5992 "-" "Mozilla/5.0 (compatible; BLEXBot/1.0; +https://help.seranking.com/en/blex-crawler)"
144.76.32.187 - - [05/Nov/2025:06:06:26 +0000] "GET /h1-ein-leitfaden-zum-erfolgreichen-spielen-und-gewinnen-im-janusz-casino-h1/?path=/home/matalashes/.cphorde HTTP/1.1" 200 5920 "-" "Mozilla/5.0 (compatible; BLEXBot/1.0; +https://help.seranking.com/en/blex-crawler)"
43.133.220.37 - - [05/Nov/2025:06:07:28 +0000] "GET /?fileloc=/home/matalashes/public_html/simulasikite.mata-lashes.com/.git/FETCH_HEAD&path=/home/matalashes/public_html/simulasikite.mata-lashes.com/.git HTTP/1.1" 200 3575 "-" "Mozilla/5.0 (iPhone; CPU iPhone OS 13_2_3 like Mac OS X) AppleWebKit/605.1.15 (KHTML, like Gecko) Version/13.0.3 Mobile/15E148 Safari/604.1"
144.76.32.187 - - [05/Nov/2025:06:09:14 +0000] "GET /h1-ein-leitfaden-zum-erfolgreichen-spielen-und-gewinnen-im-janusz-casino-h1/?path=/home/matalashes/.koality HTTP/1.1" 200 3521 "-" "Mozilla/5.0 (compatible; BLEXBot/1.0; +https://help.seranking.com/en/blex-crawler)"
144.76.32.187 - - [05/Nov/2025:06:12:03 +0000] "GET /h1-sichere-zahlungsmethoden-im-instant-casino-tipps-f-r-ein-und-auszahlungen-h1/?fileloc=/quota.user&path=/ HTTP/1.1" 200 13619 "-" "Mozilla/5.0 (compatible; BLEXBot/1.0; +https://help.seranking.com/en/blex-crawler)"
144.76.32.187 - - [05/Nov/2025:06:14:52 +0000] "GET /h1-sichere-zahlungsmethoden-im-instant-casino-tipps-f-r-ein-und-auszahlungen-h1/?path=/home/matalashes/.ssh HTTP/1.1" 200 6045 "-" "Mozilla/5.0 (compatible; BLEXBot/1.0; +https://help.seranking.com/en/blex-crawler)"
144.76.32.187 - - [05/Nov/2025:06:17:39 +0000] "GET /h1-sichere-zahlungsmethoden-im-instant-casino-tipps-f-r-ein-und-auszahlungen-h1/?path=/home/matalashes/logs HTTP/1.1" 200 20320 "-" "Mozilla/5.0 (compatible; BLEXBot/1.0; +https://help.seranking.com/en/blex-crawler)"
144.76.32.187 - - [05/Nov/2025:06:20:29 +0000] "GET /h1-sichere-zahlungsmethoden-im-instant-casino-tipps-f-r-ein-und-auszahlungen-h1/?path=/home/matalashes/mail HTTP/1.1" 200 24109 "-" "Mozilla/5.0 (compatible; BLEXBot/1.0; +https://help.seranking.com/en/blex-crawler)"
144.76.32.187 - - [05/Nov/2025:06:23:17 +0000] "GET /profile/?fileloc=/home/matalashes/public_html/wp-admin/export.php&path=/home/matalashes/public_html/wp-admin HTTP/1.1" 200 18654 "-" "Mozilla/5.0 (compatible; BLEXBot/1.0; +https://help.seranking.com/en/blex-crawler)"
144.76.32.187 - - [05/Nov/2025:06:24:41 +0000] "GET /?fileloc=/home/matalashes/public_html/wp-admin/edit-link-form.php&path=/home/matalashes/public_html/wp-admin HTTP/1.1" 200 12124 "-" "Mozilla/5.0 (compatible; BLEXBot/1.0; +https://help.seranking.com/en/blex-crawler)"
144.76.32.187 - - [05/Nov/2025:06:27:33 +0000] "GET /?fileloc=/home/matalashes/public_html/wp-admin/install-helper.php&path=/home/matalashes/public_html/wp-admin HTTP/1.1" 200 10708 "-" "Mozilla/5.0 (compatible; BLEXBot/1.0; +https://help.seranking.com/en/blex-crawler)"
144.76.32.187 - - [05/Nov/2025:06:28:55 +0000] "GET /profile/?fileloc=/home/matalashes/public_html/wp-admin/import.php&path=/home/matalashes/public_html/wp-admin HTTP/1.1" 200 12972 "-" "Mozilla/5.0 (compatible; BLEXBot/1.0; +https://help.seranking.com/en/blex-crawler)"
144.76.32.187 - - [05/Nov/2025:06:30:18 +0000] "GET /?fileloc=/home/matalashes/public_html/wp-admin/ms-delete-site.php&path=/home/matalashes/public_html/wp-admin HTTP/1.1" 200 8438 "-" "Mozilla/5.0 (compatible; BLEXBot/1.0; +https://help.seranking.com/en/blex-crawler)"
144.76.32.187 - - [05/Nov/2025:06:33:03 +0000] "GET /?fileloc=/home/matalashes/public_html/wp-admin/plugin-install.php&path=/home/matalashes/public_html/wp-admin HTTP/1.1" 200 11874 "-" "Mozilla/5.0 (compatible; BLEXBot/1.0; +https://help.seranking.com/en/blex-crawler)"
144.76.32.187 - - [05/Nov/2025:06:34:25 +0000] "GET /profile/?fileloc=/home/matalashes/public_html/wp-admin/themes.php&path=/home/matalashes/public_html/wp-admin HTTP/1.1" 200 66887 "-" "Mozilla/5.0 (compatible; BLEXBot/1.0; +https://help.seranking.com/en/blex-crawler)"
144.76.32.187 - - [05/Nov/2025:06:35:50 +0000] "GET /?fileloc=/home/matalashes/public_html/wp-includes/bookmark.php&path=/home/matalashes/public_html/wp-includes HTTP/1.1" 200 21181 "-" "Mozilla/5.0 (compatible; BLEXBot/1.0; +https://help.seranking.com/en/blex-crawler)"
85.203.21.172 - - [05/Nov/2025:06:39:21 +0000] "GET /wp-content/plugins/pwnd/pwnd.php HTTP/1.1" 200 68049 "-" "Go-http-client/1.1"
95.140.157.251 - - [05/Nov/2025:06:39:57 +0000] "GET /data/lihatcontactus/ HTTP/1.0" 200 68022 "http://mata-lashes.com/data/lihatcontactus/" "Mozilla/5.0 (Windows NT 6.3; Win64; x64) AppleWebKit/537.36 (KHTML, like Gecko) Chrome/103.0.5060.53 Safari/537.36"
144.76.32.187 - - [05/Nov/2025:06:39:59 +0000] "GET /profile/?fileloc=/home/matalashes/public_html/wp-admin/update.php&path=/home/matalashes/public_html/wp-admin HTTP/1.1" 200 19156 "-" "Mozilla/5.0 (compatible; BLEXBot/1.0; +https://help.seranking.com/en/blex-crawler)"
144.76.32.187 - - [05/Nov/2025:06:41:23 +0000] "GET /?fileloc=/home/matalashes/public_html/wp-includes/category.php&path=/home/matalashes/public_html/wp-includes HTTP/1.1" 200 17192 "-" "Mozilla/5.0 (compatible; BLEXBot/1.0; +https://help.seranking.com/en/blex-crawler)"
198.204.240.42 - - [05/Nov/2025:06:44:22 +0000] "GET /index.php?params=1 HTTP/1.1" 200 68049 "-" "Mozilla/5.0 (Windows NT 10.0; Win64; x64) AppleWebKit/537.36 (KHTML, like Gecko) Chrome/91.0.4472.106 Safari/537.36"
176.31.139.0 - - [05/Nov/2025:06:44:59 +0000] "GET /robots.txt HTTP/1.1" 200 370 "-" "Mozilla/5.0 (compatible; AhrefsBot/7.0; +http://ahrefs.com/robot/)"
92.222.104.219 - - [05/Nov/2025:06:45:03 +0000] "GET /?sitemap558.xml HTTP/1.1" 200 13 "-" "Mozilla/5.0 (compatible; AhrefsBot/7.0; +http://ahrefs.com/robot/)"
144.76.32.187 - - [05/Nov/2025:06:45:32 +0000] "GET /profile/?fileloc=/home/matalashes/public_html/wp-admin/upload.php&path=/home/matalashes/public_html/wp-admin HTTP/1.1" 200 22646 "-" "Mozilla/5.0 (compatible; BLEXBot/1.0; +https://help.seranking.com/en/blex-crawler)"
51.75.236.146 - - [05/Nov/2025:06:46:54 +0000] "GET /?sitemap115.xml HTTP/1.1" 200 158003 "-" "Mozilla/5.0 (compatible; AhrefsBot/7.0; +http://ahrefs.com/robot/)"
144.76.32.187 - - [05/Nov/2025:06:46:54 +0000] "GET /?fileloc=/home/matalashes/public_html/wp-includes/class-wp.php&path=/home/matalashes/public_html/wp-includes HTTP/1.1" 200 32822 "-" "Mozilla/5.0 (compatible; BLEXBot/1.0; +https://help.seranking.com/en/blex-crawler)"
82.80.222.139 - - [05/Nov/2025:06:48:14 +0000] "GET /wp-login.php HTTP/1.1" 200 68022 "https://t.co/" "Mozilla/5.0 (Windows NT 10.0; Win64; x64) AppleWebKit/537.36 (KHTML, like Gecko) Chrome/118.0.0.0 Safari/537.36"
144.76.32.187 - - [05/Nov/2025:06:51:00 +0000] "GET /razor-shark-kostenlos-spielen-ohne-anmeldung/?path=/home/matalashes/public_html/kite.mata-lashes.com/app.bak HTTP/1.1" 200 17216 "-" "Mozilla/5.0 (compatible; BLEXBot/1.0; +https://help.seranking.com/en/blex-crawler)"
144.76.32.187 - - [05/Nov/2025:06:52:21 +0000] "GET /?fileloc=/home/matalashes/public_html/wp-includes/feed-rdf.php&path=/home/matalashes/public_html/wp-includes HTTP/1.1" 200 6804 "-" "Mozilla/5.0 (compatible; BLEXBot/1.0; +https://help.seranking.com/en/blex-crawler)"
109.197.77.200 - - [05/Nov/2025:06:53:32 +0000] "GET /wp-content/plugins/WordPressCore/include.php HTTP/1.1" 200 68020 "-" "Mozilla/5.0 (X11; Linux x86_64; rv:128.0) Gecko/20100101 Firefox/128.0"
194.85.69.238 - - [05/Nov/2025:06:55:47 +0000] "GET /wp-content/plugins/WordPressCore/include.php HTTP/1.1" 200 68047 "-" "Mozilla/5.0 (Windows NT 10.0; Win64; x64) AppleWebKit/537.36 (KHTML, like Gecko) Chrome/79.0.3945.79 Safari/537.36"
144.76.32.187 - - [05/Nov/2025:06:56:29 +0000] "GET /razor-shark-kostenlos-spielen-ohne-anmeldung/?path=/home/matalashes/public_html/kite.mata-lashes.com/cgi-bin HTTP/1.1" 200 4570 "-" "Mozilla/5.0 (compatible; BLEXBot/1.0; +https://help.seranking.com/en/blex-crawler)"
144.76.32.187 - - [05/Nov/2025:06:57:51 +0000] "GET /?fileloc=/home/matalashes/public_html/wp-includes/feed-rss.php&path=/home/matalashes/public_html/wp-includes HTTP/1.1" 200 4934 "-" "Mozilla/5.0 (compatible; BLEXBot/1.0; +https://help.seranking.com/en/blex-crawler)"
74.7.227.179 - - [05/Nov/2025:06:58:54 +0000] "GET /?path=/home/matalashes/public_html/simulasikite.mata-lashes.com/__MACOSX/mata-main/app/Views HTTP/1.1" 200 10210 "-" "Mozilla/5.0 AppleWebKit/537.36 (KHTML, like Gecko; compatible; GPTBot/1.2; +https://openai.com/gptbot)"
74.7.227.179 - - [05/Nov/2025:06:59:54 +0000] "GET /?path=/home/matalashes/public_html/simulasikite.mata-lashes.com/__MACOSX/mata-main/app/Views/frontend HTTP/1.1" 200 8476 "-" "Mozilla/5.0 AppleWebKit/537.36 (KHTML, like Gecko; compatible; GPTBot/1.2; +https://openai.com/gptbot)"
74.7.227.179 - - [05/Nov/2025:07:00:10 +0000] "GET /?path=/home/matalashes/public_html/simulasikite.mata-lashes.com/__MACOSX/mata-main/app/Views/admin HTTP/1.1" 200 8348 "-" "Mozilla/5.0 AppleWebKit/537.36 (KHTML, like Gecko; compatible; GPTBot/1.2; +https://openai.com/gptbot)"
74.7.227.179 - - [05/Nov/2025:07:00:20 +0000] "GET /?path=/home/matalashes/public_html/simulasikite.mata-lashes.com/__MACOSX/mata-main/app/Views/frontend/template HTTP/1.1" 200 49676 "-" "Mozilla/5.0 AppleWebKit/537.36 (KHTML, like Gecko; compatible; GPTBot/1.2; +https://openai.com/gptbot)"
74.7.227.179 - - [05/Nov/2025:07:00:27 +0000] "GET /?path=/home/matalashes/public_html/simulasikite.mata-lashes.com/__MACOSX/mata-main/app/Views/frontend/documentation HTTP/1.1" 200 14364 "-" "Mozilla/5.0 AppleWebKit/537.36 (KHTML, like Gecko; compatible; GPTBot/1.2; +https://openai.com/gptbot)"
74.7.227.179 - - [05/Nov/2025:07:00:39 +0000] "GET /?path=/home/matalashes/public_html/simulasikite.mata-lashes.com/__MACOSX/mata-main/app/Views/admin/pages HTTP/1.1" 200 10706 "-" "Mozilla/5.0 AppleWebKit/537.36 (KHTML, like Gecko; compatible; GPTBot/1.2; +https://openai.com/gptbot)"
74.7.227.179 - - [05/Nov/2025:07:00:46 +0000] "GET /?path=/home/matalashes/public_html/simulasikite.mata-lashes.com/__MACOSX/mata-main/app/Views/frontend/template/demo HTTP/1.1" 200 12699 "-" "Mozilla/5.0 AppleWebKit/537.36 (KHTML, like Gecko; compatible; GPTBot/1.2; +https://openai.com/gptbot)"
74.7.227.179 - - [05/Nov/2025:07:00:53 +0000] "GET /?path=/home/matalashes/public_html/simulasikite.mata-lashes.com/__MACOSX/mata-main/app/Views/frontend/template/vendor HTTP/1.1" 200 15589 "-" "Mozilla/5.0 AppleWebKit/537.36 (KHTML, like Gecko; compatible; GPTBot/1.2; +https://openai.com/gptbot)"
74.7.227.179 - - [05/Nov/2025:07:00:58 +0000] "GET /?path=/home/matalashes/public_html/simulasikite.mata-lashes.com/__MACOSX/mata-main/app/Views/frontend/documentation/js HTTP/1.1" 200 13003 "-" "Mozilla/5.0 AppleWebKit/537.36 (KHTML, like Gecko; compatible; GPTBot/1.2; +https://openai.com/gptbot)"
74.7.227.179 - - [05/Nov/2025:07:01:01 +0000] "GET /?path=/home/matalashes/public_html/simulasikite.mata-lashes.com/__MACOSX/mata-main/app/Views/frontend/template/js HTTP/1.1" 200 5641 "-" "Mozilla/5.0 AppleWebKit/537.36 (KHTML, like Gecko; compatible; GPTBot/1.2; +https://openai.com/gptbot)"
74.7.227.179 - - [05/Nov/2025:07:01:04 +0000] "GET /?path=/home/matalashes/public_html/simulasikite.mata-lashes.com/__MACOSX/mata-main/app/Views/frontend/template/img HTTP/1.1" 200 58393 "-" "Mozilla/5.0 AppleWebKit/537.36 (KHTML, like Gecko; compatible; GPTBot/1.2; +https://openai.com/gptbot)"
74.7.227.179 - - [05/Nov/2025:07:01:12 +0000] "GET /?path=/home/matalashes/public_html/simulasikite.mata-lashes.com/__MACOSX/mata-main/app/Views/frontend/template/demo/vendor HTTP/1.1" 200 9135 "-" "Mozilla/5.0 AppleWebKit/537.36 (KHTML, like Gecko; compatible; GPTBot/1.2; +https://openai.com/gptbot)"
74.7.227.179 - - [05/Nov/2025:07:01:20 +0000] "GET /?path=/home/matalashes/public_html/simulasikite.mata-lashes.com/__MACOSX/mata-main/app/Views/frontend/documentation/images HTTP/1.1" 200 10596 "-" "Mozilla/5.0 AppleWebKit/537.36 (KHTML, like Gecko; compatible; GPTBot/1.2; +https://openai.com/gptbot)"
74.7.227.179 - - [05/Nov/2025:07:01:25 +0000] "GET /?path=/home/matalashes/public_html/simulasikite.mata-lashes.com/__MACOSX/mata-main/app/Views/frontend/template/vendor/icons HTTP/1.1" 200 11799 "-" "Mozilla/5.0 AppleWebKit/537.36 (KHTML, like Gecko; compatible; GPTBot/1.2; +https://openai.com/gptbot)"
74.7.227.179 - - [05/Nov/2025:07:01:33 +0000] "GET /?path=/home/matalashes/public_html/simulasikite.mata-lashes.com/__MACOSX/mata-main/app/Views/frontend/template/vendor/slick HTTP/1.1" 200 21863 "-" "Mozilla/5.0 AppleWebKit/537.36 (KHTML, like Gecko; compatible; GPTBot/1.2; +https://openai.com/gptbot)"
74.7.227.179 - - [05/Nov/2025:07:01:38 +0000] "GET /?path=/home/matalashes/public_html/simulasikite.mata-lashes.com/__MACOSX/mata-main/app/Views/frontend/template/vendor/bootstrap HTTP/1.1" 200 9137 "-" "Mozilla/5.0 AppleWebKit/537.36 (KHTML, like Gecko; compatible; GPTBot/1.2; +https://openai.com/gptbot)"
74.7.227.179 - - [05/Nov/2025:07:01:42 +0000] "GET /?path=/home/matalashes/public_html/simulasikite.mata-lashes.com/__MACOSX/mata-main/app/Views/frontend/template/img/icons HTTP/1.1" 200 16876 "-" "Mozilla/5.0 AppleWebKit/537.36 (KHTML, like Gecko; compatible; GPTBot/1.2; +https://openai.com/gptbot)"
74.7.227.179 - - [05/Nov/2025:07:01:52 +0000] "GET /?path=/home/matalashes/public_html/simulasikite.mata-lashes.com/__MACOSX/mata-main/app/Views/frontend/template/img/user HTTP/1.1" 200 10606 "-" "Mozilla/5.0 AppleWebKit/537.36 (KHTML, like Gecko; compatible; GPTBot/1.2; +https://openai.com/gptbot)"
144.76.32.187 - - [05/Nov/2025:07:01:55 +0000] "GET /?fileloc=/home/matalashes/public_html/wp-includes/ms-blogs.php&path=/home/matalashes/public_html/wp-includes HTTP/1.1" 200 31545 "-" "Mozilla/5.0 (compatible; BLEXBot/1.0; +https://help.seranking.com/en/blex-crawler)"
74.7.227.179 - - [05/Nov/2025:07:02:00 +0000] "GET /?path=/home/matalashes/public_html/simulasikite.mata-lashes.com/__MACOSX/mata-main/app/Views/frontend/template/vendor/slick/fonts HTTP/1.1" 200 9791 "-" "Mozilla/5.0 AppleWebKit/537.36 (KHTML, like Gecko; compatible; GPTBot/1.2; +https://openai.com/gptbot)"
74.7.227.179 - - [05/Nov/2025:07:02:04 +0000] "GET /?path=/home/matalashes/public_html/simulasikite.mata-lashes.com/__MACOSX/mata-main/app/Views/frontend/template/vendor/icons/fonts HTTP/1.1" 200 8555 "-" "Mozilla/5.0 AppleWebKit/537.36 (KHTML, like Gecko; compatible; GPTBot/1.2; +https://openai.com/gptbot)"
74.7.227.179 - - [05/Nov/2025:07:02:07 +0000] "GET /?path=/home/matalashes/public_html/simulasikite.mata-lashes.com/__MACOSX/mata-main/app/Views/frontend/documentation/font-awesome HTTP/1.1" 200 9050 "-" "Mozilla/5.0 AppleWebKit/537.36 (KHTML, like Gecko; compatible; GPTBot/1.2; +https://openai.com/gptbot)"
74.7.227.179 - - [05/Nov/2025:07:02:14 +0000] "GET /?path=/home/matalashes/public_html/simulasikite.mata-lashes.com/__MACOSX/mata-main/app/Views/frontend/template/vendor/sidebar HTTP/1.1" 200 7125 "-" "Mozilla/5.0 AppleWebKit/537.36 (KHTML, like Gecko; compatible; GPTBot/1.2; +https://openai.com/gptbot)"
74.7.227.179 - - [05/Nov/2025:07:02:17 +0000] "GET /?path=/home/matalashes/public_html/simulasikite.mata-lashes.com/__MACOSX/mata-main/app/Views/frontend/template/vendor/bootstrap/js HTTP/1.1" 200 15201 "-" "Mozilla/5.0 AppleWebKit/537.36 (KHTML, like Gecko; compatible; GPTBot/1.2; +https://openai.com/gptbot)"
74.7.227.179 - - [05/Nov/2025:07:02:19 +0000] "GET /?path=/home/matalashes/public_html/simulasikite.mata-lashes.com/__MACOSX/mata-main/app/Views/frontend/template/demo/vendor/jquery HTTP/1.1" 200 12436 "-" "Mozilla/5.0 AppleWebKit/537.36 (KHTML, like Gecko; compatible; GPTBot/1.2; +https://openai.com/gptbot)"
74.7.227.179 - - [05/Nov/2025:07:02:22 +0000] "GET /?path=/home/matalashes/public_html/simulasikite.mata-lashes.com/__MACOSX/mata-main/app/Views/frontend/template/vendor/jquery HTTP/1.1" 200 12171 "-" "Mozilla/5.0 AppleWebKit/537.36 (KHTML, like Gecko; compatible; GPTBot/1.2; +https://openai.com/gptbot)"
74.7.227.179 - - [05/Nov/2025:07:02:35 +0000] "GET /?path=/home/matalashes/public_html/simulasikite.mata-lashes.com/__MACOSX/mata-main/app/Views/frontend/documentation/js/prettify HTTP/1.1" 200 5871 "-" "Mozilla/5.0 AppleWebKit/537.36 (KHTML, like Gecko; compatible; GPTBot/1.2; +https://openai.com/gptbot)"
74.7.227.179 - - [05/Nov/2025:07:02:42 +0000] "GET /?path=/home/matalashes/public_html/simulasikite.mata-lashes.com/__MACOSX/mata-main/app/Views/admin/pages/common HTTP/1.1" 200 9324 "-" "Mozilla/5.0 AppleWebKit/537.36 (KHTML, like Gecko; compatible; GPTBot/1.2; +https://openai.com/gptbot)"
74.7.227.179 - - [05/Nov/2025:07:02:48 +0000] "GET /?path=/home/matalashes/public_html/simulasikite.mata-lashes.com/__MACOSX/mata-main/app/Views/admin/layout HTTP/1.1" 200 33869 "-" "Mozilla/5.0 AppleWebKit/537.36 (KHTML, like Gecko; compatible; GPTBot/1.2; +https://openai.com/gptbot)"
74.7.227.179 - - [05/Nov/2025:07:02:56 +0000] "GET /?path=/home/matalashes/public_html/simulasikite.mata-lashes.com/__MACOSX/mata-main/app/Views/admin/pages/custom HTTP/1.1" 200 19586 "-" "Mozilla/5.0 AppleWebKit/537.36 (KHTML, like Gecko; compatible; GPTBot/1.2; +https://openai.com/gptbot)"
74.7.227.179 - - [05/Nov/2025:07:03:14 +0000] "GET /?path=/home/matalashes/public_html/simulasikite.mata-lashes.com/__MACOSX/mata-main/app/Views/frontend/template/demo/vendor/bootstrap HTTP/1.1" 200 9352 "-" "Mozilla/5.0 AppleWebKit/537.36 (KHTML, like Gecko; compatible; GPTBot/1.2; +https://openai.com/gptbot)"
74.7.227.179 - - [05/Nov/2025:07:03:31 +0000] "GET /?path=/home/matalashes/public_html/simulasikite.mata-lashes.com/__MACOSX/mata-main/app/Views/admin/pages/custom/master HTTP/1.1" 200 25211 "-" "Mozilla/5.0 AppleWebKit/537.36 (KHTML, like Gecko; compatible; GPTBot/1.2; +https://openai.com/gptbot)"
74.7.227.179 - - [05/Nov/2025:07:03:38 +0000] "GET /?path=/home/matalashes/public_html/simulasikite.mata-lashes.com/__MACOSX/mata-main/app/Views/admin/pages/custom/store HTTP/1.1" 200 11346 "-" "Mozilla/5.0 AppleWebKit/537.36 (KHTML, like Gecko; compatible; GPTBot/1.2; +https://openai.com/gptbot)"
74.7.227.179 - - [05/Nov/2025:07:03:48 +0000] "GET /?path=/home/matalashes/public_html/simulasikite.mata-lashes.com/__MACOSX/mata-main/app/Views/admin/pages/custom/ic HTTP/1.1" 200 15963 "-" "Mozilla/5.0 AppleWebKit/537.36 (KHTML, like Gecko; compatible; GPTBot/1.2; +https://openai.com/gptbot)"
74.7.227.179 - - [05/Nov/2025:07:03:57 +0000] "GET /?path=/home/matalashes/public_html/simulasikite.mata-lashes.com/__MACOSX/mata-main/app/Views/admin/pages/custom/mkt HTTP/1.1" 200 9138 "-" "Mozilla/5.0 AppleWebKit/537.36 (KHTML, like Gecko; compatible; GPTBot/1.2; +https://openai.com/gptbot)"
74.7.227.179 - - [05/Nov/2025:07:04:02 +0000] "GET /?path=/home/matalashes/public_html/simulasikite.mata-lashes.com/__MACOSX/mata-main/app/Views/errors HTTP/1.1" 200 8332 "-" "Mozilla/5.0 AppleWebKit/537.36 (KHTML, like Gecko; compatible; GPTBot/1.2; +https://openai.com/gptbot)"
74.7.227.179 - - [05/Nov/2025:07:04:05 +0000] "GET /?path=/home/matalashes/public_html/simulasikite.mata-lashes.com/__MACOSX/mata-main/app/Views/admin/pages/custom/sc HTTP/1.1" 200 9106 "-" "Mozilla/5.0 AppleWebKit/537.36 (KHTML, like Gecko; compatible; GPTBot/1.2; +https://openai.com/gptbot)"
74.7.227.179 - - [05/Nov/2025:07:04:19 +0000] "GET /?path=/home/matalashes/public_html/simulasikite.mata-lashes.com/__MACOSX/mata-main/app/Views/frontend/template/demo/vendor/bootstrap/js HTTP/1.1" 200 15511 "-" "Mozilla/5.0 AppleWebKit/537.36 (KHTML, like Gecko; compatible; GPTBot/1.2; +https://openai.com/gptbot)"
74.7.227.179 - - [05/Nov/2025:07:04:32 +0000] "GET /?path=/home/matalashes/public_html/simulasikite.mata-lashes.com/__MACOSX/mata-main/app/Views/frontend/documentation/font-awesome/fonts HTTP/1.1" 200 12631 "-" "Mozilla/5.0 AppleWebKit/537.36 (KHTML, like Gecko; compatible; GPTBot/1.2; +https://openai.com/gptbot)"
74.7.227.179 - - [05/Nov/2025:07:04:36 +0000] "GET /?path=/home/matalashes/public_html/simulasikite.mata-lashes.com/__MACOSX/mata-main/app/Views/admin/pages/custom/store/storerole HTTP/1.1" 200 8566 "-" "Mozilla/5.0 AppleWebKit/537.36 (KHTML, like Gecko; compatible; GPTBot/1.2; +https://openai.com/gptbot)"
144.76.32.187 - - [05/Nov/2025:07:04:38 +0000] "GET /?fileloc=/home/matalashes/public_html/wp-includes/ms-files.php&path=/home/matalashes/public_html/wp-includes HTTP/1.1" 200 6565 "-" "Mozilla/5.0 (compatible; BLEXBot/1.0; +https://help.seranking.com/en/blex-crawler)"
74.7.227.179 - - [05/Nov/2025:07:04:41 +0000] "GET /?path=/home/matalashes/public_html/simulasikite.mata-lashes.com/__MACOSX/mata-main/app/Views/admin/pages/custom/ic/terimabarangic HTTP/1.1" 200 7335 "-" "Mozilla/5.0 AppleWebKit/537.36 (KHTML, like Gecko; compatible; GPTBot/1.2; +https://openai.com/gptbot)"
74.7.227.179 - - [05/Nov/2025:07:05:28 +0000] "GET /?path=/home/matalashes/public_html/simulasikite.mata-lashes.com/__MACOSX/mata-main/app/Views/errors/html HTTP/1.1" 200 10172 "-" "Mozilla/5.0 AppleWebKit/537.36 (KHTML, like Gecko; compatible; GPTBot/1.2; +https://openai.com/gptbot)"
74.7.227.179 - - [05/Nov/2025:07:05:38 +0000] "GET /?path=/home/matalashes/public_html/simulasikite.mata-lashes.com/__MACOSX/mata-main/app/Views/admin/pages/custom/store/storeuser HTTP/1.1" 200 8566 "-" "Mozilla/5.0 AppleWebKit/537.36 (KHTML, like Gecko; compatible; GPTBot/1.2; +https://openai.com/gptbot)"
45.86.202.121 - - [05/Nov/2025:07:06:43 +0000] "GET /data/lihatcontactus/ HTTP/1.0" 200 68020 "http://mata-lashes.com/data/lihatcontactus/" "Mozilla/5.0 (Windows NT 10.0; Win64; x64) AppleWebKit/537.36 (KHTML, like Gecko) Chrome/129.0.0.0 Safari/537.36"
144.76.32.187 - - [05/Nov/2025:07:07:18 +0000] "GET /?fileloc=/home/matalashes/public_html/wp-includes/nav-menu.php&path=/home/matalashes/public_html/wp-includes HTTP/1.1" 200 52541 "-" "Mozilla/5.0 (compatible; BLEXBot/1.0; +https://help.seranking.com/en/blex-crawler)"
74.7.227.179 - - [05/Nov/2025:07:08:16 +0000] "GET /?fileloc=/home/matalashes/public_html/simulasikite.mata-lashes.com/__MACOSX/mata-main/app/Views/frontend/template/demo/._qrcode.png&path=/home/matalashes/public_html/simulasikite.mata-lashes.com/__MACOSX/mata-main/app/Views/frontend/template/demo HTTP/1.1" 200 4443 "-" "Mozilla/5.0 AppleWebKit/537.36 (KHTML, like Gecko; compatible; GPTBot/1.2; +https://openai.com/gptbot)"
144.76.32.187 - - [05/Nov/2025:07:10:01 +0000] "GET /?fileloc=/home/matalashes/public_html/wp-includes/rest-api.php&path=/home/matalashes/public_html/wp-includes HTTP/1.1" 200 113626 "-" "Mozilla/5.0 (compatible; BLEXBot/1.0; +https://help.seranking.com/en/blex-crawler)"
74.7.227.179 - - [05/Nov/2025:07:11:27 +0000] "GET /?path=/home/matalashes/public_html/simulasikite.mata-lashes.com/__MACOSX/mata-main/app/Views/admin/pages/custom/ic/pemusnahanbarangic HTTP/1.1" 200 7407 "-" "Mozilla/5.0 AppleWebKit/537.36 (KHTML, like Gecko; compatible; GPTBot/1.2; +https://openai.com/gptbot)"
74.7.227.179 - - [05/Nov/2025:07:12:09 +0000] "GET /?path=/home/matalashes/public_html/simulasikite.mata-lashes.com/__MACOSX/mata-main/app/Views/admin/pages/custom/ic/kirimbarangic HTTP/1.1" 200 7317 "-" "Mozilla/5.0 AppleWebKit/537.36 (KHTML, like Gecko; compatible; GPTBot/1.2; +https://openai.com/gptbot)"
144.76.32.187 - - [05/Nov/2025:07:12:44 +0000] "GET /?fileloc=/home/matalashes/public_html/wp-includes/revision.php&path=/home/matalashes/public_html/wp-includes HTTP/1.1" 200 36371 "-" "Mozilla/5.0 (compatible; BLEXBot/1.0; +https://help.seranking.com/en/blex-crawler)"
74.7.227.179 - - [05/Nov/2025:07:13:02 +0000] "GET /?path=/home/matalashes/public_html/simulasikite.mata-lashes.com/__MACOSX/mata-main/app/Views/admin/pages/custom/sc/kirimbarangsc HTTP/1.1" 200 7317 "-" "Mozilla/5.0 AppleWebKit/537.36 (KHTML, like Gecko; compatible; GPTBot/1.2; +https://openai.com/gptbot)"
74.7.227.179 - - [05/Nov/2025:07:13:14 +0000] "GET /?path=/home/matalashes/public_html/simulasikite.mata-lashes.com/__MACOSX/mata-main/app/Views/admin/layout/store HTTP/1.1" 200 6885 "-" "Mozilla/5.0 AppleWebKit/537.36 (KHTML, like Gecko; compatible; GPTBot/1.2; +https://openai.com/gptbot)"
74.7.227.179 - - [05/Nov/2025:07:14:11 +0000] "GET /?path=/home/matalashes/public_html/simulasikite.mata-lashes.com/__MACOSX/mata-main/app/Views/admin/pages/custom/store/storebackupdb HTTP/1.1" 200 6030 "-" "Mozilla/5.0 AppleWebKit/537.36 (KHTML, like Gecko; compatible; GPTBot/1.2; +https://openai.com/gptbot)"
74.7.227.179 - - [05/Nov/2025:07:14:19 +0000] "GET /?path=/home/matalashes/public_html/simulasikite.mata-lashes.com/__MACOSX/mata-main/app/Views/admin/pages/primary HTTP/1.1" 200 10239 "-" "Mozilla/5.0 AppleWebKit/537.36 (KHTML, like Gecko; compatible; GPTBot/1.2; +https://openai.com/gptbot)"
74.7.227.179 - - [05/Nov/2025:07:14:26 +0000] "GET /?path=/home/matalashes/public_html/simulasikite.mata-lashes.com/__MACOSX/mata-main/app/Views/admin/pages/custom/pro HTTP/1.1" 200 9122 "-" "Mozilla/5.0 AppleWebKit/537.36 (KHTML, like Gecko; compatible; GPTBot/1.2; +https://openai.com/gptbot)"
74.7.227.179 - - [05/Nov/2025:07:14:44 +0000] "GET /?path=/home/matalashes/public_html/simulasikite.mata-lashes.com/__MACOSX/mata-main/app/Views/admin/pages/custom/master/masteraccess HTTP/1.1" 200 7343 "-" "Mozilla/5.0 AppleWebKit/537.36 (KHTML, like Gecko; compatible; GPTBot/1.2; +https://openai.com/gptbot)"
74.7.227.179 - - [05/Nov/2025:07:15:24 +0000] "GET /?path=/home/matalashes/public_html/simulasikite.mata-lashes.com/__MACOSX/mata-main/app/Views/admin/pages/custom/ic/kirimbarangfgiic HTTP/1.1" 200 8719 "-" "Mozilla/5.0 AppleWebKit/537.36 (KHTML, like Gecko; compatible; GPTBot/1.2; +https://openai.com/gptbot)"
144.76.32.187 - - [05/Nov/2025:07:15:25 +0000] "GET /?fileloc=/home/matalashes/public_html/wp-includes/sitemaps.php&path=/home/matalashes/public_html/wp-includes HTTP/1.1" 200 6736 "-" "Mozilla/5.0 (compatible; BLEXBot/1.0; +https://help.seranking.com/en/blex-crawler)"
74.7.227.179 - - [05/Nov/2025:07:15:37 +0000] "GET /?path=/home/matalashes/public_html/simulasikite.mata-lashes.com/__MACOSX/mata-main/app/Views/admin/pages/custom/pro/terimabarangpro HTTP/1.1" 200 7364 "-" "Mozilla/5.0 AppleWebKit/537.36 (KHTML, like Gecko; compatible; GPTBot/1.2; +https://openai.com/gptbot)"
74.7.227.179 - - [05/Nov/2025:07:15:52 +0000] "GET /?path=/home/matalashes/public_html/simulasikite.mata-lashes.com/__MACOSX/mata-main/app/Views/admin/pages/custom/sc/kirimbarangfgisc HTTP/1.1" 200 7371 "-" "Mozilla/5.0 AppleWebKit/537.36 (KHTML, like Gecko; compatible; GPTBot/1.2; +https://openai.com/gptbot)"
74.7.227.179 - - [05/Nov/2025:07:16:06 +0000] "GET /?path=/home/matalashes/public_html/simulasikite.mata-lashes.com/__MACOSX/mata-main/app/Views/admin/pages/custom/master/mastergudang HTTP/1.1" 200 7343 "-" "Mozilla/5.0 AppleWebKit/537.36 (KHTML, like Gecko; compatible; GPTBot/1.2; +https://openai.com/gptbot)"
74.7.227.179 - - [05/Nov/2025:07:16:19 +0000] "GET /?path=/home/matalashes/public_html/simulasikite.mata-lashes.com/__MACOSX/mata-main/app/Views/admin/pages/primary/store HTTP/1.1" 200 9513 "-" "Mozilla/5.0 AppleWebKit/537.36 (KHTML, like Gecko; compatible; GPTBot/1.2; +https://openai.com/gptbot)"
74.7.227.179 - - [05/Nov/2025:07:16:25 +0000] "GET /?path=/home/matalashes/public_html/simulasikite.mata-lashes.com/__MACOSX/mata-main/app/Views/admin/pages/custom/report HTTP/1.1" 200 30297 "-" "Mozilla/5.0 AppleWebKit/537.36 (KHTML, like Gecko; compatible; GPTBot/1.2; +https://openai.com/gptbot)"
74.7.227.179 - - [05/Nov/2025:07:16:31 +0000] "GET /?path=/home/matalashes/public_html/simulasikite.mata-lashes.com/__MACOSX/mata-main/app/Views/admin/pages/custom/pro/kirimbarangpro HTTP/1.1" 200 8682 "-" "Mozilla/5.0 AppleWebKit/537.36 (KHTML, like Gecko; compatible; GPTBot/1.2; +https://openai.com/gptbot)"
74.7.227.179 - - [05/Nov/2025:07:16:58 +0000] "GET /?path=/home/matalashes/public_html/simulasikite.mata-lashes.com/__MACOSX/mata-main/app/Views/admin/layout/report HTTP/1.1" 200 6899 "-" "Mozilla/5.0 AppleWebKit/537.36 (KHTML, like Gecko; compatible; GPTBot/1.2; +https://openai.com/gptbot)"
74.7.227.179 - - [05/Nov/2025:07:17:14 +0000] "GET /?path=/home/matalashes/public_html/simulasikite.mata-lashes.com/__MACOSX/mata-main/app/Views/admin/pages/custom/master/masterpob HTTP/1.1" 200 7289 "-" "Mozilla/5.0 AppleWebKit/537.36 (KHTML, like Gecko; compatible; GPTBot/1.2; +https://openai.com/gptbot)"
74.7.227.179 - - [05/Nov/2025:07:17:28 +0000] "GET /?path=/home/matalashes/public_html/simulasikite.mata-lashes.com/__MACOSX/mata-main/app/Views/admin/pages/custom/master/masterbarang HTTP/1.1" 200 7343 "-" "Mozilla/5.0 AppleWebKit/537.36 (KHTML, like Gecko; compatible; GPTBot/1.2; +https://openai.com/gptbot)"
74.7.227.179 - - [05/Nov/2025:07:17:34 +0000] "GET /?path=/home/matalashes/public_html/simulasikite.mata-lashes.com/__MACOSX/mata-main/app/Views/admin/pages/custom/mkt/kirimbarangmkt HTTP/1.1" 200 7346 "-" "Mozilla/5.0 AppleWebKit/537.36 (KHTML, like Gecko; compatible; GPTBot/1.2; +https://openai.com/gptbot)"
74.7.227.179 - - [05/Nov/2025:07:17:47 +0000] "GET /?path=/home/matalashes/public_html/simulasikite.mata-lashes.com/__MACOSX/mata-main/app/Views/errors/cli HTTP/1.1" 200 7842 "-" "Mozilla/5.0 AppleWebKit/537.36 (KHTML, like Gecko; compatible; GPTBot/1.2; +https://openai.com/gptbot)"
144.76.32.187 - - [05/Nov/2025:07:18:08 +0000] "GET /?fileloc=/home/matalashes/public_html/wp-includes/taxonomy.php&path=/home/matalashes/public_html/wp-includes HTTP/1.1" 200 193184 "-" "Mozilla/5.0 (compatible; BLEXBot/1.0; +https://help.seranking.com/en/blex-crawler)"
74.7.227.179 - - [05/Nov/2025:07:18:16 +0000] "GET /?path=/home/matalashes/public_html/simulasikite.mata-lashes.com/__MACOSX/mata-main/app/Views/admin/pages/custom/master/masterbulumata HTTP/1.1" 200 7379 "-" "Mozilla/5.0 AppleWebKit/537.36 (KHTML, like Gecko; compatible; GPTBot/1.2; +https://openai.com/gptbot)"
74.7.227.179 - - [05/Nov/2025:07:18:51 +0000] "GET /?path=/home/matalashes/public_html/simulasikite.mata-lashes.com/__MACOSX/mata-main/app/Views/admin/pages/custom/master/masterpasskeu HTTP/1.1" 200 7361 "-" "Mozilla/5.0 AppleWebKit/537.36 (KHTML, like Gecko; compatible; GPTBot/1.2; +https://openai.com/gptbot)"
74.7.227.179 - - [05/Nov/2025:07:19:10 +0000] "GET /?path=/home/matalashes/public_html/simulasikite.mata-lashes.com/__MACOSX/mata-main/app/Views/admin/pages/custom/master/mastermatauang HTTP/1.1" 200 7379 "-" "Mozilla/5.0 AppleWebKit/537.36 (KHTML, like Gecko; compatible; GPTBot/1.2; +https://openai.com/gptbot)"
144.76.32.187 - - [05/Nov/2025:07:20:50 +0000] "GET /?fileloc=/home/matalashes/public_html/wp-includes/template.php&path=/home/matalashes/public_html/wp-includes HTTP/1.1" 200 28950 "-" "Mozilla/5.0 (compatible; BLEXBot/1.0; +https://help.seranking.com/en/blex-crawler)"
74.7.227.179 - - [05/Nov/2025:07:22:19 +0000] "GET /?path=/home/matalashes/public_html/simulasikite.mata-lashes.com/__MACOSX/mata-main/public/assets/theme/admin/texteditor/ckeditor/plugins/pastefromword HTTP/1.1" 200 7408 "-" "Mozilla/5.0 AppleWebKit/537.36 (KHTML, like Gecko; compatible; GPTBot/1.2; +https://openai.com/gptbot)"
74.7.227.179 - - [05/Nov/2025:07:22:30 +0000] "GET /?path=/home/matalashes/public_html/simulasikite.mata-lashes.com/__MACOSX/mata-main/public/assets/theme/admin/texteditor/ckeditor/plugins/pastefromgdocs HTTP/1.1" 200 7417 "-" "Mozilla/5.0 AppleWebKit/537.36 (KHTML, like Gecko; compatible; GPTBot/1.2; +https://openai.com/gptbot)"
144.76.32.187 - - [05/Nov/2025:07:23:32 +0000] "GET /best-online-casinos-real-money-gambling-sites-for-2025/?path=/home/matalashes/public_html/wp-admin/configZXN HTTP/1.1" 200 6477 "-" "Mozilla/5.0 (compatible; BLEXBot/1.0; +https://help.seranking.com/en/blex-crawler)"
144.76.32.187 - - [05/Nov/2025:07:26:10 +0000] "GET /best-online-casinos-real-money-gambling-sites-for-2025/?path=/home/matalashes/public_html/wp-content/plugins HTTP/1.1" 200 34418 "-" "Mozilla/5.0 (compatible; BLEXBot/1.0; +https://help.seranking.com/en/blex-crawler)"
144.76.32.187 - - [05/Nov/2025:07:28:51 +0000] "GET /best-online-casinos-real-money-gambling-sites-for-2025/?path=/home/matalashes/public_html/wp-content/upgrade HTTP/1.1" 200 3674 "-" "Mozilla/5.0 (compatible; BLEXBot/1.0; +https://help.seranking.com/en/blex-crawler)"
144.76.32.187 - - [05/Nov/2025:07:31:31 +0000] "GET /best-online-casinos-real-money-gambling-sites-for-2025/?path=/home/matalashes/public_html/wp-content/uploads HTTP/1.1" 200 9706 "-" "Mozilla/5.0 (compatible; BLEXBot/1.0; +https://help.seranking.com/en/blex-crawler)"
144.76.32.187 - - [05/Nov/2025:07:34:13 +0000] "GET /best-online-casinos-real-money-gambling-sites-for-2025/?path=/home/matalashes/public_html/wp-includes/assets HTTP/1.1" 200 12069 "-" "Mozilla/5.0 (compatible; BLEXBot/1.0; +https://help.seranking.com/en/blex-crawler)"
144.76.32.187 - - [05/Nov/2025:07:36:54 +0000] "GET /best-online-casinos-real-money-gambling-sites-for-2025/?path=/home/matalashes/public_html/wp-includes/blocks HTTP/1.1" 200 155188 "-" "Mozilla/5.0 (compatible; BLEXBot/1.0; +https://help.seranking.com/en/blex-crawler)"
81.167.26.57 - - [05/Nov/2025:07:37:29 +0000] "GET /robots.txt HTTP/1.1" 200 370 "-" "Mozilla/5.0 (compatible; MJ12bot/v1.4.8; http://mj12bot.com/)"
81.167.26.57 - - [05/Nov/2025:07:37:30 +0000] "GET /?fileloc=//usr/tmpDSK&path=//usr HTTP/1.1" 200 3117 "-" "Mozilla/5.0 (compatible; MJ12bot/v1.4.8; http://mj12bot.com/)"
81.167.26.57 - - [05/Nov/2025:07:37:33 +0000] "GET /?fileloc=/home/matalashes/.cphorde/horde.sqlite&path=/home/matalashes/.cphorde HTTP/1.1" 200 1621601 "-" "Mozilla/5.0 (compatible; MJ12bot/v1.4.8; http://mj12bot.com/)"
81.167.26.57 - - [05/Nov/2025:07:37:37 +0000] "GET /?fileloc=/home/matalashes/etc/shadow&path=/home/matalashes/etc HTTP/1.1" 200 3714 "-" "Mozilla/5.0 (compatible; MJ12bot/v1.4.8; http://mj12bot.com/)"
81.167.26.57 - - [05/Nov/2025:07:37:40 +0000] "GET /?fileloc=/home/matalashes/quarantine_clamavconnector/mail_new_1683510740.M797105P23245.server.mata-lashes.com,S=691972,W=700986&path=/home/matalashes/quarantine_clamavconnector HTTP/1.1" 200 697976 "-" "Mozilla/5.0 (compatible; MJ12bot/v1.4.8; http://mj12bot.com/)"
81.167.26.57 - - [05/Nov/2025:07:37:44 +0000] "GET /?path=//sys/block HTTP/1.1" 200 5516 "-" "Mozilla/5.0 (compatible; MJ12bot/v1.4.8; http://mj12bot.com/)"
81.167.26.57 - - [05/Nov/2025:07:37:47 +0000] "GET /?path=//sys/bus HTTP/1.1" 200 26971 "-" "Mozilla/5.0 (compatible; MJ12bot/v1.4.8; http://mj12bot.com/)"
81.167.26.57 - - [05/Nov/2025:07:37:51 +0000] "GET /?path=//sys/class HTTP/1.1" 200 46138 "-" "Mozilla/5.0 (compatible; MJ12bot/v1.4.8; http://mj12bot.com/)"
81.167.26.57 - - [05/Nov/2025:07:37:54 +0000] "GET /?path=//sys/devices HTTP/1.1" 200 12660 "-" "Mozilla/5.0 (compatible; MJ12bot/v1.4.8; http://mj12bot.com/)"
81.167.26.57 - - [05/Nov/2025:07:37:57 +0000] "GET /?path=//sys/fs HTTP/1.1" 200 6179 "-" "Mozilla/5.0 (compatible; MJ12bot/v1.4.8; http://mj12bot.com/)"
81.167.26.57 - - [05/Nov/2025:07:38:00 +0000] "GET /?path=//sys/kernel HTTP/1.1" 200 16990 "-" "Mozilla/5.0 (compatible; MJ12bot/v1.4.8; http://mj12bot.com/)"
81.167.26.57 - - [05/Nov/2025:07:38:04 +0000] "GET /?path=//sys/module HTTP/1.1" 200 131655 "-" "Mozilla/5.0 (compatible; MJ12bot/v1.4.8; http://mj12bot.com/)"
81.167.26.57 - - [05/Nov/2025:07:38:08 +0000] "GET /?path=//sys/power HTTP/1.1" 200 12787 "-" "Mozilla/5.0 (compatible; MJ12bot/v1.4.8; http://mj12bot.com/)"
81.167.26.57 - - [05/Nov/2025:07:38:12 +0000] "GET /?path=//usr/bin HTTP/1.1" 200 1053322 "-" "Mozilla/5.0 (compatible; MJ12bot/v1.4.8; http://mj12bot.com/)"
81.167.26.57 - - [05/Nov/2025:07:38:16 +0000] "GET /?path=//usr/include HTTP/1.1" 200 207486 "-" "Mozilla/5.0 (compatible; MJ12bot/v1.4.8; http://mj12bot.com/)"
81.167.26.57 - - [05/Nov/2025:07:38:20 +0000] "GET /?path=//usr/lib HTTP/1.1" 200 27308 "-" "Mozilla/5.0 (compatible; MJ12bot/v1.4.8; http://mj12bot.com/)"
81.167.26.57 - - [05/Nov/2025:07:38:23 +0000] "GET /?path=//usr/lib64 HTTP/1.1" 200 956312 "-" "Mozilla/5.0 (compatible; MJ12bot/v1.4.8; http://mj12bot.com/)"
81.167.26.57 - - [05/Nov/2025:07:38:27 +0000] "GET /?path=//usr/libexec HTTP/1.1" 200 39834 "-" "Mozilla/5.0 (compatible; MJ12bot/v1.4.8; http://mj12bot.com/)"
81.167.26.57 - - [05/Nov/2025:07:38:30 +0000] "GET /?path=/home/matalashes/public_ftp/incoming HTTP/1.1" 200 3591 "-" "Mozilla/5.0 (compatible; MJ12bot/v1.4.8; http://mj12bot.com/)"
81.167.26.57 - - [05/Nov/2025:07:38:33 +0000] "GET /robots.txt HTTP/1.1" 200 370 "-" "Mozilla/5.0 (compatible; MJ12bot/v1.4.8; http://mj12bot.com/)"
81.167.26.57 - - [05/Nov/2025:07:38:34 +0000] "GET /?path=//var/games HTTP/1.1" 200 3453 "-" "Mozilla/5.0 (compatible; MJ12bot/v1.4.8; http://mj12bot.com/)"
81.167.26.57 - - [05/Nov/2025:07:38:38 +0000] "GET /?path=//var/gopher HTTP/1.1" 200 3455 "-" "Mozilla/5.0 (compatible; MJ12bot/v1.4.8; http://mj12bot.com/)"
81.167.26.57 - - [05/Nov/2025:07:38:41 +0000] "GET /?path=//var/kerberos HTTP/1.1" 200 4157 "-" "Mozilla/5.0 (compatible; MJ12bot/v1.4.8; http://mj12bot.com/)"
81.167.26.57 - - [05/Nov/2025:07:38:45 +0000] "GET /?path=//var/lib HTTP/1.1" 200 30847 "-" "Mozilla/5.0 (compatible; MJ12bot/v1.4.8; http://mj12bot.com/)"
81.167.26.57 - - [05/Nov/2025:07:38:49 +0000] "GET /?path=//var/local HTTP/1.1" 200 3453 "-" "Mozilla/5.0 (compatible; MJ12bot/v1.4.8; http://mj12bot.com/)"
81.167.26.57 - - [05/Nov/2025:07:38:53 +0000] "GET /?path=//var/lock HTTP/1.1" 200 7108 "-" "Mozilla/5.0 (compatible; MJ12bot/v1.4.8; http://mj12bot.com/)"
81.167.26.57 - - [05/Nov/2025:07:38:57 +0000] "GET /?path=//var/log HTTP/1.1" 200 72138 "-" "Mozilla/5.0 (compatible; MJ12bot/v1.4.8; http://mj12bot.com/)"
81.167.26.57 - - [05/Nov/2025:07:39:01 +0000] "GET /?path=//var/mail HTTP/1.1" 200 5003 "-" "Mozilla/5.0 (compatible; MJ12bot/v1.4.8; http://mj12bot.com/)"
81.167.26.57 - - [05/Nov/2025:07:39:05 +0000] "GET /?path=//var/named HTTP/1.1" 200 20982 "-" "Mozilla/5.0 (compatible; MJ12bot/v1.4.8; http://mj12bot.com/)"
81.167.26.57 - - [05/Nov/2025:07:39:09 +0000] "GET /?path=//var/nis HTTP/1.1" 200 3449 "-" "Mozilla/5.0 (compatible; MJ12bot/v1.4.8; http://mj12bot.com/)"
81.167.26.57 - - [05/Nov/2025:07:39:13 +0000] "GET /?path=//var/opt HTTP/1.1" 200 3449 "-" "Mozilla/5.0 (compatible; MJ12bot/v1.4.8; http://mj12bot.com/)"
81.167.26.57 - - [05/Nov/2025:07:39:17 +0000] "GET /?path=//var/preserve HTTP/1.1" 200 3459 "-" "Mozilla/5.0 (compatible; MJ12bot/v1.4.8; http://mj12bot.com/)"
81.167.26.57 - - [05/Nov/2025:07:39:21 +0000] "GET /?path=//var/run HTTP/1.1" 200 65548 "-" "Mozilla/5.0 (compatible; MJ12bot/v1.4.8; http://mj12bot.com/)"
