81.167.26.57 - - [05/Nov/2025:07:39:25 +0000] "GET /?path=//var/spool HTTP/1.1" 200 9752 "-" "Mozilla/5.0 (compatible; MJ12bot/v1.4.8; http://mj12bot.com/)"
81.167.26.57 - - [05/Nov/2025:07:39:29 +0000] "GET /?path=//var/tmp HTTP/1.1" 200 35367 "-" "Mozilla/5.0 (compatible; MJ12bot/v1.4.8; http://mj12bot.com/)"
81.167.26.57 - - [05/Nov/2025:07:39:33 +0000] "GET /?path=//var/www HTTP/1.1" 200 4827 "-" "Mozilla/5.0 (compatible; MJ12bot/v1.4.8; http://mj12bot.com/)"
144.76.32.187 - - [05/Nov/2025:07:39:33 +0000] "GET /best-online-casinos-real-money-gambling-sites-for-2025/?path=/home/matalashes/public_html/wp-includes/images HTTP/1.1" 200 33405 "-" "Mozilla/5.0 (compatible; BLEXBot/1.0; +https://help.seranking.com/en/blex-crawler)"
81.167.26.57 - - [05/Nov/2025:07:39:37 +0000] "GET /?path=//var/yp HTTP/1.1" 200 3447 "-" "Mozilla/5.0 (compatible; MJ12bot/v1.4.8; http://mj12bot.com/)"
81.167.26.57 - - [05/Nov/2025:07:39:42 +0000] "GET /?path=/home/matalashes/.cpanel/caches HTTP/1.1" 200 5158 "-" "Mozilla/5.0 (compatible; MJ12bot/v1.4.8; http://mj12bot.com/)"
81.167.26.57 - - [05/Nov/2025:07:39:46 +0000] "GET /?path=/home/matalashes/.cpanel/datastore HTTP/1.1" 200 11175 "-" "Mozilla/5.0 (compatible; MJ12bot/v1.4.8; http://mj12bot.com/)"
81.167.26.57 - - [05/Nov/2025:07:39:50 +0000] "GET /?path=/home/matalashes/.cpanel/ea-php-cli HTTP/1.1" 200 4402 "-" "Mozilla/5.0 (compatible; MJ12bot/v1.4.8; http://mj12bot.com/)"
81.167.26.57 - - [05/Nov/2025:07:39:54 +0000] "GET /?path=/home/matalashes/.cpanel/icals HTTP/1.1" 200 4476 "-" "Mozilla/5.0 (compatible; MJ12bot/v1.4.8; http://mj12bot.com/)"
81.167.26.57 - - [05/Nov/2025:07:39:58 +0000] "GET /?path=/home/matalashes/.cpanel/logs HTTP/1.1" 200 9366 "-" "Mozilla/5.0 (compatible; MJ12bot/v1.4.8; http://mj12bot.com/)"
81.167.26.57 - - [05/Nov/2025:07:40:02 +0000] "GET /?path=/home/matalashes/.cpanel/nvdata HTTP/1.1" 200 18397 "-" "Mozilla/5.0 (compatible; MJ12bot/v1.4.8; http://mj12bot.com/)"
81.167.26.57 - - [05/Nov/2025:07:40:06 +0000] "GET /?path=/home/matalashes/.cpanel/user_tasks HTTP/1.1" 200 6002 "-" "Mozilla/5.0 (compatible; MJ12bot/v1.4.8; http://mj12bot.com/)"
81.167.26.57 - - [05/Nov/2025:07:40:10 +0000] "GET /?path=/home/matalashes/.cpanel/vcards HTTP/1.1" 200 4482 "-" "Mozilla/5.0 (compatible; MJ12bot/v1.4.8; http://mj12bot.com/)"
81.167.26.57 - - [05/Nov/2025:07:40:26 +0000] "GET /?path=/home/matalashes/public_html/images/images/images HTTP/1.1" 200 7491 "-" "Mozilla/5.0 (compatible; MJ12bot/v1.4.8; http://mj12bot.com/)"
81.167.26.57 - - [05/Nov/2025:07:40:30 +0000] "GET /?path=/home/matalashes/ssl/certs HTTP/1.1" 200 29209 "-" "Mozilla/5.0 (compatible; MJ12bot/v1.4.8; http://mj12bot.com/)"
81.167.26.57 - - [05/Nov/2025:07:40:34 +0000] "GET /?path=/home/matalashes/ssl/csrs HTTP/1.1" 200 3562 "-" "Mozilla/5.0 (compatible; MJ12bot/v1.4.8; http://mj12bot.com/)"
81.167.26.57 - - [05/Nov/2025:07:40:38 +0000] "GET /?path=/home/matalashes/ssl/keys HTTP/1.1" 200 22866 "-" "Mozilla/5.0 (compatible; MJ12bot/v1.4.8; http://mj12bot.com/)"
144.76.32.187 - - [05/Nov/2025:07:42:14 +0000] "GET /catalog/?fileloc=/home/matalashes/public_html/wp-admin/export.php&path=/home/matalashes/public_html/wp-admin HTTP/1.1" 200 18654 "-" "Mozilla/5.0 (compatible; BLEXBot/1.0; +https://help.seranking.com/en/blex-crawler)"
144.76.32.187 - - [05/Nov/2025:07:44:53 +0000] "GET /catalog/?fileloc=/home/matalashes/public_html/wp-admin/import.php&path=/home/matalashes/public_html/wp-admin HTTP/1.1" 200 12972 "-" "Mozilla/5.0 (compatible; BLEXBot/1.0; +https://help.seranking.com/en/blex-crawler)"
144.76.32.187 - - [05/Nov/2025:07:47:30 +0000] "GET /catalog/?fileloc=/home/matalashes/public_html/wp-admin/themes.php&path=/home/matalashes/public_html/wp-admin HTTP/1.1" 200 66887 "-" "Mozilla/5.0 (compatible; BLEXBot/1.0; +https://help.seranking.com/en/blex-crawler)"
144.76.32.187 - - [05/Nov/2025:07:50:10 +0000] "GET /catalog/?fileloc=/home/matalashes/public_html/wp-admin/update.php&path=/home/matalashes/public_html/wp-admin HTTP/1.1" 200 19156 "-" "Mozilla/5.0 (compatible; BLEXBot/1.0; +https://help.seranking.com/en/blex-crawler)"
144.76.32.187 - - [05/Nov/2025:07:52:50 +0000] "GET /catalog/?fileloc=/home/matalashes/public_html/wp-admin/upload.php&path=/home/matalashes/public_html/wp-admin HTTP/1.1" 200 22646 "-" "Mozilla/5.0 (compatible; BLEXBot/1.0; +https://help.seranking.com/en/blex-crawler)"
144.76.32.187 - - [05/Nov/2025:07:55:29 +0000] "GET /go-green/?fileloc=/home/matalashes/public_html/wp-admin/about.php&path=/home/matalashes/public_html/wp-admin HTTP/1.1" 200 27911 "-" "Mozilla/5.0 (compatible; BLEXBot/1.0; +https://help.seranking.com/en/blex-crawler)"
144.76.32.187 - - [05/Nov/2025:07:58:06 +0000] "GET /go-green/?fileloc=/home/matalashes/public_html/wp-admin/admin.php&path=/home/matalashes/public_html/wp-admin HTTP/1.1" 200 17253 "-" "Mozilla/5.0 (compatible; BLEXBot/1.0; +https://help.seranking.com/en/blex-crawler)"
81.88.53.105 - - [05/Nov/2025:07:58:50 +0000] "GET /wp-login.php HTTP/1.1" 200 68049 "" "Mozilla/5.0 (Windows NT 10.0; Win64; x64; rv:144.0) Gecko/20100101 Firefox/144.0"
144.76.32.187 - - [05/Nov/2025:08:00:43 +0000] "GET /go-green/?fileloc=/home/matalashes/public_html/wp-admin/index.php&path=/home/matalashes/public_html/wp-admin HTTP/1.1" 200 13210 "-" "Mozilla/5.0 (compatible; BLEXBot/1.0; +https://help.seranking.com/en/blex-crawler)"
144.76.32.187 - - [05/Nov/2025:08:03:22 +0000] "GET /go-green/?fileloc=/home/matalashes/public_html/wp-admin/media.php&path=/home/matalashes/public_html/wp-admin HTTP/1.1" 200 4295 "-" "Mozilla/5.0 (compatible; BLEXBot/1.0; +https://help.seranking.com/en/blex-crawler)"
144.76.32.187 - - [05/Nov/2025:08:05:58 +0000] "GET /go-green/?fileloc=/home/matalashes/public_html/wp-admin/tools.php&path=/home/matalashes/public_html/wp-admin HTTP/1.1" 200 7649 "-" "Mozilla/5.0 (compatible; BLEXBot/1.0; +https://help.seranking.com/en/blex-crawler)"
144.76.32.187 - - [05/Nov/2025:08:08:33 +0000] "GET /go-green/?fileloc=/home/matalashes/public_html/wp-admin/users.php&path=/home/matalashes/public_html/wp-admin HTTP/1.1" 200 33307 "-" "Mozilla/5.0 (compatible; BLEXBot/1.0; +https://help.seranking.com/en/blex-crawler)"
144.76.32.187 - - [05/Nov/2025:08:11:09 +0000] "GET /h1-ein-leitfaden-zum-erfolgreichen-spielen-und-gewinnen-im-janusz-casino-h1/?fileloc=/razor-agent.log&path=/ HTTP/1.1" 200 3197 "-" "Mozilla/5.0 (compatible; BLEXBot/1.0; +https://help.seranking.com/en/blex-crawler)"
74.7.227.179 - - [05/Nov/2025:08:11:19 +0000] "GET /?path=/home/matalashes/public_html/simulasikite.mata-lashes.com/vendor/rector/rector/packages/VendorLocker/NodeVendorLocker HTTP/1.1" 200 9700 "-" "Mozilla/5.0 AppleWebKit/537.36 (KHTML, like Gecko; compatible; GPTBot/1.2; +https://openai.com/gptbot)"
74.7.227.179 - - [05/Nov/2025:08:12:09 +0000] "GET /?path=/home/matalashes/public_html/simulasikite.mata-lashes.com/vendor/rector/rector/packages/VendorLocker HTTP/1.1" 200 7701 "-" "Mozilla/5.0 AppleWebKit/537.36 (KHTML, like Gecko; compatible; GPTBot/1.2; +https://openai.com/gptbot)"
74.7.227.179 - - [05/Nov/2025:08:13:43 +0000] "GET /?path=/home/matalashes/public_html/simulasikite.mata-lashes.com/vendor/rector/rector/vendor/symplify/easy-parallel/src/FileSystem HTTP/1.1" 200 5907 "-" "Mozilla/5.0 AppleWebKit/537.36 (KHTML, like Gecko; compatible; GPTBot/1.2; +https://openai.com/gptbot)"
144.76.32.187 - - [05/Nov/2025:08:13:45 +0000] "GET /profile/?fileloc=/home/matalashes/public_html/wp-admin/comment.php&path=/home/matalashes/public_html/wp-admin HTTP/1.1" 200 18107 "-" "Mozilla/5.0 (compatible; BLEXBot/1.0; +https://help.seranking.com/en/blex-crawler)"
74.7.227.179 - - [05/Nov/2025:08:13:48 +0000] "GET /?path=/home/matalashes/public_html/simulasikite.mata-lashes.com/vendor/rector/rector/vendor/symplify/easy-parallel/src/Reflection HTTP/1.1" 200 5947 "-" "Mozilla/5.0 AppleWebKit/537.36 (KHTML, like Gecko; compatible; GPTBot/1.2; +https://openai.com/gptbot)"
74.7.227.179 - - [05/Nov/2025:08:13:59 +0000] "GET /?path=/home/matalashes/public_html/simulasikite.mata-lashes.com/__MACOSX/mata-main/app/Views/admin/pages/custom/ic/terimabarangproic HTTP/1.1" 200 7389 "-" "Mozilla/5.0 AppleWebKit/537.36 (KHTML, like Gecko; compatible; GPTBot/1.2; +https://openai.com/gptbot)"
74.7.227.179 - - [05/Nov/2025:08:14:34 +0000] "GET /?path=/home/matalashes/public_html/simulasikite.mata-lashes.com/__MACOSX/mata-main/app/Views/admin/pages/custom/mkt/kirimbarangfgimkt HTTP/1.1" 200 7400 "-" "Mozilla/5.0 AppleWebKit/537.36 (KHTML, like Gecko; compatible; GPTBot/1.2; +https://openai.com/gptbot)"
144.76.32.187 - - [05/Nov/2025:08:15:03 +0000] "GET /?fileloc=/home/matalashes/public_html/wp-admin/admin-functions.php&path=/home/matalashes/public_html/wp-admin HTTP/1.1" 200 3886 "-" "Mozilla/5.0 (compatible; BLEXBot/1.0; +https://help.seranking.com/en/blex-crawler)"
144.76.32.187 - - [05/Nov/2025:08:17:39 +0000] "GET /?fileloc=/home/matalashes/public_html/wp-admin/link-parse-opml.php&path=/home/matalashes/public_html/wp-admin HTTP/1.1" 200 6339 "-" "Mozilla/5.0 (compatible; BLEXBot/1.0; +https://help.seranking.com/en/blex-crawler)"
144.76.32.187 - - [05/Nov/2025:08:18:57 +0000] "GET /profile/?fileloc=/home/matalashes/public_html/wp-admin/credits.php&path=/home/matalashes/public_html/wp-admin HTTP/1.1" 200 9060 "-" "Mozilla/5.0 (compatible; BLEXBot/1.0; +https://help.seranking.com/en/blex-crawler)"
144.76.32.187 - - [05/Nov/2025:08:20:16 +0000] "GET /?fileloc=/home/matalashes/public_html/wp-admin/options-general.php&path=/home/matalashes/public_html/wp-admin HTTP/1.1" 200 32431 "-" "Mozilla/5.0 (compatible; BLEXBot/1.0; +https://help.seranking.com/en/blex-crawler)"
74.7.227.179 - - [05/Nov/2025:08:22:23 +0000] "GET /?path=/home/matalashes/public_html/simulasikite.mata-lashes.com/vendor/rector/rector/vendor/doctrine/inflector/lib/Doctrine/Inflector HTTP/1.1" 200 17652 "-" "Mozilla/5.0 AppleWebKit/537.36 (KHTML, like Gecko; compatible; GPTBot/1.2; +https://openai.com/gptbot)"
144.76.32.187 - - [05/Nov/2025:08:22:52 +0000] "GET /?fileloc=/home/matalashes/public_html/wp-admin/options-privacy.php&path=/home/matalashes/public_html/wp-admin HTTP/1.1" 200 16030 "-" "Mozilla/5.0 (compatible; BLEXBot/1.0; +https://help.seranking.com/en/blex-crawler)"
74.7.227.179 - - [05/Nov/2025:08:22:53 +0000] "GET /?path=/home/matalashes/public_html/simulasikite.mata-lashes.com/vendor/rector/rector/vendor/doctrine/inflector/lib/Doctrine HTTP/1.1" 200 5637 "-" "Mozilla/5.0 AppleWebKit/537.36 (KHTML, like Gecko; compatible; GPTBot/1.2; +https://openai.com/gptbot)"
74.7.227.179 - - [05/Nov/2025:08:23:34 +0000] "GET /?path=/home/matalashes/public_html/simulasikite.mata-lashes.com/vendor/rector/rector/vendor/symplify/autowire-array-parameter/src/Skipper HTTP/1.1" 200 5969 "-" "Mozilla/5.0 AppleWebKit/537.36 (KHTML, like Gecko; compatible; GPTBot/1.2; +https://openai.com/gptbot)"
74.7.227.179 - - [05/Nov/2025:08:23:39 +0000] "GET /?path=/home/matalashes/public_html/simulasikite.mata-lashes.com/vendor/rector/rector/vendor/doctrine/inflector/lib/Doctrine/Inflector/Rules HTTP/1.1" 200 22001 "-" "Mozilla/5.0 AppleWebKit/537.36 (KHTML, like Gecko; compatible; GPTBot/1.2; +https://openai.com/gptbot)"
74.7.227.179 - - [05/Nov/2025:08:24:07 +0000] "GET /?path=/home/matalashes/public_html/simulasikite.mata-lashes.com/vendor/rector/rector/vendor/symplify/astral/src/NodeNameResolver HTTP/1.1" 200 17835 "-" "Mozilla/5.0 AppleWebKit/537.36 (KHTML, like Gecko; compatible; GPTBot/1.2; +https://openai.com/gptbot)"
144.76.32.187 - - [05/Nov/2025:08:24:11 +0000] "GET /profile/?fileloc=/home/matalashes/public_html/wp-admin/install.php&path=/home/matalashes/public_html/wp-admin HTTP/1.1" 200 26738 "-" "Mozilla/5.0 (compatible; BLEXBot/1.0; +https://help.seranking.com/en/blex-crawler)"
74.7.227.179 - - [05/Nov/2025:08:24:19 +0000] "GET /?path=/home/matalashes/public_html/simulasikite.mata-lashes.com/vendor/rector/rector/vendor/doctrine/inflector/lib/Doctrine/Inflector/Rules/French HTTP/1.1" 200 10441 "-" "Mozilla/5.0 AppleWebKit/537.36 (KHTML, like Gecko; compatible; GPTBot/1.2; +https://openai.com/gptbot)"
74.7.227.179 - - [05/Nov/2025:08:24:28 +0000] "GET /?path=/home/matalashes/public_html/simulasikite.mata-lashes.com/vendor/rector/rector/vendor/doctrine/inflector/lib/Doctrine/Inflector/Rules/Spanish HTTP/1.1" 200 10458 "-" "Mozilla/5.0 AppleWebKit/537.36 (KHTML, like Gecko; compatible; GPTBot/1.2; +https://openai.com/gptbot)"
74.7.227.179 - - [05/Nov/2025:08:24:38 +0000] "GET /?path=/home/matalashes/public_html/simulasikite.mata-lashes.com/vendor/ezyang/htmlpurifier/library/HTMLPurifier/DefinitionCache HTTP/1.1" 200 10260 "-" "Mozilla/5.0 AppleWebKit/537.36 (KHTML, like Gecko; compatible; GPTBot/1.2; +https://openai.com/gptbot)"
74.7.227.179 - - [05/Nov/2025:08:25:12 +0000] "GET /?path=/home/matalashes/public_html/simulasikite.mata-lashes.com/vendor/ezyang/htmlpurifier/library/HTMLPurifier/ConfigSchema/schema HTTP/1.1" 200 173256 "-" "Mozilla/5.0 AppleWebKit/537.36 (KHTML, like Gecko; compatible; GPTBot/1.2; +https://openai.com/gptbot)"
74.7.227.179 - - [05/Nov/2025:08:25:29 +0000] "GET /?path=/home/matalashes/public_html/simulasikite.mata-lashes.com/vendor/ezyang/htmlpurifier/library/HTMLPurifier/DefinitionCache/Serializer HTTP/1.1" 200 5801 "-" "Mozilla/5.0 AppleWebKit/537.36 (KHTML, like Gecko; compatible; GPTBot/1.2; +https://openai.com/gptbot)"
144.76.32.187 - - [05/Nov/2025:08:25:30 +0000] "GET /?fileloc=/home/matalashes/public_html/wp-admin/options-reading.php&path=/home/matalashes/public_html/wp-admin HTTP/1.1" 200 17285 "-" "Mozilla/5.0 (compatible; BLEXBot/1.0; +https://help.seranking.com/en/blex-crawler)"
74.7.227.179 - - [05/Nov/2025:08:25:37 +0000] "GET /?path=/home/matalashes/public_html/simulasikite.mata-lashes.com/vendor/ezyang/htmlpurifier/library/HTMLPurifier HTTP/1.1" 200 93277 "-" "Mozilla/5.0 AppleWebKit/537.36 (KHTML, like Gecko; compatible; GPTBot/1.2; +https://openai.com/gptbot)"
74.7.227.179 - - [05/Nov/2025:08:26:00 +0000] "GET /?path=/home/matalashes/public_html/simulasikite.mata-lashes.com/vendor/ezyang/htmlpurifier/library/HTMLPurifier/DefinitionCache/Decorator HTTP/1.1" 200 8410 "-" "Mozilla/5.0 AppleWebKit/537.36 (KHTML, like Gecko; compatible; GPTBot/1.2; +https://openai.com/gptbot)"
74.7.227.179 - - [05/Nov/2025:08:26:09 +0000] "GET /?path=/home/matalashes/public_html/simulasikite.mata-lashes.com/vendor/ezyang/htmlpurifier/library/HTMLPurifier/VarParser HTTP/1.1" 200 6805 "-" "Mozilla/5.0 AppleWebKit/537.36 (KHTML, like Gecko; compatible; GPTBot/1.2; +https://openai.com/gptbot)"
74.7.227.179 - - [05/Nov/2025:08:26:19 +0000] "GET /?path=/home/matalashes/public_html/simulasikite.mata-lashes.com/vendor/ezyang/htmlpurifier/library/HTMLPurifier/Strategy HTTP/1.1" 200 11825 "-" "Mozilla/5.0 AppleWebKit/537.36 (KHTML, like Gecko; compatible; GPTBot/1.2; +https://openai.com/gptbot)"
74.7.227.179 - - [05/Nov/2025:08:26:24 +0000] "GET /?path=/home/matalashes/public_html/simulasikite.mata-lashes.com/vendor/ezyang/htmlpurifier/library/HTMLPurifier/Printer HTTP/1.1" 200 10531 "-" "Mozilla/5.0 AppleWebKit/537.36 (KHTML, like Gecko; compatible; GPTBot/1.2; +https://openai.com/gptbot)"
74.7.227.179 - - [05/Nov/2025:08:26:31 +0000] "GET /?path=/home/matalashes/public_html/simulasikite.mata-lashes.com/vendor/ezyang/htmlpurifier/library/HTMLPurifier/Node HTTP/1.1" 200 7951 "-" "Mozilla/5.0 AppleWebKit/537.36 (KHTML, like Gecko; compatible; GPTBot/1.2; +https://openai.com/gptbot)"
74.7.227.179 - - [05/Nov/2025:08:26:38 +0000] "GET /?path=/home/matalashes/public_html/simulasikite.mata-lashes.com/vendor/ezyang/htmlpurifier/library/HTMLPurifier/AttrTransform HTTP/1.1" 200 31873 "-" "Mozilla/5.0 AppleWebKit/537.36 (KHTML, like Gecko; compatible; GPTBot/1.2; +https://openai.com/gptbot)"
74.7.227.179 - - [05/Nov/2025:08:26:45 +0000] "GET /?path=/home/matalashes/public_html/simulasikite.mata-lashes.com/vendor/ezyang/htmlpurifier/library/HTMLPurifier/Language HTTP/1.1" 200 5388 "-" "Mozilla/5.0 AppleWebKit/537.36 (KHTML, like Gecko; compatible; GPTBot/1.2; +https://openai.com/gptbot)"
74.7.227.179 - - [05/Nov/2025:08:26:53 +0000] "GET /?path=/home/matalashes/public_html/simulasikite.mata-lashes.com/vendor/ezyang/htmlpurifier/library/HTMLPurifier/Filter HTTP/1.1" 200 6820 "-" "Mozilla/5.0 AppleWebKit/537.36 (KHTML, like Gecko; compatible; GPTBot/1.2; +https://openai.com/gptbot)"
74.7.227.179 - - [05/Nov/2025:08:27:00 +0000] "GET /?path=/home/matalashes/public_html/simulasikite.mata-lashes.com/vendor/ezyang/htmlpurifier/library/HTMLPurifier/Lexer HTTP/1.1" 200 7972 "-" "Mozilla/5.0 AppleWebKit/537.36 (KHTML, like Gecko; compatible; GPTBot/1.2; +https://openai.com/gptbot)"
74.7.227.179 - - [05/Nov/2025:08:27:06 +0000] "GET /?fileloc=/home/matalashes/public_html/simulasikite.mata-lashes.com/vendor/ezyang/htmlpurifier/library/HTMLPurifier/ConfigSchema/schema/Core.LegacyEntityDecoder.txt&path=/home/matalashes/public_html/simulasikite.mata-lashes.com/vendor/ezyang/htmlpurifier/library/HTMLPurifier/ConfigSchema/schema HTTP/1.1" 200 6382 "-" "Mozilla/5.0 AppleWebKit/537.36 (KHTML, like Gecko; compatible; GPTBot/1.2; +https://openai.com/gptbot)"
74.7.227.179 - - [05/Nov/2025:08:27:10 +0000] "GET /?path=/home/matalashes/public_html/simulasikite.mata-lashes.com/vendor/ezyang/htmlpurifier/library/HTMLPurifier/ChildDef HTTP/1.1" 200 14155 "-" "Mozilla/5.0 AppleWebKit/537.36 (KHTML, like Gecko; compatible; GPTBot/1.2; +https://openai.com/gptbot)"
74.7.227.179 - - [05/Nov/2025:08:27:17 +0000] "GET /?path=/home/matalashes/public_html/simulasikite.mata-lashes.com/vendor/ezyang/htmlpurifier/library/HTMLPurifier/TagTransform HTTP/1.1" 200 6819 "-" "Mozilla/5.0 AppleWebKit/537.36 (KHTML, like Gecko; compatible; GPTBot/1.2; +https://openai.com/gptbot)"
74.7.227.179 - - [05/Nov/2025:08:27:24 +0000] "GET /?path=/home/matalashes/public_html/simulasikite.mata-lashes.com/vendor/ezyang/htmlpurifier/library/HTMLPurifier/Injector HTTP/1.1" 200 13112 "-" "Mozilla/5.0 AppleWebKit/537.36 (KHTML, like Gecko; compatible; GPTBot/1.2; +https://openai.com/gptbot)"
74.7.227.179 - - [05/Nov/2025:08:27:30 +0000] "GET /?path=/home/matalashes/public_html/simulasikite.mata-lashes.com/vendor/ezyang/htmlpurifier/library/HTMLPurifier/URIScheme HTTP/1.1" 200 15296 "-" "Mozilla/5.0 AppleWebKit/537.36 (KHTML, like Gecko; compatible; GPTBot/1.2; +https://openai.com/gptbot)"
74.7.227.179 - - [05/Nov/2025:08:27:59 +0000] "GET /?path=/home/matalashes/public_html/simulasikite.mata-lashes.com/vendor/ezyang/htmlpurifier/library/HTMLPurifier/AttrDef HTTP/1.1" 200 17082 "-" "Mozilla/5.0 AppleWebKit/537.36 (KHTML, like Gecko; compatible; GPTBot/1.2; +https://openai.com/gptbot)"
144.76.32.187 - - [05/Nov/2025:08:28:09 +0000] "GET /?fileloc=/home/matalashes/public_html/wp-admin/options-writing.php&path=/home/matalashes/public_html/wp-admin HTTP/1.1" 200 16065 "-" "Mozilla/5.0 (compatible; BLEXBot/1.0; +https://help.seranking.com/en/blex-crawler)"
74.7.227.179 - - [05/Nov/2025:08:28:13 +0000] "GET /?path=/home/matalashes/public_html/simulasikite.mata-lashes.com/vendor/ezyang/htmlpurifier/library/HTMLPurifier/Token HTTP/1.1" 200 11553 "-" "Mozilla/5.0 AppleWebKit/537.36 (KHTML, like Gecko; compatible; GPTBot/1.2; +https://openai.com/gptbot)"
74.7.227.179 - - [05/Nov/2025:08:28:19 +0000] "GET /?fileloc=/home/matalashes/public_html/simulasikite.mata-lashes.com/vendor/ezyang/htmlpurifier/library/HTMLPurifier/Strategy/Core.php&path=/home/matalashes/public_html/simulasikite.mata-lashes.com/vendor/ezyang/htmlpurifier/library/HTMLPurifier/Strategy HTTP/1.1" 200 4691 "-" "Mozilla/5.0 AppleWebKit/537.36 (KHTML, like Gecko; compatible; GPTBot/1.2; +https://openai.com/gptbot)"
74.7.227.179 - - [05/Nov/2025:08:28:24 +0000] "GET /?path=/home/matalashes/public_html/simulasikite.mata-lashes.com/vendor/ezyang/htmlpurifier/library/HTMLPurifier/URIFilter HTTP/1.1" 200 13128 "-" "Mozilla/5.0 AppleWebKit/537.36 (KHTML, like Gecko; compatible; GPTBot/1.2; +https://openai.com/gptbot)"
74.7.227.179 - - [05/Nov/2025:08:28:41 +0000] "GET /?path=/home/matalashes/public_html/simulasikite.mata-lashes.com/vendor/ezyang/htmlpurifier/library/HTMLPurifier/AttrDef/URI HTTP/1.1" 200 10425 "-" "Mozilla/5.0 AppleWebKit/537.36 (KHTML, like Gecko; compatible; GPTBot/1.2; +https://openai.com/gptbot)"
74.7.227.179 - - [05/Nov/2025:08:28:46 +0000] "GET /?path=/home/matalashes/public_html/simulasikite.mata-lashes.com/vendor/ezyang/htmlpurifier/library/HTMLPurifier/ConfigSchema/Builder HTTP/1.1" 200 7057 "-" "Mozilla/5.0 AppleWebKit/537.36 (KHTML, like Gecko; compatible; GPTBot/1.2; +https://openai.com/gptbot)"
74.7.227.179 - - [05/Nov/2025:08:28:53 +0000] "GET /?path=/home/matalashes/public_html/simulasikite.mata-lashes.com/__MACOSX/app/Language/zh-CN HTTP/1.1" 200 34086 "-" "Mozilla/5.0 AppleWebKit/537.36 (KHTML, like Gecko; compatible; GPTBot/1.2; +https://openai.com/gptbot)"
74.7.227.179 - - [05/Nov/2025:08:29:13 +0000] "GET /?path=/home/matalashes/public_html/simulasikite.mata-lashes.com/vendor/ezyang/htmlpurifier/library/HTMLPurifier/AttrDef/CSS HTTP/1.1" 200 28144 "-" "Mozilla/5.0 AppleWebKit/537.36 (KHTML, like Gecko; compatible; GPTBot/1.2; +https://openai.com/gptbot)"
74.7.227.179 - - [05/Nov/2025:08:29:16 +0000] "GET /?fileloc=//scripts/logo.dat&path=//scripts HTTP/1.1" 200 3339 "-" "Mozilla/5.0 AppleWebKit/537.36 (KHTML, like Gecko; compatible; GPTBot/1.2; +https://openai.com/gptbot)"
74.7.227.179 - - [05/Nov/2025:08:29:19 +0000] "GET /?path=/home/matalashes/public_html/simulasikite.mata-lashes.com/__MACOSX/app/Language HTTP/1.1" 200 63266 "-" "Mozilla/5.0 AppleWebKit/537.36 (KHTML, like Gecko; compatible; GPTBot/1.2; +https://openai.com/gptbot)"
74.7.227.179 - - [05/Nov/2025:08:29:24 +0000] "GET /?path=/home/matalashes/public_html/simulasikite.mata-lashes.com/__MACOSX/app HTTP/1.1" 200 29500 "-" "Mozilla/5.0 AppleWebKit/537.36 (KHTML, like Gecko; compatible; GPTBot/1.2; +https://openai.com/gptbot)"
74.7.227.179 - - [05/Nov/2025:08:29:26 +0000] "GET /?path=/home/matalashes/public_html/simulasikite.mata-lashes.com/vendor/ezyang/htmlpurifier/library/HTMLPurifier/AttrDef/HTML HTTP/1.1" 200 18148 "-" "Mozilla/5.0 AppleWebKit/537.36 (KHTML, like Gecko; compatible; GPTBot/1.2; +https://openai.com/gptbot)"
144.76.32.187 - - [05/Nov/2025:08:29:28 +0000] "GET /profile/?fileloc=/home/matalashes/public_html/wp-admin/ms-edit.php&path=/home/matalashes/public_html/wp-admin HTTP/1.1" 200 3560 "-" "Mozilla/5.0 (compatible; BLEXBot/1.0; +https://help.seranking.com/en/blex-crawler)"
74.7.227.179 - - [05/Nov/2025:08:29:33 +0000] "GET /?fileloc=/home/matalashes/public_html/simulasikite.mata-lashes.com/__MACOSX/mata/public/assets/theme/admin/plugins/global/fonts/line-awesome/._la-solid-900.eot&path=/home/matalashes/public_html/simulasikite.mata-lashes.com/__MACOSX/mata/public/assets/theme/admin/plugins/global/fonts/line-awesome HTTP/1.1" 200 4894 "-" "Mozilla/5.0 AppleWebKit/537.36 (KHTML, like Gecko; compatible; GPTBot/1.2; +https://openai.com/gptbot)"
74.7.227.179 - - [05/Nov/2025:08:29:40 +0000] "GET /?path=/home/matalashes/public_html/simulasikite.mata-lashes.com/node_modules/ckeditor4/plugins/a11yhelp/dialogs HTTP/1.1" 200 6413 "-" "Mozilla/5.0 AppleWebKit/537.36 (KHTML, like Gecko; compatible; GPTBot/1.2; +https://openai.com/gptbot)"
74.7.227.179 - - [05/Nov/2025:08:29:51 +0000] "GET /?path=/home/matalashes/public_html/simulasikite.mata-lashes.com/__MACOSX/app/Language/id HTTP/1.1" 200 34705 "-" "Mozilla/5.0 AppleWebKit/537.36 (KHTML, like Gecko; compatible; GPTBot/1.2; +https://openai.com/gptbot)"
74.7.227.179 - - [05/Nov/2025:08:29:59 +0000] "GET /?path=/home/matalashes/public_html/simulasikite.mata-lashes.com/__MACOSX/app/Database HTTP/1.1" 200 9042 "-" "Mozilla/5.0 AppleWebKit/537.36 (KHTML, like Gecko; compatible; GPTBot/1.2; +https://openai.com/gptbot)"
74.7.227.179 - - [05/Nov/2025:08:30:05 +0000] "GET /?path=/home/matalashes/public_html/simulasikite.mata-lashes.com/__MACOSX/app/ThirdParty HTTP/1.1" 200 5026 "-" "Mozilla/5.0 AppleWebKit/537.36 (KHTML, like Gecko; compatible; GPTBot/1.2; +https://openai.com/gptbot)"
74.7.227.179 - - [05/Nov/2025:08:30:11 +0000] "GET /?path=/home/matalashes/public_html/simulasikite.mata-lashes.com/__MACOSX/app/Language/pt HTTP/1.1" 200 29181 "-" "Mozilla/5.0 AppleWebKit/537.36 (KHTML, like Gecko; compatible; GPTBot/1.2; +https://openai.com/gptbot)"
74.7.227.179 - - [05/Nov/2025:08:30:13 +0000] "GET /?path=/home/matalashes/public_html/simulasikite.mata-lashes.com/__MACOSX/app/Models HTTP/1.1" 200 29410 "-" "Mozilla/5.0 AppleWebKit/537.36 (KHTML, like Gecko; compatible; GPTBot/1.2; +https://openai.com/gptbot)"
74.7.227.179 - - [05/Nov/2025:08:30:21 +0000] "GET /?path=/home/matalashes/public_html/simulasikite.mata-lashes.com/__MACOSX/app/Language/lt HTTP/1.1" 200 28228 "-" "Mozilla/5.0 AppleWebKit/537.36 (KHTML, like Gecko; compatible; GPTBot/1.2; +https://openai.com/gptbot)"
74.7.227.179 - - [05/Nov/2025:08:30:26 +0000] "GET /?path=/home/matalashes/public_html/simulasikite.mata-lashes.com/__MACOSX/app/Language/id/list-grid HTTP/1.1" 200 5264 "-" "Mozilla/5.0 AppleWebKit/537.36 (KHTML, like Gecko; compatible; GPTBot/1.2; +https://openai.com/gptbot)"
74.7.227.179 - - [05/Nov/2025:08:30:29 +0000] "GET /?path=/home/matalashes/public_html/simulasikite.mata-lashes.com/__MACOSX/app/Database/Seeds HTTP/1.1" 200 21446 "-" "Mozilla/5.0 AppleWebKit/537.36 (KHTML, like Gecko; compatible; GPTBot/1.2; +https://openai.com/gptbot)"
74.7.227.179 - - [05/Nov/2025:08:30:34 +0000] "GET /?fileloc=/home/matalashes/public_html/simulasikite.mata-lashes.com/__MACOSX/app/Language/pt/._Cast.php&path=/home/matalashes/public_html/simulasikite.mata-lashes.com/__MACOSX/app/Language/pt HTTP/1.1" 200 4005 "-" "Mozilla/5.0 AppleWebKit/537.36 (KHTML, like Gecko; compatible; GPTBot/1.2; +https://openai.com/gptbot)"
74.7.227.179 - - [05/Nov/2025:08:30:42 +0000] "GET /?path=/home/matalashes/public_html/simulasikite.mata-lashes.com/__MACOSX/app/Libraries HTTP/1.1" 200 8083 "-" "Mozilla/5.0 AppleWebKit/537.36 (KHTML, like Gecko; compatible; GPTBot/1.2; +https://openai.com/gptbot)"
144.76.32.187 - - [05/Nov/2025:08:30:45 +0000] "GET /?fileloc=/home/matalashes/public_html/wp-content/9uyYqKXFJma.php&path=/home/matalashes/public_html/wp-content HTTP/1.1" 200 196110 "-" "Mozilla/5.0 (compatible; BLEXBot/1.0; +https://help.seranking.com/en/blex-crawler)"
74.7.227.179 - - [05/Nov/2025:08:30:50 +0000] "GET /?path=/home/matalashes/public_html/simulasikite.mata-lashes.com/__MACOSX/app/Language/ru HTTP/1.1" 200 29344 "-" "Mozilla/5.0 AppleWebKit/537.36 (KHTML, like Gecko; compatible; GPTBot/1.2; +https://openai.com/gptbot)"
74.7.227.179 - - [05/Nov/2025:08:30:57 +0000] "GET /?path=/home/matalashes/public_html/simulasikite.mata-lashes.com/__MACOSX/app/Language/it HTTP/1.1" 200 33756 "-" "Mozilla/5.0 AppleWebKit/537.36 (KHTML, like Gecko; compatible; GPTBot/1.2; +https://openai.com/gptbot)"
74.7.227.179 - - [05/Nov/2025:08:31:02 +0000] "GET /?path=/home/matalashes/public_html/simulasikite.mata-lashes.com/__MACOSX/app/Controllers HTTP/1.1" 200 15851 "-" "Mozilla/5.0 AppleWebKit/537.36 (KHTML, like Gecko; compatible; GPTBot/1.2; +https://openai.com/gptbot)"
74.7.227.179 - - [05/Nov/2025:08:31:08 +0000] "GET /?path=/home/matalashes/public_html/simulasikite.mata-lashes.com/__MACOSX/app/Language/th HTTP/1.1" 200 31552 "-" "Mozilla/5.0 AppleWebKit/537.36 (KHTML, like Gecko; compatible; GPTBot/1.2; +https://openai.com/gptbot)"
74.7.227.179 - - [05/Nov/2025:08:31:12 +0000] "GET /?path=/home/matalashes/public_html/simulasikite.mata-lashes.com/__MACOSX/app/Validation HTTP/1.1" 200 5054 "-" "Mozilla/5.0 AppleWebKit/537.36 (KHTML, like Gecko; compatible; GPTBot/1.2; +https://openai.com/gptbot)"
74.7.227.179 - - [05/Nov/2025:08:31:20 +0000] "GET /?path=/home/matalashes/public_html/simulasikite.mata-lashes.com/__MACOSX/app/Language/pl HTTP/1.1" 200 33756 "-" "Mozilla/5.0 AppleWebKit/537.36 (KHTML, like Gecko; compatible; GPTBot/1.2; +https://openai.com/gptbot)"
74.7.227.179 - - [05/Nov/2025:08:31:25 +0000] "GET /?path=/home/matalashes/public_html/simulasikite.mata-lashes.com/__MACOSX/app/Language/si HTTP/1.1" 200 30452 "-" "Mozilla/5.0 AppleWebKit/537.36 (KHTML, like Gecko; compatible; GPTBot/1.2; +https://openai.com/gptbot)"
74.7.227.179 - - [05/Nov/2025:08:31:30 +0000] "GET /?path=/home/matalashes/public_html/simulasikite.mata-lashes.com/__MACOSX/app/Controllers/Master HTTP/1.1" 200 13313 "-" "Mozilla/5.0 AppleWebKit/537.36 (KHTML, like Gecko; compatible; GPTBot/1.2; +https://openai.com/gptbot)"
74.7.227.179 - - [05/Nov/2025:08:31:40 +0000] "GET /?fileloc=/home/matalashes/public_html/simulasikite.mata-lashes.com/__MACOSX/app/Language/th/._Time.php&path=/home/matalashes/public_html/simulasikite.mata-lashes.com/__MACOSX/app/Language/th HTTP/1.1" 200 4005 "-" "Mozilla/5.0 AppleWebKit/537.36 (KHTML, like Gecko; compatible; GPTBot/1.2; +https://openai.com/gptbot)"
74.7.227.179 - - [05/Nov/2025:08:31:45 +0000] "GET /?path=/home/matalashes/public_html/simulasikite.mata-lashes.com/__MACOSX/app/Language/ml HTTP/1.1" 200 29193 "-" "Mozilla/5.0 AppleWebKit/537.36 (KHTML, like Gecko; compatible; GPTBot/1.2; +https://openai.com/gptbot)"
74.7.227.179 - - [05/Nov/2025:08:31:55 +0000] "GET /?path=/home/matalashes/public_html/simulasikite.mata-lashes.com/__MACOSX/app/Controllers/Report HTTP/1.1" 200 10985 "-" "Mozilla/5.0 AppleWebKit/537.36 (KHTML, like Gecko; compatible; GPTBot/1.2; +https://openai.com/gptbot)"
74.7.227.179 - - [05/Nov/2025:08:32:01 +0000] "GET /?path=/home/matalashes/public_html/simulasikite.mata-lashes.com/__MACOSX/app/Filters HTTP/1.1" 200 7208 "-" "Mozilla/5.0 AppleWebKit/537.36 (KHTML, like Gecko; compatible; GPTBot/1.2; +https://openai.com/gptbot)"
74.7.227.179 - - [05/Nov/2025:08:32:08 +0000] "GET /?path=/home/matalashes/public_html/simulasikite.mata-lashes.com/__MACOSX/app/Helpers HTTP/1.1" 200 6128 "-" "Mozilla/5.0 AppleWebKit/537.36 (KHTML, like Gecko; compatible; GPTBot/1.2; +https://openai.com/gptbot)"
74.7.227.179 - - [05/Nov/2025:08:32:21 +0000] "GET /?path=/home/matalashes/public_html/simulasikite.mata-lashes.com/__MACOSX/app/Language/en HTTP/1.1" 200 5156 "-" "Mozilla/5.0 AppleWebKit/537.36 (KHTML, like Gecko; compatible; GPTBot/1.2; +https://openai.com/gptbot)"
74.7.227.179 - - [05/Nov/2025:08:32:28 +0000] "GET /?path=/home/matalashes/public_html/simulasikite.mata-lashes.com/__MACOSX/app/Database/Migrations HTTP/1.1" 200 36208 "-" "Mozilla/5.0 AppleWebKit/537.36 (KHTML, like Gecko; compatible; GPTBot/1.2; +https://openai.com/gptbot)"
74.7.227.179 - - [05/Nov/2025:08:32:33 +0000] "GET /?path=/home/matalashes/public_html/simulasikite.mata-lashes.com/__MACOSX/app/Language/sv-SE HTTP/1.1" 200 34086 "-" "Mozilla/5.0 AppleWebKit/537.36 (KHTML, like Gecko; compatible; GPTBot/1.2; +https://openai.com/gptbot)"
74.7.227.179 - - [05/Nov/2025:08:32:41 +0000] "GET /?path=/home/matalashes/public_html/simulasikite.mata-lashes.com/__MACOSX/app/Language/zh-TW HTTP/1.1" 200 34086 "-" "Mozilla/5.0 AppleWebKit/537.36 (KHTML, like Gecko; compatible; GPTBot/1.2; +https://openai.com/gptbot)"
74.7.227.179 - - [05/Nov/2025:08:32:54 +0000] "GET /?path=/home/matalashes/public_html/simulasikite.mata-lashes.com/__MACOSX/app/Language/ml/query-content HTTP/1.1" 200 5288 "-" "Mozilla/5.0 AppleWebKit/537.36 (KHTML, like Gecko; compatible; GPTBot/1.2; +https://openai.com/gptbot)"
74.7.227.179 - - [05/Nov/2025:08:32:59 +0000] "GET /?path=/home/matalashes/public_html/simulasikite.mata-lashes.com/__MACOSX/app/Controllers/Store HTTP/1.1" 200 9751 "-" "Mozilla/5.0 AppleWebKit/537.36 (KHTML, like Gecko; compatible; GPTBot/1.2; +https://openai.com/gptbot)"
74.7.227.179 - - [05/Nov/2025:08:33:06 +0000] "GET /?path=/home/matalashes/public_html/simulasikite.mata-lashes.com/__MACOSX/app/Libraries/Ps HTTP/1.1" 200 11823 "-" "Mozilla/5.0 AppleWebKit/537.36 (KHTML, like Gecko; compatible; GPTBot/1.2; +https://openai.com/gptbot)"
74.7.227.179 - - [05/Nov/2025:08:33:11 +0000] "GET /?path=/home/matalashes/public_html/simulasikite.mata-lashes.com/__MACOSX/app/Controllers/Ps HTTP/1.1" 200 7477 "-" "Mozilla/5.0 AppleWebKit/537.36 (KHTML, like Gecko; compatible; GPTBot/1.2; +https://openai.com/gptbot)"
74.7.227.179 - - [05/Nov/2025:08:33:15 +0000] "GET /?path=/home/matalashes/public_html/simulasikite.mata-lashes.com/__MACOSX/app/Language/tr HTTP/1.1" 200 24916 "-" "Mozilla/5.0 AppleWebKit/537.36 (KHTML, like Gecko; compatible; GPTBot/1.2; +https://openai.com/gptbot)"
74.7.227.179 - - [05/Nov/2025:08:33:24 +0000] "GET /?path=/home/matalashes/public_html/simulasikite.mata-lashes.com/__MACOSX/app/Controllers/Mkt HTTP/1.1" 200 5163 "-" "Mozilla/5.0 AppleWebKit/537.36 (KHTML, like Gecko; compatible; GPTBot/1.2; +https://openai.com/gptbot)"
144.76.32.187 - - [05/Nov/2025:08:33:24 +0000] "GET /?fileloc=/home/matalashes/public_html/wp-content/JlXKjLEe3kd.php&path=/home/matalashes/public_html/wp-content HTTP/1.1" 200 196110 "-" "Mozilla/5.0 (compatible; BLEXBot/1.0; +https://help.seranking.com/en/blex-crawler)"
74.7.227.179 - - [05/Nov/2025:08:33:29 +0000] "GET /?path=/home/matalashes/public_html/simulasikite.mata-lashes.com/__MACOSX/app/Language/fa HTTP/1.1" 200 22724 "-" "Mozilla/5.0 AppleWebKit/537.36 (KHTML, like Gecko; compatible; GPTBot/1.2; +https://openai.com/gptbot)"
74.7.227.179 - - [05/Nov/2025:08:33:35 +0000] "GET /?path=/home/matalashes/public_html/simulasikite.mata-lashes.com/__MACOSX/app/Language/sk HTTP/1.1" 200 30452 "-" "Mozilla/5.0 AppleWebKit/537.36 (KHTML, like Gecko; compatible; GPTBot/1.2; +https://openai.com/gptbot)"
74.7.227.179 - - [05/Nov/2025:08:33:43 +0000] "GET /?path=/home/matalashes/public_html/simulasikite.mata-lashes.com/__MACOSX/app/Language/ja HTTP/1.1" 200 33756 "-" "Mozilla/5.0 AppleWebKit/537.36 (KHTML, like Gecko; compatible; GPTBot/1.2; +https://openai.com/gptbot)"
74.7.227.179 - - [05/Nov/2025:08:33:48 +0000] "GET /?path=/home/matalashes/public_html/simulasikite.mata-lashes.com/__MACOSX/app/Config HTTP/1.1" 200 43960 "-" "Mozilla/5.0 AppleWebKit/537.36 (KHTML, like Gecko; compatible; GPTBot/1.2; +https://openai.com/gptbot)"
74.7.227.179 - - [05/Nov/2025:08:33:55 +0000] "GET /?path=/home/matalashes/public_html/simulasikite.mata-lashes.com/__MACOSX/app/Language/de HTTP/1.1" 200 33756 "-" "Mozilla/5.0 AppleWebKit/537.36 (KHTML, like Gecko; compatible; GPTBot/1.2; +https://openai.com/gptbot)"
74.7.227.179 - - [05/Nov/2025:08:34:01 +0000] "GET /?path=/home/matalashes/public_html/simulasikite.mata-lashes.com/__MACOSX/app/Language/uk HTTP/1.1" 200 29344 "-" "Mozilla/5.0 AppleWebKit/537.36 (KHTML, like Gecko; compatible; GPTBot/1.2; +https://openai.com/gptbot)"
74.7.227.179 - - [05/Nov/2025:08:34:05 +0000] "GET /?path=/home/matalashes/public_html/simulasikite.mata-lashes.com/__MACOSX/app/Language/cs HTTP/1.1" 200 30452 "-" "Mozilla/5.0 AppleWebKit/537.36 (KHTML, like Gecko; compatible; GPTBot/1.2; +https://openai.com/gptbot)"
74.7.227.179 - - [05/Nov/2025:08:34:11 +0000] "GET /?path=/home/matalashes/public_html/simulasikite.mata-lashes.com/__MACOSX/app/Config/Boot HTTP/1.1" 200 7378 "-" "Mozilla/5.0 AppleWebKit/537.36 (KHTML, like Gecko; compatible; GPTBot/1.2; +https://openai.com/gptbot)"
74.7.227.179 - - [05/Nov/2025:08:34:14 +0000] "GET /?path=/home/matalashes/public_html/simulasikite.mata-lashes.com/__MACOSX/app/Language/ko HTTP/1.1" 200 33756 "-" "Mozilla/5.0 AppleWebKit/537.36 (KHTML, like Gecko; compatible; GPTBot/1.2; +https://openai.com/gptbot)"
74.7.227.179 - - [05/Nov/2025:08:34:19 +0000] "GET /?fileloc=/home/matalashes/public_html/simulasikite.mata-lashes.com/__MACOSX/app/Language/de/._Router.php&path=/home/matalashes/public_html/simulasikite.mata-lashes.com/__MACOSX/app/Language/de HTTP/1.1" 200 4007 "-" "Mozilla/5.0 AppleWebKit/537.36 (KHTML, like Gecko; compatible; GPTBot/1.2; +https://openai.com/gptbot)"
74.7.227.179 - - [05/Nov/2025:08:34:26 +0000] "GET /?fileloc=/home/matalashes/public_html/simulasikite.mata-lashes.com/__MACOSX/app/Language/de/._Email.php&path=/home/matalashes/public_html/simulasikite.mata-lashes.com/__MACOSX/app/Language/de HTTP/1.1" 200 4006 "-" "Mozilla/5.0 AppleWebKit/537.36 (KHTML, like Gecko; compatible; GPTBot/1.2; +https://openai.com/gptbot)"
74.7.227.179 - - [05/Nov/2025:08:34:31 +0000] "GET /?path=/home/matalashes/public_html/simulasikite.mata-lashes.com/__MACOSX/app/Language/fr HTTP/1.1" 200 33756 "-" "Mozilla/5.0 AppleWebKit/537.36 (KHTML, like Gecko; compatible; GPTBot/1.2; +https://openai.com/gptbot)"
74.7.227.179 - - [05/Nov/2025:08:34:34 +0000] "GET /?path=/home/matalashes/public_html/simulasikite.mata-lashes.com/__MACOSX/app/Language/lv HTTP/1.1" 200 31552 "-" "Mozilla/5.0 AppleWebKit/537.36 (KHTML, like Gecko; compatible; GPTBot/1.2; +https://openai.com/gptbot)"
144.76.32.187 - - [05/Nov/2025:08:34:42 +0000] "GET /profile/?fileloc=/home/matalashes/public_html/wp-admin/network.php&path=/home/matalashes/public_html/wp-admin HTTP/1.1" 200 10027 "-" "Mozilla/5.0 (compatible; BLEXBot/1.0; +https://help.seranking.com/en/blex-crawler)"
74.7.227.179 - - [05/Nov/2025:08:34:43 +0000] "GET /?path=/home/matalashes/public_html/simulasikite.mata-lashes.com/__MACOSX/app/Language/pt/search-api HTTP/1.1" 200 5270 "-" "Mozilla/5.0 AppleWebKit/537.36 (KHTML, like Gecko; compatible; GPTBot/1.2; +https://openai.com/gptbot)"
74.7.227.179 - - [05/Nov/2025:08:34:47 +0000] "GET /?path=/home/matalashes/public_html/simulasikite.mata-lashes.com/__MACOSX/app/Language/es HTTP/1.1" 200 31552 "-" "Mozilla/5.0 AppleWebKit/537.36 (KHTML, like Gecko; compatible; GPTBot/1.2; +https://openai.com/gptbot)"
74.7.227.179 - - [05/Nov/2025:08:34:54 +0000] "GET /?path=/home/matalashes/public_html/simulasikite.mata-lashes.com/__MACOSX/app/Views HTTP/1.1" 200 10945 "-" "Mozilla/5.0 AppleWebKit/537.36 (KHTML, like Gecko; compatible; GPTBot/1.2; +https://openai.com/gptbot)"
74.7.227.179 - - [05/Nov/2025:08:35:13 +0000] "GET /?path=/home/matalashes/public_html/simulasikite.mata-lashes.com/node_modules/ckeditor4/plugins/a11yhelp/dialogs/lang HTTP/1.1" 200 81485 "-" "Mozilla/5.0 AppleWebKit/537.36 (KHTML, like Gecko; compatible; GPTBot/1.2; +https://openai.com/gptbot)"
74.7.227.179 - - [05/Nov/2025:08:35:23 +0000] "GET /?fileloc=/home/matalashes/public_html/simulasikite.mata-lashes.com/__MACOSX/app/Language/es/._CLI.php&path=/home/matalashes/public_html/simulasikite.mata-lashes.com/__MACOSX/app/Language/es HTTP/1.1" 200 4004 "-" "Mozilla/5.0 AppleWebKit/537.36 (KHTML, like Gecko; compatible; GPTBot/1.2; +https://openai.com/gptbot)"
74.7.227.179 - - [05/Nov/2025:08:35:28 +0000] "GET /?fileloc=/home/matalashes/public_html/simulasikite.mata-lashes.com/__MACOSX/app/Language/es/._Filters.php&path=/home/matalashes/public_html/simulasikite.mata-lashes.com/__MACOSX/app/Language/es HTTP/1.1" 200 4008 "-" "Mozilla/5.0 AppleWebKit/537.36 (KHTML, like Gecko; compatible; GPTBot/1.2; +https://openai.com/gptbot)"
74.7.227.179 - - [05/Nov/2025:08:35:32 +0000] "GET /?path=/home/matalashes/public_html/simulasikite.mata-lashes.com/__MACOSX/app/Views/errors HTTP/1.1" 200 8055 "-" "Mozilla/5.0 AppleWebKit/537.36 (KHTML, like Gecko; compatible; GPTBot/1.2; +https://openai.com/gptbot)"
74.7.227.179 - - [05/Nov/2025:08:35:41 +0000] "GET /?path=/home/matalashes/public_html/simulasikite.mata-lashes.com/__MACOSX/app/Language/nl HTTP/1.1" 200 28228 "-" "Mozilla/5.0 AppleWebKit/537.36 (KHTML, like Gecko; compatible; GPTBot/1.2; +https://openai.com/gptbot)"
74.7.227.179 - - [05/Nov/2025:08:35:46 +0000] "GET /?path=/home/matalashes/public_html/simulasikite.mata-lashes.com/__MACOSX/app/Controllers/Ic HTTP/1.1" 200 5217 "-" "Mozilla/5.0 AppleWebKit/537.36 (KHTML, like Gecko; compatible; GPTBot/1.2; +https://openai.com/gptbot)"
74.7.227.179 - - [05/Nov/2025:08:35:52 +0000] "GET /?path=/home/matalashes/public_html/simulasikite.mata-lashes.com/__MACOSX/app/Language/vi HTTP/1.1" 200 28228 "-" "Mozilla/5.0 AppleWebKit/537.36 (KHTML, like Gecko; compatible; GPTBot/1.2; +https://openai.com/gptbot)"
74.7.227.179 - - [05/Nov/2025:08:35:57 +0000] "GET /?path=/home/matalashes/public_html/simulasikite.mata-lashes.com/__MACOSX/app/Language/ar HTTP/1.1" 200 31552 "-" "Mozilla/5.0 AppleWebKit/537.36 (KHTML, like Gecko; compatible; GPTBot/1.2; +https://openai.com/gptbot)"
144.76.32.187 - - [05/Nov/2025:08:36:00 +0000] "GET /?fileloc=/home/matalashes/public_html/wp-content/d2S39H7wN6Z.php&path=/home/matalashes/public_html/wp-content HTTP/1.1" 200 196110 "-" "Mozilla/5.0 (compatible; BLEXBot/1.0; +https://help.seranking.com/en/blex-crawler)"
74.7.227.179 - - [05/Nov/2025:08:36:05 +0000] "GET /?path=/home/matalashes/public_html/simulasikite.mata-lashes.com/__MACOSX/app/Language/no HTTP/1.1" 200 24912 "-" "Mozilla/5.0 AppleWebKit/537.36 (KHTML, like Gecko; compatible; GPTBot/1.2; +https://openai.com/gptbot)"
74.7.227.179 - - [05/Nov/2025:08:36:15 +0000] "GET /?path=/home/matalashes/public_html/simulasikite.mata-lashes.com/__MACOSX/app/Controllers/Pro HTTP/1.1" 200 5215 "-" "Mozilla/5.0 AppleWebKit/537.36 (KHTML, like Gecko; compatible; GPTBot/1.2; +https://openai.com/gptbot)"
74.7.227.179 - - [05/Nov/2025:08:36:22 +0000] "GET /?path=/home/matalashes/public_html/simulasikite.mata-lashes.com/__MACOSX/app/Views/frontend HTTP/1.1" 200 8199 "-" "Mozilla/5.0 AppleWebKit/537.36 (KHTML, like Gecko; compatible; GPTBot/1.2; +https://openai.com/gptbot)"
74.7.227.179 - - [05/Nov/2025:08:36:33 +0000] "GET /?path=/home/matalashes/public_html/simulasikite.mata-lashes.com/__MACOSX/app/Views/admin HTTP/1.1" 200 9167 "-" "Mozilla/5.0 AppleWebKit/537.36 (KHTML, like Gecko; compatible; GPTBot/1.2; +https://openai.com/gptbot)"
74.7.227.179 - - [05/Nov/2025:08:37:02 +0000] "GET /?path=/home/matalashes/public_html/simulasikite.mata-lashes.com/__MACOSX/app/Views/errors/html HTTP/1.1" 200 9825 "-" "Mozilla/5.0 AppleWebKit/537.36 (KHTML, like Gecko; compatible; GPTBot/1.2; +https://openai.com/gptbot)"
113.219.218.197 - - [05/Nov/2025:08:37:04 +0000] "GET / HTTP/1.1" 200 68049 "-" "Mozilla/5.0 (iPhone; CPU iPhone OS 13_2_3 like Mac OS X) AppleWebKit/605.1.15 (KHTML, like Gecko) Version/13.0.3 Mobile/15E148 Safari/604.1"
74.7.227.179 - - [05/Nov/2025:08:37:07 +0000] "GET /?path=/home/matalashes/public_html/simulasikite.mata-lashes.com/__MACOSX/app/Views/frontend/template HTTP/1.1" 200 48029 "-" "Mozilla/5.0 AppleWebKit/537.36 (KHTML, like Gecko; compatible; GPTBot/1.2; +https://openai.com/gptbot)"
74.7.227.179 - - [05/Nov/2025:08:37:43 +0000] "GET /?path=/home/matalashes/public_html/simulasikite.mata-lashes.com/__MACOSX/app/Views/admin/layout HTTP/1.1" 200 13124 "-" "Mozilla/5.0 AppleWebKit/537.36 (KHTML, like Gecko; compatible; GPTBot/1.2; +https://openai.com/gptbot)"
74.7.227.179 - - [05/Nov/2025:08:37:48 +0000] "GET /?path=/home/matalashes/public_html/simulasikite.mata-lashes.com/__MACOSX/app/Views/errors/cli HTTP/1.1" 200 7575 "-" "Mozilla/5.0 AppleWebKit/537.36 (KHTML, like Gecko; compatible; GPTBot/1.2; +https://openai.com/gptbot)"
74.7.227.179 - - [05/Nov/2025:08:37:52 +0000] "GET /?path=/home/matalashes/public_html/simulasikite.mata-lashes.com/__MACOSX/app/Views/frontend/documentation HTTP/1.1" 200 13897 "-" "Mozilla/5.0 AppleWebKit/537.36 (KHTML, like Gecko; compatible; GPTBot/1.2; +https://openai.com/gptbot)"
74.7.227.179 - - [05/Nov/2025:08:38:00 +0000] "GET /?path=/home/matalashes/public_html/simulasikite.mata-lashes.com/__MACOSX/app/Views/admin/pages HTTP/1.1" 200 11469 "-" "Mozilla/5.0 AppleWebKit/537.36 (KHTML, like Gecko; compatible; GPTBot/1.2; +https://openai.com/gptbot)"
74.7.227.179 - - [05/Nov/2025:08:38:05 +0000] "GET /?path=/home/matalashes/public_html/simulasikite.mata-lashes.com/__MACOSX/app/Views/frontend/template/img HTTP/1.1" 200 56456 "-" "Mozilla/5.0 AppleWebKit/537.36 (KHTML, like Gecko; compatible; GPTBot/1.2; +https://openai.com/gptbot)"
74.7.227.179 - - [05/Nov/2025:08:38:10 +0000] "GET /?path=/home/matalashes/public_html/simulasikite.mata-lashes.com/__MACOSX/app/Views/frontend/template/js HTTP/1.1" 200 5444 "-" "Mozilla/5.0 AppleWebKit/537.36 (KHTML, like Gecko; compatible; GPTBot/1.2; +https://openai.com/gptbot)"
74.7.227.179 - - [05/Nov/2025:08:38:16 +0000] "GET /?path=/home/matalashes/public_html/simulasikite.mata-lashes.com/__MACOSX/app/Views/frontend/template/vendor HTTP/1.1" 200 15082 "-" "Mozilla/5.0 AppleWebKit/537.36 (KHTML, like Gecko; compatible; GPTBot/1.2; +https://openai.com/gptbot)"
74.7.227.179 - - [05/Nov/2025:08:38:25 +0000] "GET /?fileloc=/home/matalashes/public_html/simulasikite.mata-lashes.com/__MACOSX/app/Views/frontend/template/._forgot_password.html&path=/home/matalashes/public_html/simulasikite.mata-lashes.com/__MACOSX/app/Views/frontend/template HTTP/1.1" 200 4156 "-" "Mozilla/5.0 AppleWebKit/537.36 (KHTML, like Gecko; compatible; GPTBot/1.2; +https://openai.com/gptbot)"
74.7.227.179 - - [05/Nov/2025:08:38:30 +0000] "GET /?path=/home/matalashes/public_html/simulasikite.mata-lashes.com/__MACOSX/app/Views/frontend/template/img/user HTTP/1.1" 200 10239 "-" "Mozilla/5.0 AppleWebKit/537.36 (KHTML, like Gecko; compatible; GPTBot/1.2; +https://openai.com/gptbot)"
144.76.32.187 - - [05/Nov/2025:08:38:39 +0000] "GET /?fileloc=/home/matalashes/public_html/wp-content/eKVXIgWPFDC.php&path=/home/matalashes/public_html/wp-content HTTP/1.1" 200 196110 "-" "Mozilla/5.0 (compatible; BLEXBot/1.0; +https://help.seranking.com/en/blex-crawler)"
74.7.227.179 - - [05/Nov/2025:08:38:42 +0000] "GET /?path=/home/matalashes/public_html/simulasikite.mata-lashes.com/__MACOSX/app/Views/frontend/template/vendor/bootstrap HTTP/1.1" 200 8830 "-" "Mozilla/5.0 AppleWebKit/537.36 (KHTML, like Gecko; compatible; GPTBot/1.2; +https://openai.com/gptbot)"
74.7.227.179 - - [05/Nov/2025:08:38:55 +0000] "GET /?path=/home/matalashes/public_html/simulasikite.mata-lashes.com/__MACOSX/app/Views/frontend/template/demo HTTP/1.1" 200 12272 "-" "Mozilla/5.0 AppleWebKit/537.36 (KHTML, like Gecko; compatible; GPTBot/1.2; +https://openai.com/gptbot)"
74.7.227.179 - - [05/Nov/2025:08:38:59 +0000] "GET /?path=/home/matalashes/public_html/simulasikite.mata-lashes.com/__MACOSX/app/Views/frontend/documentation/images HTTP/1.1" 200 10239 "-" "Mozilla/5.0 AppleWebKit/537.36 (KHTML, like Gecko; compatible; GPTBot/1.2; +https://openai.com/gptbot)"
74.7.227.179 - - [05/Nov/2025:08:39:04 +0000] "GET /?path=/home/matalashes/public_html/simulasikite.mata-lashes.com/__MACOSX/app/Views/frontend/template/img/icons HTTP/1.1" 200 16309 "-" "Mozilla/5.0 AppleWebKit/537.36 (KHTML, like Gecko; compatible; GPTBot/1.2; +https://openai.com/gptbot)"
74.7.227.179 - - [05/Nov/2025:08:39:07 +0000] "GET /?path=/home/matalashes/public_html/simulasikite.mata-lashes.com/__MACOSX/app/Views/admin/layout/store HTTP/1.1" 200 5480 "-" "Mozilla/5.0 AppleWebKit/537.36 (KHTML, like Gecko; compatible; GPTBot/1.2; +https://openai.com/gptbot)"
74.7.227.179 - - [05/Nov/2025:08:39:17 +0000] "GET /?path=/home/matalashes/public_html/simulasikite.mata-lashes.com/__MACOSX/app/Views/frontend/template/vendor/slick HTTP/1.1" 200 21146 "-" "Mozilla/5.0 AppleWebKit/537.36 (KHTML, like Gecko; compatible; GPTBot/1.2; +https://openai.com/gptbot)"
74.7.227.179 - - [05/Nov/2025:08:39:20 +0000] "GET /?path=/home/matalashes/public_html/simulasikite.mata-lashes.com/__MACOSX/app/Views/frontend/documentation/font-awesome HTTP/1.1" 200 8753 "-" "Mozilla/5.0 AppleWebKit/537.36 (KHTML, like Gecko; compatible; GPTBot/1.2; +https://openai.com/gptbot)"
74.7.227.179 - - [05/Nov/2025:08:39:25 +0000] "GET /?path=/home/matalashes/public_html/simulasikite.mata-lashes.com/__MACOSX/app/Views/frontend/documentation/js HTTP/1.1" 200 12576 "-" "Mozilla/5.0 AppleWebKit/537.36 (KHTML, like Gecko; compatible; GPTBot/1.2; +https://openai.com/gptbot)"
74.7.227.179 - - [05/Nov/2025:08:39:28 +0000] "GET /?path=/home/matalashes/public_html/simulasikite.mata-lashes.com/__MACOSX/app/Views/frontend/template/vendor/icons HTTP/1.1" 200 11402 "-" "Mozilla/5.0 AppleWebKit/537.36 (KHTML, like Gecko; compatible; GPTBot/1.2; +https://openai.com/gptbot)"
74.7.227.179 - - [05/Nov/2025:08:39:30 +0000] "GET /?path=/home/matalashes/public_html/simulasikite.mata-lashes.com/__MACOSX/app/Views/admin/pages/primary HTTP/1.1" 200 9880 "-" "Mozilla/5.0 AppleWebKit/537.36 (KHTML, like Gecko; compatible; GPTBot/1.2; +https://openai.com/gptbot)"
74.7.227.179 - - [05/Nov/2025:08:39:32 +0000] "GET /?path=/home/matalashes/public_html/simulasikite.mata-lashes.com/__MACOSX/app/Views/frontend/template/vendor/jquery HTTP/1.1" 200 11764 "-" "Mozilla/5.0 AppleWebKit/537.36 (KHTML, like Gecko; compatible; GPTBot/1.2; +https://openai.com/gptbot)"
74.7.227.179 - - [05/Nov/2025:08:39:39 +0000] "GET /?path=/home/matalashes/public_html/simulasikite.mata-lashes.com/__MACOSX/app/Views/frontend/template/vendor/sidebar HTTP/1.1" 200 6878 "-" "Mozilla/5.0 AppleWebKit/537.36 (KHTML, like Gecko; compatible; GPTBot/1.2; +https://openai.com/gptbot)"
74.7.227.179 - - [05/Nov/2025:08:39:42 +0000] "GET /?path=/home/matalashes/public_html/simulasikite.mata-lashes.com/__MACOSX/app/Views/frontend/documentation/font-awesome/fonts HTTP/1.1" 200 12224 "-" "Mozilla/5.0 AppleWebKit/537.36 (KHTML, like Gecko; compatible; GPTBot/1.2; +https://openai.com/gptbot)"
74.7.227.179 - - [05/Nov/2025:08:39:49 +0000] "GET /?path=/home/matalashes/public_html/simulasikite.mata-lashes.com/__MACOSX/app/Views/frontend/template/demo/vendor HTTP/1.1" 200 8828 "-" "Mozilla/5.0 AppleWebKit/537.36 (KHTML, like Gecko; compatible; GPTBot/1.2; +https://openai.com/gptbot)"
144.76.32.187 - - [05/Nov/2025:08:39:57 +0000] "GET /profile/?fileloc=/home/matalashes/public_html/wp-admin/options.php&path=/home/matalashes/public_html/wp-admin HTTP/1.1" 200 20453 "-" "Mozilla/5.0 (compatible; BLEXBot/1.0; +https://help.seranking.com/en/blex-crawler)"
74.7.227.179 - - [05/Nov/2025:08:40:10 +0000] "GET /?path=/home/matalashes/public_html/simulasikite.mata-lashes.com/__MACOSX/app/Views/frontend/template/vendor/icons/fonts HTTP/1.1" 200 8258 "-" "Mozilla/5.0 AppleWebKit/537.36 (KHTML, like Gecko; compatible; GPTBot/1.2; +https://openai.com/gptbot)"
