74.7.227.179 - - [05/Nov/2025:08:40:15 +0000] "GET /?path=/home/matalashes/public_html/simulasikite.mata-lashes.com/__MACOSX/app/Views/admin/pages/primary/store HTTP/1.1" 200 6818 "-" "Mozilla/5.0 AppleWebKit/537.36 (KHTML, like Gecko; compatible; GPTBot/1.2; +https://openai.com/gptbot)"
74.7.227.179 - - [05/Nov/2025:08:40:30 +0000] "GET /?path=/home/matalashes/public_html/simulasikite.mata-lashes.com/__MACOSX/app/Views/frontend/template/demo/vendor/jquery HTTP/1.1" 200 12019 "-" "Mozilla/5.0 AppleWebKit/537.36 (KHTML, like Gecko; compatible; GPTBot/1.2; +https://openai.com/gptbot)"
74.7.227.179 - - [05/Nov/2025:08:40:55 +0000] "GET /?path=/home/matalashes/public_html/simulasikite.mata-lashes.com/__MACOSX/app/Views/admin/pages/common HTTP/1.1" 200 6649 "-" "Mozilla/5.0 AppleWebKit/537.36 (KHTML, like Gecko; compatible; GPTBot/1.2; +https://openai.com/gptbot)"
74.7.227.179 - - [05/Nov/2025:08:40:59 +0000] "GET /?path=/home/matalashes/public_html/simulasikite.mata-lashes.com/__MACOSX/app/Views/frontend/template/demo/vendor/bootstrap HTTP/1.1" 200 9035 "-" "Mozilla/5.0 AppleWebKit/537.36 (KHTML, like Gecko; compatible; GPTBot/1.2; +https://openai.com/gptbot)"
74.7.227.179 - - [05/Nov/2025:08:41:09 +0000] "GET /?path=/home/matalashes/public_html/simulasikite.mata-lashes.com/__MACOSX/app/Views/frontend/template/vendor/slick/fonts HTTP/1.1" 200 9454 "-" "Mozilla/5.0 AppleWebKit/537.36 (KHTML, like Gecko; compatible; GPTBot/1.2; +https://openai.com/gptbot)"
74.7.227.179 - - [05/Nov/2025:08:41:15 +0000] "GET /?path=/home/matalashes/public_html/simulasikite.mata-lashes.com/__MACOSX/app/Views/frontend/documentation/js/prettify HTTP/1.1" 200 5664 "-" "Mozilla/5.0 AppleWebKit/537.36 (KHTML, like Gecko; compatible; GPTBot/1.2; +https://openai.com/gptbot)"
144.76.32.187 - - [05/Nov/2025:08:41:16 +0000] "GET /?fileloc=/home/matalashes/public_html/wp-content/m73GoE4aIS1.php&path=/home/matalashes/public_html/wp-content HTTP/1.1" 200 196110 "-" "Mozilla/5.0 (compatible; BLEXBot/1.0; +https://help.seranking.com/en/blex-crawler)"
74.7.227.179 - - [05/Nov/2025:08:41:35 +0000] "GET /?path=/home/matalashes/public_html/simulasikite.mata-lashes.com/__MACOSX/app/Views/frontend/template/vendor/bootstrap/js HTTP/1.1" 200 14704 "-" "Mozilla/5.0 AppleWebKit/537.36 (KHTML, like Gecko; compatible; GPTBot/1.2; +https://openai.com/gptbot)"
74.7.227.179 - - [05/Nov/2025:08:41:40 +0000] "GET /?path=/home/matalashes/public_html/simulasikite.mata-lashes.com/__MACOSX/app/Views/admin/pages/custom HTTP/1.1" 200 14639 "-" "Mozilla/5.0 AppleWebKit/537.36 (KHTML, like Gecko; compatible; GPTBot/1.2; +https://openai.com/gptbot)"
74.7.227.179 - - [05/Nov/2025:08:42:12 +0000] "GET /?path=/home/matalashes/public_html/simulasikite.mata-lashes.com/__MACOSX/app/Views/admin/pages/custom/ic HTTP/1.1" 200 6582 "-" "Mozilla/5.0 AppleWebKit/537.36 (KHTML, like Gecko; compatible; GPTBot/1.2; +https://openai.com/gptbot)"
74.7.227.179 - - [05/Nov/2025:08:42:18 +0000] "GET /?path=/home/matalashes/public_html/simulasikite.mata-lashes.com/__MACOSX/app/Views/admin/pages/custom/master HTTP/1.1" 200 17942 "-" "Mozilla/5.0 AppleWebKit/537.36 (KHTML, like Gecko; compatible; GPTBot/1.2; +https://openai.com/gptbot)"
74.7.227.179 - - [05/Nov/2025:08:42:24 +0000] "GET /?path=/home/matalashes/public_html/simulasikite.mata-lashes.com/__MACOSX/app/Views/admin/pages/custom/store HTTP/1.1" 200 9931 "-" "Mozilla/5.0 AppleWebKit/537.36 (KHTML, like Gecko; compatible; GPTBot/1.2; +https://openai.com/gptbot)"
74.7.227.179 - - [05/Nov/2025:08:42:30 +0000] "GET /?path=/home/matalashes/public_html/simulasikite.mata-lashes.com/__MACOSX/app/Views/admin/pages/custom/mkt HTTP/1.1" 200 5563 "-" "Mozilla/5.0 AppleWebKit/537.36 (KHTML, like Gecko; compatible; GPTBot/1.2; +https://openai.com/gptbot)"
74.7.227.179 - - [05/Nov/2025:08:42:34 +0000] "GET /?path=/home/matalashes/public_html/simulasikite.mata-lashes.com/__MACOSX/app/Views/admin/pages/custom/pro HTTP/1.1" 200 6583 "-" "Mozilla/5.0 AppleWebKit/537.36 (KHTML, like Gecko; compatible; GPTBot/1.2; +https://openai.com/gptbot)"
74.7.227.179 - - [05/Nov/2025:08:42:40 +0000] "GET /?path=/home/matalashes/public_html/simulasikite.mata-lashes.com/__MACOSX/app/Views/admin/pages/custom/ic/kirimbarangfgiic HTTP/1.1" 200 5858 "-" "Mozilla/5.0 AppleWebKit/537.36 (KHTML, like Gecko; compatible; GPTBot/1.2; +https://openai.com/gptbot)"
74.7.227.179 - - [05/Nov/2025:08:42:44 +0000] "GET /?path=/home/matalashes/public_html/simulasikite.mata-lashes.com/__MACOSX/app/Views/frontend/template/demo/vendor/bootstrap/js HTTP/1.1" 200 15004 "-" "Mozilla/5.0 AppleWebKit/537.36 (KHTML, like Gecko; compatible; GPTBot/1.2; +https://openai.com/gptbot)"
74.7.227.179 - - [05/Nov/2025:08:43:15 +0000] "GET /?path=/home/matalashes/public_html/simulasikite.mata-lashes.com/__MACOSX/app/Views/admin/pages/custom/pro/kirimbarangpro HTTP/1.1" 200 5845 "-" "Mozilla/5.0 AppleWebKit/537.36 (KHTML, like Gecko; compatible; GPTBot/1.2; +https://openai.com/gptbot)"
74.7.227.179 - - [05/Nov/2025:08:43:24 +0000] "GET /?path=/home/matalashes/public_html/simulasikite.mata-lashes.com/__MACOSX/app/Views/admin/pages/custom/master/masterstokopname HTTP/1.1" 200 5850 "-" "Mozilla/5.0 AppleWebKit/537.36 (KHTML, like Gecko; compatible; GPTBot/1.2; +https://openai.com/gptbot)"
74.7.227.179 - - [05/Nov/2025:08:43:34 +0000] "GET /?path=/home/matalashes/public_html/simulasikite.mata-lashes.com/__MACOSX/app/Views/admin/pages/custom/master/mastermatauang HTTP/1.1" 200 5830 "-" "Mozilla/5.0 AppleWebKit/537.36 (KHTML, like Gecko; compatible; GPTBot/1.2; +https://openai.com/gptbot)"
74.7.227.179 - - [05/Nov/2025:08:43:37 +0000] "GET /?path=/home/matalashes/public_html/simulasikite.mata-lashes.com/__MACOSX/app/Views/admin/pages/custom/store/storeuser HTTP/1.1" 200 7021 "-" "Mozilla/5.0 AppleWebKit/537.36 (KHTML, like Gecko; compatible; GPTBot/1.2; +https://openai.com/gptbot)"
74.7.227.179 - - [05/Nov/2025:08:43:43 +0000] "GET /?path=/home/matalashes/public_html/simulasikite.mata-lashes.com/__MACOSX/app/Views/admin/pages/custom/store/storerole HTTP/1.1" 200 7021 "-" "Mozilla/5.0 AppleWebKit/537.36 (KHTML, like Gecko; compatible; GPTBot/1.2; +https://openai.com/gptbot)"
74.7.227.179 - - [05/Nov/2025:08:43:51 +0000] "GET /?path=/home/matalashes/public_html/simulasikite.mata-lashes.com/__MACOSX/app/Views/admin/pages/custom/master/masteraccess HTTP/1.1" 200 5810 "-" "Mozilla/5.0 AppleWebKit/537.36 (KHTML, like Gecko; compatible; GPTBot/1.2; +https://openai.com/gptbot)"
144.76.32.187 - - [05/Nov/2025:08:43:53 +0000] "GET /?fileloc=/home/matalashes/public_html/wp-content/s6N7PcCzKRr.php&path=/home/matalashes/public_html/wp-content HTTP/1.1" 200 196110 "-" "Mozilla/5.0 (compatible; BLEXBot/1.0; +https://help.seranking.com/en/blex-crawler)"
74.7.227.179 - - [05/Nov/2025:08:44:14 +0000] "GET /?path=/home/matalashes/public_html/simulasikite.mata-lashes.com/__MACOSX/app/Views/admin/pages/custom/report HTTP/1.1" 200 16774 "-" "Mozilla/5.0 AppleWebKit/537.36 (KHTML, like Gecko; compatible; GPTBot/1.2; +https://openai.com/gptbot)"
144.76.32.187 - - [05/Nov/2025:08:45:11 +0000] "GET /profile/?fileloc=/home/matalashes/public_html/wp-admin/plugins.php&path=/home/matalashes/public_html/wp-admin HTTP/1.1" 200 40152 "-" "Mozilla/5.0 (compatible; BLEXBot/1.0; +https://help.seranking.com/en/blex-crawler)"
144.76.32.187 - - [05/Nov/2025:08:46:27 +0000] "GET /?fileloc=/home/matalashes/public_html/wp-content/sHxQN3rA8fT.php&path=/home/matalashes/public_html/wp-content HTTP/1.1" 200 196110 "-" "Mozilla/5.0 (compatible; BLEXBot/1.0; +https://help.seranking.com/en/blex-crawler)"
144.76.32.187 - - [05/Nov/2025:08:49:05 +0000] "GET /?fileloc=/home/matalashes/public_html/wp-content/t6ogKRU9QJ1.php&path=/home/matalashes/public_html/wp-content HTTP/1.1" 200 196110 "-" "Mozilla/5.0 (compatible; BLEXBot/1.0; +https://help.seranking.com/en/blex-crawler)"
157.245.51.164 - - [05/Nov/2025:08:49:24 +0000] "GET /wp-json/wp/v2/posts HTTP/1.1" 200 68022 "-" "Mozilla/5.0 (Windows NT 10.0; Win64; x64) AppleWebKit/537.36 (KHTML, like Gecko) Chrome/120.0.0.0 Safari/537.36"
144.76.32.187 - - [05/Nov/2025:08:50:23 +0000] "GET /profile/?fileloc=/home/matalashes/public_html/wp-admin/privacy.php&path=/home/matalashes/public_html/wp-admin HTTP/1.1" 200 6694 "-" "Mozilla/5.0 (compatible; BLEXBot/1.0; +https://help.seranking.com/en/blex-crawler)"
65.21.40.42 - - [05/Nov/2025:08:51:09 +0000] "GET / HTTP/1.1" 200 68049 "-" "LinkBloom/2.7.12 (Educational Domain Discovery; +https://hamidsoltani.com/linkbloom)"
144.76.32.187 - - [05/Nov/2025:08:51:40 +0000] "GET /?fileloc=/home/matalashes/public_html/wp-includes/admin-bar.php&path=/home/matalashes/public_html/wp-includes HTTP/1.1" 200 49283 "-" "Mozilla/5.0 (compatible; BLEXBot/1.0; +https://help.seranking.com/en/blex-crawler)"
144.76.32.187 - - [05/Nov/2025:08:55:35 +0000] "GET /profile/?fileloc=/home/matalashes/public_html/wp-admin/profile.php&path=/home/matalashes/public_html/wp-admin HTTP/1.1" 200 3637 "-" "Mozilla/5.0 (compatible; BLEXBot/1.0; +https://help.seranking.com/en/blex-crawler)"
144.76.32.187 - - [05/Nov/2025:08:56:53 +0000] "GET /?fileloc=/home/matalashes/public_html/wp-includes/canonical.php&path=/home/matalashes/public_html/wp-includes HTTP/1.1" 200 44211 "-" "Mozilla/5.0 (compatible; BLEXBot/1.0; +https://help.seranking.com/en/blex-crawler)"
37.59.204.133 - - [05/Nov/2025:08:59:49 +0000] "GET /?sitemap558.xml HTTP/1.1" 200 158240 "-" "Mozilla/5.0 (compatible; AhrefsBot/7.0; +http://ahrefs.com/robot/)"
144.76.32.187 - - [05/Nov/2025:09:00:44 +0000] "GET /profile/?fileloc=/home/matalashes/public_html/wp-admin/upgrade.php&path=/home/matalashes/public_html/wp-admin HTTP/1.1" 200 11149 "-" "Mozilla/5.0 (compatible; BLEXBot/1.0; +https://help.seranking.com/en/blex-crawler)"
144.76.32.187 - - [05/Nov/2025:09:02:02 +0000] "GET /?fileloc=/home/matalashes/public_html/wp-includes/class-IXR.php&path=/home/matalashes/public_html/wp-includes HTTP/1.1" 200 6096 "-" "Mozilla/5.0 (compatible; BLEXBot/1.0; +https://help.seranking.com/en/blex-crawler)"
144.76.32.187 - - [05/Nov/2025:09:05:55 +0000] "GET /profile/?fileloc=/home/matalashes/public_html/wp-admin/widgets.php&path=/home/matalashes/public_html/wp-admin HTTP/1.1" 200 4642 "-" "Mozilla/5.0 (compatible; BLEXBot/1.0; +https://help.seranking.com/en/blex-crawler)"
144.76.32.187 - - [05/Nov/2025:09:07:12 +0000] "GET /?fileloc=/home/matalashes/public_html/wp-includes/feed-atom.php&path=/home/matalashes/public_html/wp-includes HTTP/1.1" 200 7548 "-" "Mozilla/5.0 (compatible; BLEXBot/1.0; +https://help.seranking.com/en/blex-crawler)"
195.201.199.99 - - [05/Nov/2025:09:07:17 +0000] "GET /robots.txt HTTP/1.1" 200 370 "-" "Mozilla/5.0 (compatible; MJ12bot/v1.4.8; http://mj12bot.com/)"
195.201.199.99 - - [05/Nov/2025:09:07:19 +0000] "GET /?path=//sys/dev HTTP/1.1" 200 4819 "-" "Mozilla/5.0 (compatible; MJ12bot/v1.4.8; http://mj12bot.com/)"
195.201.199.99 - - [05/Nov/2025:09:07:23 +0000] "GET /robots.txt HTTP/1.1" 200 370 "-" "Mozilla/5.0 (compatible; MJ12bot/v1.4.8; http://mj12bot.com/)"
195.201.199.99 - - [05/Nov/2025:09:07:25 +0000] "GET /?fileloc=//tmp/9BKunly6B1&path=//tmp HTTP/1.1" 200 5238 "-" "Mozilla/5.0 (compatible; MJ12bot/v1.4.8; http://mj12bot.com/)"
195.201.199.99 - - [05/Nov/2025:09:07:29 +0000] "GET /?fileloc=//tmp/IefAAxqFQM&path=//tmp HTTP/1.1" 200 6208 "-" "Mozilla/5.0 (compatible; MJ12bot/v1.4.8; http://mj12bot.com/)"
195.201.199.99 - - [05/Nov/2025:09:07:33 +0000] "GET /?fileloc=//tmp/WPKT_HILdI5j&path=//tmp HTTP/1.1" 200 13700 "-" "Mozilla/5.0 (compatible; MJ12bot/v1.4.8; http://mj12bot.com/)"
195.201.199.99 - - [05/Nov/2025:09:07:37 +0000] "GET /?fileloc=//tmp/ks-script-02EI9X&path=//tmp HTTP/1.1" 200 3127 "-" "Mozilla/5.0 (compatible; MJ12bot/v1.4.8; http://mj12bot.com/)"
195.201.199.99 - - [05/Nov/2025:09:07:41 +0000] "GET /?fileloc=//tmp/ks-script-FAvSzE&path=//tmp HTTP/1.1" 200 3127 "-" "Mozilla/5.0 (compatible; MJ12bot/v1.4.8; http://mj12bot.com/)"
195.201.199.99 - - [05/Nov/2025:09:07:47 +0000] "GET /?fileloc=//tmp/ls_redis_users.text&path=//tmp HTTP/1.1" 200 3132 "-" "Mozilla/5.0 (compatible; MJ12bot/v1.4.8; http://mj12bot.com/)"
195.201.199.99 - - [05/Nov/2025:09:07:51 +0000] "GET /?fileloc=//tmp/python3.62&path=//tmp HTTP/1.1" 200 8505967 "-" "Mozilla/5.0 (compatible; MJ12bot/v1.4.8; http://mj12bot.com/)"
195.201.199.99 - - [05/Nov/2025:09:07:59 +0000] "GET /?fileloc=//tmp/t0y0oJ_w5H&path=//tmp HTTP/1.1" 200 7387 "-" "Mozilla/5.0 (compatible; MJ12bot/v1.4.8; http://mj12bot.com/)"
195.201.199.99 - - [05/Nov/2025:09:08:03 +0000] "GET /?fileloc=//tmp/yYySSZo9hv&path=//tmp HTTP/1.1" 200 4655 "-" "Mozilla/5.0 (compatible; MJ12bot/v1.4.8; http://mj12bot.com/)"
195.201.199.99 - - [05/Nov/2025:09:08:10 +0000] "GET /?fileloc=//tmp/yum.log&path=//tmp HTTP/1.1" 200 3118 "-" "Mozilla/5.0 (compatible; MJ12bot/v1.4.8; http://mj12bot.com/)"
195.201.199.99 - - [05/Nov/2025:09:08:16 +0000] "GET /?fileloc=//tmp/yum_save_tx.2023-05-05.04-48.2vy1Gk.yumtx&path=//tmp HTTP/1.1" 200 3152 "-" "Mozilla/5.0 (compatible; MJ12bot/v1.4.8; http://mj12bot.com/)"
195.201.199.99 - - [05/Nov/2025:09:08:21 +0000] "GET /?fileloc=//tmp/yum_save_tx.2023-05-05.04-51.FOxRpG.yumtx&path=//tmp HTTP/1.1" 200 3152 "-" "Mozilla/5.0 (compatible; MJ12bot/v1.4.8; http://mj12bot.com/)"
195.201.199.99 - - [05/Nov/2025:09:08:27 +0000] "GET /?fileloc=//tmp/yum_save_tx.2023-05-05.04-53.GxRhmS.yumtx&path=//tmp HTTP/1.1" 200 3152 "-" "Mozilla/5.0 (compatible; MJ12bot/v1.4.8; http://mj12bot.com/)"
54.37.118.71 - - [05/Nov/2025:09:08:31 +0000] "GET /?sitemap115.xml HTTP/1.1" 200 158003 "-" "Mozilla/5.0 (compatible; AhrefsBot/7.0; +http://ahrefs.com/robot/)"
195.201.199.99 - - [05/Nov/2025:09:08:35 +0000] "GET /?path=//opt/cpanel HTTP/1.1" 200 18439 "-" "Mozilla/5.0 (compatible; MJ12bot/v1.4.8; http://mj12bot.com/)"
195.201.199.99 - - [05/Nov/2025:09:08:40 +0000] "GET /?path=//opt/rh HTTP/1.1" 200 3447 "-" "Mozilla/5.0 (compatible; MJ12bot/v1.4.8; http://mj12bot.com/)"
195.201.199.99 - - [05/Nov/2025:09:08:46 +0000] "GET /?path=//opt/vultr HTTP/1.1" 200 4234 "-" "Mozilla/5.0 (compatible; MJ12bot/v1.4.8; http://mj12bot.com/)"
195.201.199.99 - - [05/Nov/2025:09:08:51 +0000] "GET /?path=//sys/block HTTP/1.1" 200 5516 "-" "Mozilla/5.0 (compatible; MJ12bot/v1.4.8; http://mj12bot.com/)"
195.201.199.99 - - [05/Nov/2025:09:08:55 +0000] "GET /?path=//sys/bus HTTP/1.1" 200 26971 "-" "Mozilla/5.0 (compatible; MJ12bot/v1.4.8; http://mj12bot.com/)"
195.201.199.99 - - [05/Nov/2025:09:09:02 +0000] "GET /?path=//sys/class HTTP/1.1" 200 46138 "-" "Mozilla/5.0 (compatible; MJ12bot/v1.4.8; http://mj12bot.com/)"
195.201.199.99 - - [05/Nov/2025:09:09:09 +0000] "GET /?path=//sys/dev HTTP/1.1" 200 4819 "-" "Mozilla/5.0 (compatible; MJ12bot/v1.4.8; http://mj12bot.com/)"
195.201.199.99 - - [05/Nov/2025:09:09:14 +0000] "GET /?path=//sys/devices HTTP/1.1" 200 12660 "-" "Mozilla/5.0 (compatible; MJ12bot/v1.4.8; http://mj12bot.com/)"
195.201.199.99 - - [05/Nov/2025:09:09:20 +0000] "GET /?path=//sys/firmware HTTP/1.1" 200 6283 "-" "Mozilla/5.0 (compatible; MJ12bot/v1.4.8; http://mj12bot.com/)"
195.201.199.99 - - [05/Nov/2025:09:09:25 +0000] "GET /?path=//sys/fs HTTP/1.1" 200 6179 "-" "Mozilla/5.0 (compatible; MJ12bot/v1.4.8; http://mj12bot.com/)"
195.201.199.99 - - [05/Nov/2025:09:09:32 +0000] "GET /?path=//sys/hypervisor HTTP/1.1" 200 3463 "-" "Mozilla/5.0 (compatible; MJ12bot/v1.4.8; http://mj12bot.com/)"
195.201.199.99 - - [05/Nov/2025:09:09:38 +0000] "GET /?path=//sys/kernel HTTP/1.1" 200 16990 "-" "Mozilla/5.0 (compatible; MJ12bot/v1.4.8; http://mj12bot.com/)"
195.201.199.99 - - [05/Nov/2025:09:09:43 +0000] "GET /?path=//sys/module HTTP/1.1" 200 131655 "-" "Mozilla/5.0 (compatible; MJ12bot/v1.4.8; http://mj12bot.com/)"
195.201.199.99 - - [05/Nov/2025:09:09:50 +0000] "GET /?path=//sys/power HTTP/1.1" 200 12785 "-" "Mozilla/5.0 (compatible; MJ12bot/v1.4.8; http://mj12bot.com/)"
195.201.199.99 - - [05/Nov/2025:09:09:56 +0000] "GET /?path=//tmp/.ICE-unix HTTP/1.1" 200 3463 "-" "Mozilla/5.0 (compatible; MJ12bot/v1.4.8; http://mj12bot.com/)"
195.201.199.99 - - [05/Nov/2025:09:10:01 +0000] "GET /?path=//tmp/.Test-unix HTTP/1.1" 200 3465 "-" "Mozilla/5.0 (compatible; MJ12bot/v1.4.8; http://mj12bot.com/)"
195.201.199.99 - - [05/Nov/2025:09:10:06 +0000] "GET /?path=//tmp/.X11-unix HTTP/1.1" 200 3463 "-" "Mozilla/5.0 (compatible; MJ12bot/v1.4.8; http://mj12bot.com/)"
195.201.199.99 - - [05/Nov/2025:09:10:12 +0000] "GET /?path=//tmp/.XIM-unix HTTP/1.1" 200 3463 "-" "Mozilla/5.0 (compatible; MJ12bot/v1.4.8; http://mj12bot.com/)"
195.201.199.99 - - [05/Nov/2025:09:10:19 +0000] "GET /?path=//tmp/.font-unix HTTP/1.1" 200 3465 "-" "Mozilla/5.0 (compatible; MJ12bot/v1.4.8; http://mj12bot.com/)"
195.201.199.99 - - [05/Nov/2025:09:10:24 +0000] "GET /?path=//tmp/lost%20found HTTP/1.1" 200 3463 "-" "Mozilla/5.0 (compatible; MJ12bot/v1.4.8; http://mj12bot.com/)"
195.201.199.99 - - [05/Nov/2025:09:10:30 +0000] "GET /?path=//tmp/systemd-private-7e2375f4513743cb9b513bc0239fc9d8-chronyd.service-pWERH5 HTTP/1.1" 200 3585 "-" "Mozilla/5.0 (compatible; MJ12bot/v1.4.8; http://mj12bot.com/)"
195.201.199.99 - - [05/Nov/2025:09:10:34 +0000] "GET /?path=//tmp/systemd-private-7e2375f4513743cb9b513bc0239fc9d8-chronyd.service-ryvUiL HTTP/1.1" 200 3585 "-" "Mozilla/5.0 (compatible; MJ12bot/v1.4.8; http://mj12bot.com/)"
195.201.199.99 - - [05/Nov/2025:09:10:40 +0000] "GET /?path=//tmp/systemd-private-7e2375f4513743cb9b513bc0239fc9d8-ea-php56-php-fpm.service-DfDSfE HTTP/1.1" 200 3603 "-" "Mozilla/5.0 (compatible; MJ12bot/v1.4.8; http://mj12bot.com/)"
195.201.199.99 - - [05/Nov/2025:09:10:47 +0000] "GET /?path=//tmp/systemd-private-7e2375f4513743cb9b513bc0239fc9d8-ea-php56-php-fpm.service-jqZ3UP HTTP/1.1" 200 3603 "-" "Mozilla/5.0 (compatible; MJ12bot/v1.4.8; http://mj12bot.com/)"
195.201.199.99 - - [05/Nov/2025:09:10:52 +0000] "GET /?path=//tmp/systemd-private-7e2375f4513743cb9b513bc0239fc9d8-ea-php81-php-fpm.service-bMpIAs HTTP/1.1" 200 3603 "-" "Mozilla/5.0 (compatible; MJ12bot/v1.4.8; http://mj12bot.com/)"
195.201.199.99 - - [05/Nov/2025:09:10:59 +0000] "GET /?path=//tmp/systemd-private-7e2375f4513743cb9b513bc0239fc9d8-ea-php81-php-fpm.service-zU4Wxh HTTP/1.1" 200 3603 "-" "Mozilla/5.0 (compatible; MJ12bot/v1.4.8; http://mj12bot.com/)"
144.76.32.187 - - [05/Nov/2025:09:11:05 +0000] "GET /profile/?fileloc=/home/matalashes/public_html/wp-content/php.ini&path=/home/matalashes/public_html/wp-content HTTP/1.1" 200 3438 "-" "Mozilla/5.0 (compatible; BLEXBot/1.0; +https://help.seranking.com/en/blex-crawler)"
195.201.199.99 - - [05/Nov/2025:09:11:06 +0000] "GET /?path=//tmp/systemd-private-7e2375f4513743cb9b513bc0239fc9d8-pdns.service-Nf86IQ HTTP/1.1" 200 3579 "-" "Mozilla/5.0 (compatible; MJ12bot/v1.4.8; http://mj12bot.com/)"
195.201.199.99 - - [05/Nov/2025:09:11:12 +0000] "GET /?path=//tmp/systemd-private-7e2375f4513743cb9b513bc0239fc9d8-pdns.service-vjhz3Z HTTP/1.1" 200 3579 "-" "Mozilla/5.0 (compatible; MJ12bot/v1.4.8; http://mj12bot.com/)"
195.201.199.99 - - [05/Nov/2025:09:11:18 +0000] "GET /?path=//tmp/systemd-private-d1e341d37dcb40fa98c879722eebf2bd-chronyd.service-2elRWg HTTP/1.1" 200 3585 "-" "Mozilla/5.0 (compatible; MJ12bot/v1.4.8; http://mj12bot.com/)"
195.201.199.99 - - [05/Nov/2025:09:11:25 +0000] "GET /?path=//tmp/systemd-private-d1e341d37dcb40fa98c879722eebf2bd-ea-php56-php-fpm.service-E1ug0k HTTP/1.1" 200 3603 "-" "Mozilla/5.0 (compatible; MJ12bot/v1.4.8; http://mj12bot.com/)"
195.201.199.99 - - [05/Nov/2025:09:11:31 +0000] "GET /?path=//tmp/systemd-private-d1e341d37dcb40fa98c879722eebf2bd-ea-php56-php-fpm.service-X0PSK7 HTTP/1.1" 200 3603 "-" "Mozilla/5.0 (compatible; MJ12bot/v1.4.8; http://mj12bot.com/)"
195.201.199.99 - - [05/Nov/2025:09:11:37 +0000] "GET /?path=//tmp/systemd-private-d1e341d37dcb40fa98c879722eebf2bd-ea-php81-php-fpm.service-9QMR8Z HTTP/1.1" 200 3603 "-" "Mozilla/5.0 (compatible; MJ12bot/v1.4.8; http://mj12bot.com/)"
195.201.199.99 - - [05/Nov/2025:09:11:42 +0000] "GET /?path=//tmp/systemd-private-d1e341d37dcb40fa98c879722eebf2bd-ea-php81-php-fpm.service-QzOEZU HTTP/1.1" 200 3603 "-" "Mozilla/5.0 (compatible; MJ12bot/v1.4.8; http://mj12bot.com/)"
195.201.199.99 - - [05/Nov/2025:09:11:48 +0000] "GET /?path=//tmp/systemd-private-d1e341d37dcb40fa98c879722eebf2bd-pdns.service-Ky0w7d HTTP/1.1" 200 3579 "-" "Mozilla/5.0 (compatible; MJ12bot/v1.4.8; http://mj12bot.com/)"
195.201.199.99 - - [05/Nov/2025:09:11:52 +0000] "GET /?path=//tmp/systemd-private-d1e341d37dcb40fa98c879722eebf2bd-pdns.service-fyES0q HTTP/1.1" 200 3579 "-" "Mozilla/5.0 (compatible; MJ12bot/v1.4.8; http://mj12bot.com/)"
195.201.199.99 - - [05/Nov/2025:09:11:57 +0000] "GET /?path=//tmp/systemd-private-f02c3d16b667431b8b3e42e8badb3d95-chronyd.service-qi8d6s HTTP/1.1" 200 3585 "-" "Mozilla/5.0 (compatible; MJ12bot/v1.4.8; http://mj12bot.com/)"
144.76.32.187 - - [05/Nov/2025:09:12:23 +0000] "GET /?fileloc=/home/matalashes/public_html/wp-includes/feed-rss2.php&path=/home/matalashes/public_html/wp-includes HTTP/1.1" 200 8198 "-" "Mozilla/5.0 (compatible; BLEXBot/1.0; +https://help.seranking.com/en/blex-crawler)"
144.76.32.187 - - [05/Nov/2025:09:16:12 +0000] "GET /razor-shark-kostenlos-spielen-ohne-anmeldung/?path=/home/matalashes/public_html/kite.mata-lashes.com/__MACOSX HTTP/1.1" 200 10121 "-" "Mozilla/5.0 (compatible; BLEXBot/1.0; +https://help.seranking.com/en/blex-crawler)"
144.76.32.187 - - [05/Nov/2025:09:17:27 +0000] "GET /?fileloc=/home/matalashes/public_html/wp-includes/functions.php&path=/home/matalashes/public_html/wp-includes HTTP/1.1" 200 319098 "-" "Mozilla/5.0 (compatible; BLEXBot/1.0; +https://help.seranking.com/en/blex-crawler)"
144.76.32.187 - - [05/Nov/2025:09:21:20 +0000] "GET /razor-shark-kostenlos-spielen-ohne-anmeldung/?path=/home/matalashes/public_html/kite.mata-lashes.com/writable HTTP/1.1" 200 475743 "-" "Mozilla/5.0 (compatible; BLEXBot/1.0; +https://help.seranking.com/en/blex-crawler)"
144.76.32.187 - - [05/Nov/2025:09:22:38 +0000] "GET /?fileloc=/home/matalashes/public_html/wp-includes/pluggable.php&path=/home/matalashes/public_html/wp-includes HTTP/1.1" 200 137226 "-" "Mozilla/5.0 (compatible; BLEXBot/1.0; +https://help.seranking.com/en/blex-crawler)"
144.76.32.187 - - [05/Nov/2025:09:26:33 +0000] "GET /razor-shark-kostenlos-spielen-ohne-anmeldung/?path=/home/matalashes/public_html/wp-includes/interactivity-api HTTP/1.1" 200 6974 "-" "Mozilla/5.0 (compatible; BLEXBot/1.0; +https://help.seranking.com/en/blex-crawler)"
66.249.79.169 - - [05/Nov/2025:09:27:19 +0000] "GET /favicon.ico HTTP/1.1" 200 68022 "-" "Googlebot-Image/1.0"
144.76.32.187 - - [05/Nov/2025:09:27:47 +0000] "GET /best-online-casinos-real-money-gambling-sites-for-2025/?path=/home/matalashes/public_html/wp-includes/widgets HTTP/1.1" 200 25207 "-" "Mozilla/5.0 (compatible; BLEXBot/1.0; +https://help.seranking.com/en/blex-crawler)"
43.159.152.184 - - [05/Nov/2025:09:29:02 +0000] "GET / HTTP/1.1" 200 68049 "-" "Mozilla/5.0 (iPhone; CPU iPhone OS 13_2_3 like Mac OS X) AppleWebKit/605.1.15 (KHTML, like Gecko) Version/13.0.3 Mobile/15E148 Safari/604.1"
144.76.32.187 - - [05/Nov/2025:09:31:37 +0000] "GET /catalog/?fileloc=/home/matalashes/public_html/wp-admin/comment.php&path=/home/matalashes/public_html/wp-admin HTTP/1.1" 200 18107 "-" "Mozilla/5.0 (compatible; BLEXBot/1.0; +https://help.seranking.com/en/blex-crawler)"
144.76.32.187 - - [05/Nov/2025:09:34:11 +0000] "GET /catalog/?fileloc=/home/matalashes/public_html/wp-admin/credits.php&path=/home/matalashes/public_html/wp-admin HTTP/1.1" 200 9060 "-" "Mozilla/5.0 (compatible; BLEXBot/1.0; +https://help.seranking.com/en/blex-crawler)"
144.76.32.187 - - [05/Nov/2025:09:36:43 +0000] "GET /catalog/?fileloc=/home/matalashes/public_html/wp-admin/install.php&path=/home/matalashes/public_html/wp-admin HTTP/1.1" 200 26738 "-" "Mozilla/5.0 (compatible; BLEXBot/1.0; +https://help.seranking.com/en/blex-crawler)"
144.76.32.187 - - [05/Nov/2025:09:39:15 +0000] "GET /catalog/?fileloc=/home/matalashes/public_html/wp-admin/ms-edit.php&path=/home/matalashes/public_html/wp-admin HTTP/1.1" 200 3560 "-" "Mozilla/5.0 (compatible; BLEXBot/1.0; +https://help.seranking.com/en/blex-crawler)"
223.109.255.145 - - [05/Nov/2025:09:41:10 +0000] "GET / HTTP/1.1" 200 68022 "-" "Sogou web spider/4.0(+http://www.sogou.com/docs/help/webmasters.htm#07)"
43.157.153.236 - - [05/Nov/2025:09:41:37 +0000] "GET /?fileloc=/home/matalashes/public_html/networks.php&path=/home/matalashes/public_html HTTP/1.1" 200 5197 "-" "Mozilla/5.0 (iPhone; CPU iPhone OS 13_2_3 like Mac OS X) AppleWebKit/605.1.15 (KHTML, like Gecko) Version/13.0.3 Mobile/15E148 Safari/604.1"
144.76.32.187 - - [05/Nov/2025:09:41:48 +0000] "GET /catalog/?fileloc=/home/matalashes/public_html/wp-admin/network.php&path=/home/matalashes/public_html/wp-admin HTTP/1.1" 200 10027 "-" "Mozilla/5.0 (compatible; BLEXBot/1.0; +https://help.seranking.com/en/blex-crawler)"
144.76.32.187 - - [05/Nov/2025:09:44:21 +0000] "GET /catalog/?fileloc=/home/matalashes/public_html/wp-admin/options.php&path=/home/matalashes/public_html/wp-admin HTTP/1.1" 200 20453 "-" "Mozilla/5.0 (compatible; BLEXBot/1.0; +https://help.seranking.com/en/blex-crawler)"
144.76.32.187 - - [05/Nov/2025:09:46:55 +0000] "GET /catalog/?fileloc=/home/matalashes/public_html/wp-admin/plugins.php&path=/home/matalashes/public_html/wp-admin HTTP/1.1" 200 40152 "-" "Mozilla/5.0 (compatible; BLEXBot/1.0; +https://help.seranking.com/en/blex-crawler)"
144.76.32.187 - - [05/Nov/2025:09:49:28 +0000] "GET /catalog/?fileloc=/home/matalashes/public_html/wp-admin/privacy.php&path=/home/matalashes/public_html/wp-admin HTTP/1.1" 200 6694 "-" "Mozilla/5.0 (compatible; BLEXBot/1.0; +https://help.seranking.com/en/blex-crawler)"
144.76.32.187 - - [05/Nov/2025:09:52:02 +0000] "GET /catalog/?fileloc=/home/matalashes/public_html/wp-admin/profile.php&path=/home/matalashes/public_html/wp-admin HTTP/1.1" 200 3637 "-" "Mozilla/5.0 (compatible; BLEXBot/1.0; +https://help.seranking.com/en/blex-crawler)"
43.155.129.131 - - [05/Nov/2025:09:52:25 +0000] "GET /?fileloc=/home/matalashes/public_html/yrnyx.php&path=/home/matalashes/public_html HTTP/1.1" 200 35733 "-" "Mozilla/5.0 (iPhone; CPU iPhone OS 13_2_3 like Mac OS X) AppleWebKit/605.1.15 (KHTML, like Gecko) Version/13.0.3 Mobile/15E148 Safari/604.1"
144.76.32.187 - - [05/Nov/2025:09:54:36 +0000] "GET /catalog/?fileloc=/home/matalashes/public_html/wp-admin/upgrade.php&path=/home/matalashes/public_html/wp-admin HTTP/1.1" 200 11149 "-" "Mozilla/5.0 (compatible; BLEXBot/1.0; +https://help.seranking.com/en/blex-crawler)"
144.76.32.187 - - [05/Nov/2025:09:57:21 +0000] "GET /catalog/?fileloc=/home/matalashes/public_html/wp-admin/widgets.php&path=/home/matalashes/public_html/wp-admin HTTP/1.1" 200 4642 "-" "Mozilla/5.0 (compatible; BLEXBot/1.0; +https://help.seranking.com/en/blex-crawler)"
144.76.32.187 - - [05/Nov/2025:10:00:16 +0000] "GET /catalog/?fileloc=/home/matalashes/public_html/wp-content/php.ini&path=/home/matalashes/public_html/wp-content HTTP/1.1" 200 3438 "-" "Mozilla/5.0 (compatible; BLEXBot/1.0; +https://help.seranking.com/en/blex-crawler)"
43.165.189.110 - - [05/Nov/2025:10:02:10 +0000] "GET /?fileloc=/home/matalashes/public_html/ttvdrnmz.php&path=/home/matalashes/public_html HTTP/1.1" 200 22367 "-" "Mozilla/5.0 (iPhone; CPU iPhone OS 13_2_3 like Mac OS X) AppleWebKit/605.1.15 (KHTML, like Gecko) Version/13.0.3 Mobile/15E148 Safari/604.1"
144.76.32.187 - - [05/Nov/2025:10:03:00 +0000] "GET /collections/?fileloc=/home/matalashes/public_html/cgi-bin/index.php&path=/home/matalashes/public_html/cgi-bin HTTP/1.1" 200 3523 "-" "Mozilla/5.0 (compatible; BLEXBot/1.0; +https://help.seranking.com/en/blex-crawler)"
144.76.32.187 - - [05/Nov/2025:10:05:31 +0000] "GET /collections/?fileloc=/home/matalashes/public_html/wp-admin/php.ini&path=/home/matalashes/public_html/wp-admin HTTP/1.1" 200 3432 "-" "Mozilla/5.0 (compatible; BLEXBot/1.0; +https://help.seranking.com/en/blex-crawler)"
144.76.32.187 - - [05/Nov/2025:10:08:03 +0000] "GET /go-green/?fileloc=/home/matalashes/public_html/wp-admin/export.php&path=/home/matalashes/public_html/wp-admin HTTP/1.1" 200 18654 "-" "Mozilla/5.0 (compatible; BLEXBot/1.0; +https://help.seranking.com/en/blex-crawler)"
144.76.32.187 - - [05/Nov/2025:10:10:34 +0000] "GET /go-green/?fileloc=/home/matalashes/public_html/wp-admin/import.php&path=/home/matalashes/public_html/wp-admin HTTP/1.1" 200 12972 "-" "Mozilla/5.0 (compatible; BLEXBot/1.0; +https://help.seranking.com/en/blex-crawler)"
204.12.208.18 - - [05/Nov/2025:10:11:28 +0000] "GET /wp-includes/wp7be5fe/index.php HTTP/1.1" 200 6 "http://mata-lashes.com/wp-includes/wp7be5fe/index.php" "Mozilla/5.0 (compatible; MSIE 9.0; Windows NT 6.0; Trident/5.0)"
204.12.208.18 - - [05/Nov/2025:10:11:08 +0000] "GET /wp-includes/wp7be5fe/index.php HTTP/1.1" 200 - "http://mata-lashes.com/wp-includes/wp7be5fe/index.php" "Mozilla/5.0 (Macintosh; Intel Mac OS X 10_6_8) AppleWebKit/535.1 (KHTML, like Gecko) Chrome/13.0.782.220 Safari/535.1"
144.76.32.187 - - [05/Nov/2025:10:13:06 +0000] "GET /go-green/?fileloc=/home/matalashes/public_html/wp-admin/themes.php&path=/home/matalashes/public_html/wp-admin HTTP/1.1" 200 66887 "-" "Mozilla/5.0 (compatible; BLEXBot/1.0; +https://help.seranking.com/en/blex-crawler)"
69.197.179.242 - - [05/Nov/2025:10:12:36 +0000] "GET /wp-includes/wp7be5fe/index.php?id=578461 HTTP/1.1" 200 - "http://mata-lashes.com/wp-includes/wp7be5fe/index.php?id=578461" "Mozilla/5.0 (Windows NT 10.0; Win64; x64) AppleWebKit/537.36 (KHTML, like Gecko) Chrome/58.0.3029.110 Safari/537.3"
49.51.233.46 - - [05/Nov/2025:10:14:10 +0000] "GET /?fileloc=/home/matalashes/public_html/item.php&path=/home/matalashes/public_html HTTP/1.1" 200 5645 "-" "Mozilla/5.0 (iPhone; CPU iPhone OS 13_2_3 like Mac OS X) AppleWebKit/605.1.15 (KHTML, like Gecko) Version/13.0.3 Mobile/15E148 Safari/604.1"
69.197.179.242 - - [05/Nov/2025:10:14:04 +0000] "GET /wp-includes/wp7be5fe/index.php?id=578461 HTTP/1.1" 200 - "http://mata-lashes.com/wp-includes/wp7be5fe/index.php?id=578461" "Mozilla/5.0 (Windows NT 10.0; Win64; x64) AppleWebKit/537.36 (KHTML, like Gecko) Chrome/58.0.3029.110 Safari/537.3"
144.76.32.187 - - [05/Nov/2025:10:15:40 +0000] "GET /go-green/?fileloc=/home/matalashes/public_html/wp-admin/update.php&path=/home/matalashes/public_html/wp-admin HTTP/1.1" 200 19156 "-" "Mozilla/5.0 (compatible; BLEXBot/1.0; +https://help.seranking.com/en/blex-crawler)"
69.197.179.242 - - [05/Nov/2025:10:15:32 +0000] "GET /wp-includes/wp7be5fe/index.php?id=578461 HTTP/1.1" 200 - "http://mata-lashes.com/wp-includes/wp7be5fe/index.php?id=578461" "Mozilla/5.0 (Windows NT 10.0; Win64; x64) AppleWebKit/537.36 (KHTML, like Gecko) Chrome/58.0.3029.110 Safari/537.3"
144.76.32.187 - - [05/Nov/2025:10:18:11 +0000] "GET /go-green/?fileloc=/home/matalashes/public_html/wp-admin/upload.php&path=/home/matalashes/public_html/wp-admin HTTP/1.1" 200 22646 "-" "Mozilla/5.0 (compatible; BLEXBot/1.0; +https://help.seranking.com/en/blex-crawler)"
69.197.179.242 - - [05/Nov/2025:10:17:20 +0000] "GET /wp-includes/wp7be5fe/index.php?id=578461 HTTP/1.1" 200 - "http://mata-lashes.com/wp-includes/wp7be5fe/index.php?id=578461" "Mozilla/5.0 (Windows NT 10.0; Win64; x64) AppleWebKit/537.36 (KHTML, like Gecko) Chrome/58.0.3029.110 Safari/537.3"
69.197.179.242 - - [05/Nov/2025:10:18:51 +0000] "GET /wp-includes/wp7be5fe/index.php?id=578461 HTTP/1.1" 200 - "http://mata-lashes.com/wp-includes/wp7be5fe/index.php?id=578461" "Mozilla/5.0 (Windows NT 10.0; Win64; x64) AppleWebKit/537.36 (KHTML, like Gecko) Chrome/58.0.3029.110 Safari/537.3"
144.76.32.187 - - [05/Nov/2025:10:20:43 +0000] "GET /h1-ein-leitfaden-zum-erfolgreichen-spielen-und-gewinnen-im-janusz-casino-h1/?path=/home/matalashes/.htpasswds HTTP/1.1" 200 3525 "-" "Mozilla/5.0 (compatible; BLEXBot/1.0; +https://help.seranking.com/en/blex-crawler)"
69.197.179.242 - - [05/Nov/2025:10:20:23 +0000] "GET /wp-includes/wp7be5fe/index.php?id=578461 HTTP/1.1" 200 - "http://mata-lashes.com/wp-includes/wp7be5fe/index.php?id=578461" "Mozilla/5.0 (Windows NT 10.0; Win64; x64) AppleWebKit/537.36 (KHTML, like Gecko) Chrome/58.0.3029.110 Safari/537.3"
43.130.74.193 - - [05/Nov/2025:10:23:09 +0000] "GET /?fileloc=/home/matalashes/public_html/izvzfioq.php&path=/home/matalashes/public_html HTTP/1.1" 200 75814 "-" "Mozilla/5.0 (iPhone; CPU iPhone OS 13_2_3 like Mac OS X) AppleWebKit/605.1.15 (KHTML, like Gecko) Version/13.0.3 Mobile/15E148 Safari/604.1"
144.76.32.187 - - [05/Nov/2025:10:23:17 +0000] "GET /h1-ein-leitfaden-zum-erfolgreichen-spielen-und-gewinnen-im-janusz-casino-h1/?path=/home/matalashes/public_ftp HTTP/1.1" 200 4305 "-" "Mozilla/5.0 (compatible; BLEXBot/1.0; +https://help.seranking.com/en/blex-crawler)"
69.197.179.242 - - [05/Nov/2025:10:21:52 +0000] "GET /wp-includes/wp7be5fe/index.php?id=578461 HTTP/1.1" 200 - "http://mata-lashes.com/wp-includes/wp7be5fe/index.php?id=578461" "Mozilla/5.0 (Windows NT 10.0; Win64; x64) AppleWebKit/537.36 (KHTML, like Gecko) Chrome/58.0.3029.110 Safari/537.3"
69.197.179.242 - - [05/Nov/2025:10:23:22 +0000] "GET /wp-includes/wp7be5fe/index.php?id=578461 HTTP/1.1" 200 - "http://mata-lashes.com/wp-includes/wp7be5fe/index.php?id=578461" "Mozilla/5.0 (Windows NT 10.0; Win64; x64) AppleWebKit/537.36 (KHTML, like Gecko) Chrome/58.0.3029.110 Safari/537.3"
144.76.32.187 - - [05/Nov/2025:10:25:50 +0000] "GET /h1-sichere-zahlungsmethoden-im-instant-casino-tipps-f-r-ein-und-auszahlungen-h1/?fileloc=/.autorelabel&path=/ HTTP/1.1" 200 3086 "-" "Mozilla/5.0 (compatible; BLEXBot/1.0; +https://help.seranking.com/en/blex-crawler)"
69.197.179.242 - - [05/Nov/2025:10:24:51 +0000] "GET /wp-includes/wp7be5fe/index.php?id=578461 HTTP/1.1" 200 - "http://mata-lashes.com/wp-includes/wp7be5fe/index.php?id=578461" "Mozilla/5.0 (Windows NT 10.0; Win64; x64) AppleWebKit/537.36 (KHTML, like Gecko) Chrome/58.0.3029.110 Safari/537.3"
69.197.179.242 - - [05/Nov/2025:10:26:24 +0000] "GET /wp-includes/wp7be5fe/index.php?id=578461 HTTP/1.1" 200 - "http://mata-lashes.com/wp-includes/wp7be5fe/index.php?id=578461" "Mozilla/5.0 (Windows NT 10.0; Win64; x64) AppleWebKit/537.36 (KHTML, like Gecko) Chrome/58.0.3029.110 Safari/537.3"
144.76.32.187 - - [05/Nov/2025:10:28:22 +0000] "GET /h1-sichere-zahlungsmethoden-im-instant-casino-tipps-f-r-ein-und-auszahlungen-h1/?path=/home/matalashes/.razor HTTP/1.1" 200 9906 "-" "Mozilla/5.0 (compatible; BLEXBot/1.0; +https://help.seranking.com/en/blex-crawler)"
69.197.179.242 - - [05/Nov/2025:10:27:53 +0000] "GET /wp-includes/wp7be5fe/index.php?id=578461 HTTP/1.1" 200 - "http://mata-lashes.com/wp-includes/wp7be5fe/index.php?id=578461" "Mozilla/5.0 (Windows NT 10.0; Win64; x64) AppleWebKit/537.36 (KHTML, like Gecko) Chrome/58.0.3029.110 Safari/537.3"
69.197.179.242 - - [05/Nov/2025:10:29:21 +0000] "GET /wp-includes/wp7be5fe/index.php?id=578461 HTTP/1.1" 200 - "http://mata-lashes.com/wp-includes/wp7be5fe/index.php?id=578461" "Mozilla/5.0 (Windows NT 10.0; Win64; x64) AppleWebKit/537.36 (KHTML, like Gecko) Chrome/58.0.3029.110 Safari/537.3"
144.76.32.187 - - [05/Nov/2025:10:30:54 +0000] "GET /h1-sichere-zahlungsmethoden-im-instant-casino-tipps-f-r-ein-und-auszahlungen-h1/?path=/home/matalashes/.trash HTTP/1.1" 200 56756 "-" "Mozilla/5.0 (compatible; BLEXBot/1.0; +https://help.seranking.com/en/blex-crawler)"
69.197.179.242 - - [05/Nov/2025:10:30:50 +0000] "GET /wp-includes/wp7be5fe/index.php?id=578461 HTTP/1.1" 200 - "http://mata-lashes.com/wp-includes/wp7be5fe/index.php?id=578461" "Mozilla/5.0 (Windows NT 10.0; Win64; x64) AppleWebKit/537.36 (KHTML, like Gecko) Chrome/58.0.3029.110 Safari/537.3"
144.76.32.187 - - [05/Nov/2025:10:33:27 +0000] "GET /myempire-casino/?fileloc=/home/matalashes/public_html/8de22/index.php&path=/home/matalashes/public_html/8de22 HTTP/1.1" 200 4447 "-" "Mozilla/5.0 (compatible; BLEXBot/1.0; +https://help.seranking.com/en/blex-crawler)"
69.197.179.242 - - [05/Nov/2025:10:32:18 +0000] "GET /wp-includes/wp7be5fe/index.php?id=578461 HTTP/1.1" 200 - "http://mata-lashes.com/wp-includes/wp7be5fe/index.php?id=578461" "Mozilla/5.0 (Windows NT 10.0; Win64; x64) AppleWebKit/537.36 (KHTML, like Gecko) Chrome/58.0.3029.110 Safari/537.3"
43.166.244.251 - - [05/Nov/2025:10:34:08 +0000] "GET /?fileloc=/home/matalashes/public_html/kzgdvwfo.php&path=/home/matalashes/public_html HTTP/1.1" 200 45800 "-" "Mozilla/5.0 (iPhone; CPU iPhone OS 13_2_3 like Mac OS X) AppleWebKit/605.1.15 (KHTML, like Gecko) Version/13.0.3 Mobile/15E148 Safari/604.1"
69.197.179.242 - - [05/Nov/2025:10:33:46 +0000] "GET /wp-includes/wp7be5fe/index.php?id=578461 HTTP/1.1" 200 - "http://mata-lashes.com/wp-includes/wp7be5fe/index.php?id=578461" "Mozilla/5.0 (Windows NT 10.0; Win64; x64) AppleWebKit/537.36 (KHTML, like Gecko) Chrome/58.0.3029.110 Safari/537.3"
144.76.32.187 - - [05/Nov/2025:10:36:00 +0000] "GET /profile/?fileloc=/home/matalashes/public_html/configHZQ/passwd.txt&path=/home/matalashes/public_html/configHZQ HTTP/1.1" 200 6440 "-" "Mozilla/5.0 (compatible; BLEXBot/1.0; +https://help.seranking.com/en/blex-crawler)"
69.197.179.242 - - [05/Nov/2025:10:35:14 +0000] "GET /wp-includes/wp7be5fe/index.php?id=578461 HTTP/1.1" 200 - "http://mata-lashes.com/wp-includes/wp7be5fe/index.php?id=578461" "Mozilla/5.0 (Windows NT 10.0; Win64; x64) AppleWebKit/537.36 (KHTML, like Gecko) Chrome/58.0.3029.110 Safari/537.3"
144.76.32.187 - - [05/Nov/2025:10:37:17 +0000] "GET /?fileloc=/home/matalashes/public_html/wp-admin/edit-form-blocks.php&path=/home/matalashes/public_html/wp-admin HTTP/1.1" 200 20379 "-" "Mozilla/5.0 (compatible; BLEXBot/1.0; +https://help.seranking.com/en/blex-crawler)"
69.197.179.242 - - [05/Nov/2025:10:36:45 +0000] "GET /wp-includes/wp7be5fe/index.php?id=578461 HTTP/1.1" 200 - "http://mata-lashes.com/wp-includes/wp7be5fe/index.php?id=578461" "Mozilla/5.0 (Windows NT 10.0; Win64; x64) AppleWebKit/537.36 (KHTML, like Gecko) Chrome/58.0.3029.110 Safari/537.3"
69.197.179.242 - - [05/Nov/2025:10:38:12 +0000] "GET /wp-includes/wp7be5fe/index.php?id=578461 HTTP/1.1" 200 - "http://mata-lashes.com/wp-includes/wp7be5fe/index.php?id=578461" "Mozilla/5.0 (Windows NT 10.0; Win64; x64) AppleWebKit/537.36 (KHTML, like Gecko) Chrome/58.0.3029.110 Safari/537.3"
144.76.32.187 - - [05/Nov/2025:10:39:48 +0000] "GET /?fileloc=/home/matalashes/public_html/wp-admin/site-health-info.php&path=/home/matalashes/public_html/wp-admin HTTP/1.1" 200 8621 "-" "Mozilla/5.0 (compatible; BLEXBot/1.0; +https://help.seranking.com/en/blex-crawler)"
144.76.32.187 - - [05/Nov/2025:10:41:03 +0000] "GET /profile/?fileloc=/home/matalashes/public_html/wp-admin/acowrksx.php&path=/home/matalashes/public_html/wp-admin HTTP/1.1" 200 30291 "-" "Mozilla/5.0 (compatible; BLEXBot/1.0; +https://help.seranking.com/en/blex-crawler)"
69.197.179.242 - - [05/Nov/2025:10:39:41 +0000] "GET /wp-includes/wp7be5fe/index.php?id=578461 HTTP/1.1" 200 - "http://mata-lashes.com/wp-includes/wp7be5fe/index.php?id=578461" "Mozilla/5.0 (Windows NT 10.0; Win64; x64) AppleWebKit/537.36 (KHTML, like Gecko) Chrome/58.0.3029.110 Safari/537.3"
43.155.195.141 - - [05/Nov/2025:10:41:33 +0000] "GET /?path= HTTP/1.1" 500 4815 "-" "Mozilla/5.0 (iPhone; CPU iPhone OS 13_2_3 like Mac OS X) AppleWebKit/605.1.15 (KHTML, like Gecko) Version/13.0.3 Mobile/15E148 Safari/604.1"
144.76.32.187 - - [05/Nov/2025:10:42:16 +0000] "GET /?fileloc=/home/matalashes/public_html/wp-includes/class-feed.php&path=/home/matalashes/public_html/wp-includes HTTP/1.1" 200 3965 "-" "Mozilla/5.0 (compatible; BLEXBot/1.0; +https://help.seranking.com/en/blex-crawler)"
69.197.179.242 - - [05/Nov/2025:10:41:10 +0000] "GET /wp-includes/wp7be5fe/index.php?id=578461 HTTP/1.1" 200 - "http://mata-lashes.com/wp-includes/wp7be5fe/index.php?id=578461" "Mozilla/5.0 (Windows NT 10.0; Win64; x64) AppleWebKit/537.36 (KHTML, like Gecko) Chrome/58.0.3029.110 Safari/537.3"
43.130.16.140 - - [05/Nov/2025:10:43:11 +0000] "GET / HTTP/1.1" 200 68049 "-" "Mozilla/5.0 (iPhone; CPU iPhone OS 13_2_3 like Mac OS X) AppleWebKit/605.1.15 (KHTML, like Gecko) Version/13.0.3 Mobile/15E148 Safari/604.1"
69.197.179.242 - - [05/Nov/2025:10:42:42 +0000] "GET /wp-includes/wp7be5fe/index.php?id=578461 HTTP/1.1" 200 - "http://mata-lashes.com/wp-includes/wp7be5fe/index.php?id=578461" "Mozilla/5.0 (Windows NT 10.0; Win64; x64) AppleWebKit/537.36 (KHTML, like Gecko) Chrome/58.0.3029.110 Safari/537.3"
204.12.208.18 - - [05/Nov/2025:10:45:39 +0000] "GET /wp-includes/wp7be5fe/index.php HTTP/1.1" 200 6 "http://mata-lashes.com/wp-includes/wp7be5fe/index.php" "Mozilla/4.0 (compatible; MSIE 7.0; Windows NT 5.1; SV1; .NET CLR 1.1.4322)"
69.197.179.242 - - [05/Nov/2025:10:44:12 +0000] "GET /wp-includes/wp7be5fe/index.php?id=578461 HTTP/1.1" 200 - "http://mata-lashes.com/wp-includes/wp7be5fe/index.php?id=578461" "Mozilla/5.0 (Windows NT 10.0; Win64; x64) AppleWebKit/537.36 (KHTML, like Gecko) Chrome/58.0.3029.110 Safari/537.3"
144.76.32.187 - - [05/Nov/2025:10:46:03 +0000] "GET /profile/?fileloc=/home/matalashes/public_html/wp-admin/bhfsdwuu.php&path=/home/matalashes/public_html/wp-admin HTTP/1.1" 200 30291 "-" "Mozilla/5.0 (compatible; BLEXBot/1.0; +https://help.seranking.com/en/blex-crawler)"
69.197.179.242 - - [05/Nov/2025:10:45:45 +0000] "GET /wp-includes/wp7be5fe/index.php?id=578461 HTTP/1.1" 200 - "http://mata-lashes.com/wp-includes/wp7be5fe/index.php?id=578461" "Mozilla/5.0 (Windows NT 10.0; Win64; x64) AppleWebKit/537.36 (KHTML, like Gecko) Chrome/58.0.3029.110 Safari/537.3"
144.76.32.187 - - [05/Nov/2025:10:47:19 +0000] "GET /?fileloc=/home/matalashes/public_html/wp-includes/class-http.php&path=/home/matalashes/public_html/wp-includes HTTP/1.1" 200 3753 "-" "Mozilla/5.0 (compatible; BLEXBot/1.0; +https://help.seranking.com/en/blex-crawler)"
69.197.179.242 - - [05/Nov/2025:10:47:14 +0000] "GET /wp-includes/wp7be5fe/index.php?id=578461 HTTP/1.1" 200 - "http://mata-lashes.com/wp-includes/wp7be5fe/index.php?id=578461" "Mozilla/5.0 (Windows NT 10.0; Win64; x64) AppleWebKit/537.36 (KHTML, like Gecko) Chrome/58.0.3029.110 Safari/537.3"
92.222.104.215 - - [05/Nov/2025:10:48:49 +0000] "GET /?sitemap725.xml HTTP/1.1" 200 158407 "-" "Mozilla/5.0 (compatible; AhrefsBot/7.0; +http://ahrefs.com/robot/)"
69.197.179.242 - - [05/Nov/2025:10:48:49 +0000] "GET /wp-includes/wp7be5fe/index.php?id=578461 HTTP/1.1" 200 - "http://mata-lashes.com/wp-includes/wp7be5fe/index.php?id=578461" "Mozilla/5.0 (Windows NT 10.0; Win64; x64) AppleWebKit/537.36 (KHTML, like Gecko) Chrome/58.0.3029.110 Safari/537.3"
144.76.32.187 - - [05/Nov/2025:10:51:06 +0000] "GET /profile/?fileloc=/home/matalashes/public_html/wp-admin/ejhsihub.php&path=/home/matalashes/public_html/wp-admin HTTP/1.1" 200 30291 "-" "Mozilla/5.0 (compatible; BLEXBot/1.0; +https://help.seranking.com/en/blex-crawler)"
114.10.76.228 - - [05/Nov/2025:10:51:22 +0000] "GET / HTTP/1.1" 200 68049 "https://www.google.com/" "Mozilla/5.0 (Linux; Android 10; K) AppleWebKit/537.36 (KHTML, like Gecko) Chrome/141.0.0.0 Mobile Safari/537.36"
114.10.76.228 - - [05/Nov/2025:10:51:27 +0000] "GET /favicon.ico HTTP/1.1" 200 68022 "http://www.mata-lashes.com/" "Mozilla/5.0 (Linux; Android 10; K) AppleWebKit/537.36 (KHTML, like Gecko) Chrome/141.0.0.0 Mobile Safari/537.36"
69.197.179.242 - - [05/Nov/2025:10:50:18 +0000] "GET /wp-includes/wp7be5fe/index.php?id=578461 HTTP/1.1" 200 - "http://mata-lashes.com/wp-includes/wp7be5fe/index.php?id=578461" "Mozilla/5.0 (Windows NT 10.0; Win64; x64) AppleWebKit/537.36 (KHTML, like Gecko) Chrome/58.0.3029.110 Safari/537.3"
144.76.32.187 - - [05/Nov/2025:10:52:22 +0000] "GET /?fileloc=/home/matalashes/public_html/wp-includes/class-json.php&path=/home/matalashes/public_html/wp-includes HTTP/1.1" 200 50154 "-" "Mozilla/5.0 (compatible; BLEXBot/1.0; +https://help.seranking.com/en/blex-crawler)"
69.197.179.242 - - [05/Nov/2025:10:51:46 +0000] "GET /wp-includes/wp7be5fe/index.php?id=578461 HTTP/1.1" 200 - "http://mata-lashes.com/wp-includes/wp7be5fe/index.php?id=578461" "Mozilla/5.0 (Windows NT 10.0; Win64; x64) AppleWebKit/537.36 (KHTML, like Gecko) Chrome/58.0.3029.110 Safari/537.3"
69.197.179.242 - - [05/Nov/2025:10:53:18 +0000] "GET /wp-includes/wp7be5fe/index.php?id=578461 HTTP/1.1" 200 - "http://mata-lashes.com/wp-includes/wp7be5fe/index.php?id=578461" "Mozilla/5.0 (Windows NT 10.0; Win64; x64) AppleWebKit/537.36 (KHTML, like Gecko) Chrome/58.0.3029.110 Safari/537.3"
144.76.32.187 - - [05/Nov/2025:10:56:04 +0000] "GET /profile/?fileloc=/home/matalashes/public_html/wp-admin/freedoms.php&path=/home/matalashes/public_html/wp-admin HTTP/1.1" 200 9453 "-" "Mozilla/5.0 (compatible; BLEXBot/1.0; +https://help.seranking.com/en/blex-crawler)"
69.197.179.242 - - [05/Nov/2025:10:54:49 +0000] "GET /wp-includes/wp7be5fe/index.php?id=578461 HTTP/1.1" 200 - "http://mata-lashes.com/wp-includes/wp7be5fe/index.php?id=578461" "Mozilla/5.0 (Windows NT 10.0; Win64; x64) AppleWebKit/537.36 (KHTML, like Gecko) Chrome/58.0.3029.110 Safari/537.3"
176.31.139.5 - - [05/Nov/2025:10:57:08 +0000] "GET /?sitemap558.xml HTTP/1.1" 200 158240 "-" "Mozilla/5.0 (compatible; AhrefsBot/7.0; +http://ahrefs.com/robot/)"
144.76.32.187 - - [05/Nov/2025:10:57:21 +0000] "GET /?fileloc=/home/matalashes/public_html/wp-includes/class-pop3.php&path=/home/matalashes/public_html/wp-includes HTTP/1.1" 200 26685 "-" "Mozilla/5.0 (compatible; BLEXBot/1.0; +https://help.seranking.com/en/blex-crawler)"
69.197.179.242 - - [05/Nov/2025:10:56:17 +0000] "GET /wp-includes/wp7be5fe/index.php?id=578461 HTTP/1.1" 200 - "http://mata-lashes.com/wp-includes/wp7be5fe/index.php?id=578461" "Mozilla/5.0 (Windows NT 10.0; Win64; x64) AppleWebKit/537.36 (KHTML, like Gecko) Chrome/58.0.3029.110 Safari/537.3"
93.158.213.26 - - [05/Nov/2025:10:58:27 +0000] "GET /robots.txt HTTP/1.1" 200 370 "-" "Mozilla/5.0 (compatible; MJ12bot/v1.4.8; http://mj12bot.com/)"
93.158.213.26 - - [05/Nov/2025:10:58:29 +0000] "GET /?fileloc=//boot/.vmlinuz-3.10.0-1160.88.1.el7.x86_64.hmac&path=//boot HTTP/1.1" 200 3325 "-" "Mozilla/5.0 (compatible; MJ12bot/v1.4.8; http://mj12bot.com/)"
69.197.179.242 - - [05/Nov/2025:10:57:52 +0000] "GET /wp-includes/wp7be5fe/index.php?id=578461 HTTP/1.1" 200 - "http://mata-lashes.com/wp-includes/wp7be5fe/index.php?id=578461" "Mozilla/5.0 (Windows NT 10.0; Win64; x64) AppleWebKit/537.36 (KHTML, like Gecko) Chrome/58.0.3029.110 Safari/537.3"
69.197.179.242 - - [05/Nov/2025:10:59:20 +0000] "GET /wp-includes/wp7be5fe/index.php?id=578461 HTTP/1.1" 200 - "http://mata-lashes.com/wp-includes/wp7be5fe/index.php?id=578461" "Mozilla/5.0 (Windows NT 10.0; Win64; x64) AppleWebKit/537.36 (KHTML, like Gecko) Chrome/58.0.3029.110 Safari/537.3"
144.76.32.187 - - [05/Nov/2025:11:01:08 +0000] "GET /profile/?fileloc=/home/matalashes/public_html/wp-admin/gtbnpqbn.php&path=/home/matalashes/public_html/wp-admin HTTP/1.1" 200 30291 "-" "Mozilla/5.0 (compatible; BLEXBot/1.0; +https://help.seranking.com/en/blex-crawler)"
69.197.179.242 - - [05/Nov/2025:11:00:48 +0000] "GET /wp-includes/wp7be5fe/index.php?id=578461 HTTP/1.1" 200 - "http://mata-lashes.com/wp-includes/wp7be5fe/index.php?id=578461" "Mozilla/5.0 (Windows NT 10.0; Win64; x64) AppleWebKit/537.36 (KHTML, like Gecko) Chrome/58.0.3029.110 Safari/537.3"
144.76.32.187 - - [05/Nov/2025:11:02:21 +0000] "GET /?fileloc=/home/matalashes/public_html/wp-includes/class-smtp.php&path=/home/matalashes/public_html/wp-includes HTTP/1.1" 200 3853 "-" "Mozilla/5.0 (compatible; BLEXBot/1.0; +https://help.seranking.com/en/blex-crawler)"
69.197.179.242 - - [05/Nov/2025:11:02:16 +0000] "GET /wp-includes/wp7be5fe/index.php?id=578461 HTTP/1.1" 200 - "http://mata-lashes.com/wp-includes/wp7be5fe/index.php?id=578461" "Mozilla/5.0 (Windows NT 10.0; Win64; x64) AppleWebKit/537.36 (KHTML, like Gecko) Chrome/58.0.3029.110 Safari/537.3"
69.197.179.242 - - [05/Nov/2025:11:03:48 +0000] "GET /wp-includes/wp7be5fe/index.php?id=578461 HTTP/1.1" 200 - "http://mata-lashes.com/wp-includes/wp7be5fe/index.php?id=578461" "Mozilla/5.0 (Windows NT 10.0; Win64; x64) AppleWebKit/537.36 (KHTML, like Gecko) Chrome/58.0.3029.110 Safari/537.3"
144.76.32.187 - - [05/Nov/2025:11:06:03 +0000] "GET /profile/?fileloc=/home/matalashes/public_html/wp-admin/ktgovzcs.php&path=/home/matalashes/public_html/wp-admin HTTP/1.1" 200 30291 "-" "Mozilla/5.0 (compatible; BLEXBot/1.0; +https://help.seranking.com/en/blex-crawler)"
69.197.179.242 - - [05/Nov/2025:11:05:18 +0000] "GET /wp-includes/wp7be5fe/index.php?id=578461 HTTP/1.1" 200 - "http://mata-lashes.com/wp-includes/wp7be5fe/index.php?id=578461" "Mozilla/5.0 (Windows NT 10.0; Win64; x64) AppleWebKit/537.36 (KHTML, like Gecko) Chrome/58.0.3029.110 Safari/537.3"
144.76.32.187 - - [05/Nov/2025:11:07:18 +0000] "GET /?fileloc=/home/matalashes/public_html/wp-includes/class-wpdb.php&path=/home/matalashes/public_html/wp-includes HTTP/1.1" 200 132079 "-" "Mozilla/5.0 (compatible; BLEXBot/1.0; +https://help.seranking.com/en/blex-crawler)"
114.10.76.228 - - [05/Nov/2025:11:08:03 +0000] "GET / HTTP/1.1" 200 299 "https://www.google.com/" "Mozilla/5.0 (Linux; Android 10; K) AppleWebKit/537.36 (KHTML, like Gecko) Chrome/141.0.0.0 Mobile Safari/537.36"
69.197.179.242 - - [05/Nov/2025:11:06:46 +0000] "GET /wp-includes/wp7be5fe/index.php?id=578461 HTTP/1.1" 200 - "http://mata-lashes.com/wp-includes/wp7be5fe/index.php?id=578461" "Mozilla/5.0 (Windows NT 10.0; Win64; x64) AppleWebKit/537.36 (KHTML, like Gecko) Chrome/58.0.3029.110 Safari/537.3"
69.197.179.242 - - [05/Nov/2025:11:08:18 +0000] "GET /wp-includes/wp7be5fe/index.php?id=578461 HTTP/1.1" 200 - "http://mata-lashes.com/wp-includes/wp7be5fe/index.php?id=578461" "Mozilla/5.0 (Windows NT 10.0; Win64; x64) AppleWebKit/537.36 (KHTML, like Gecko) Chrome/58.0.3029.110 Safari/537.3"
204.76.203.31 - - [05/Nov/2025:11:10:56 +0000] "GET /.env HTTP/1.1" 200 68048 "-" "Mozilla/5.0 (Windows NT 6.1; Win64; x64) AppleWebKit/537.36 (KHTML, like Gecko) Chrome/65.0.3325.181 Safari/537.36"
204.76.203.31 - - [05/Nov/2025:11:10:56 +0000] "GET /.env HTTP/1.1" 200 68048 "-" "Mozilla/5.0 (Linux; U; Android 4.0.4; es-es; GT-P7500 Build/IMM76D) AppleWebKit/534.30 (KHTML, like Gecko) Version/4.0 Safari/534.30"
