74.7.227.179 - - [05/Nov/2025:03:38:43 +0000] "GET /?path=/home/matalashes/public_html/simulasikite.mata-lashes.com/__MACOSX/mata/app/Views/frontend/template/demo/vendor HTTP/1.1" 200 9025 "-" "Mozilla/5.0 AppleWebKit/537.36 (KHTML, like Gecko; compatible; GPTBot/1.2; +https://openai.com/gptbot)"
74.7.227.179 - - [05/Nov/2025:03:38:48 +0000] "GET /?path=/home/matalashes/public_html/simulasikite.mata-lashes.com/__MACOSX/mata/app/Views/frontend/template/vendor/slick HTTP/1.1" 200 21548 "-" "Mozilla/5.0 AppleWebKit/537.36 (KHTML, like Gecko; compatible; GPTBot/1.2; +https://openai.com/gptbot)"
74.7.227.179 - - [05/Nov/2025:03:38:53 +0000] "GET /?path=/home/matalashes/public_html/simulasikite.mata-lashes.com/__MACOSX/mata/public/assets/theme/admin/texteditor/ckeditor/plugins/widget HTTP/1.1" 200 7260 "-" "Mozilla/5.0 AppleWebKit/537.36 (KHTML, like Gecko; compatible; GPTBot/1.2; +https://openai.com/gptbot)"
74.7.227.179 - - [05/Nov/2025:03:38:58 +0000] "GET /?path=/home/matalashes/public_html/simulasikite.mata-lashes.com/__MACOSX/mata/app/Views/frontend/template/img/user HTTP/1.1" 200 10466 "-" "Mozilla/5.0 AppleWebKit/537.36 (KHTML, like Gecko; compatible; GPTBot/1.2; +https://openai.com/gptbot)"
43.153.79.218 - - [05/Nov/2025:03:38:58 +0000] "GET / HTTP/1.1" 200 68049 "-" "Mozilla/5.0 (iPhone; CPU iPhone OS 13_2_3 like Mac OS X) AppleWebKit/605.1.15 (KHTML, like Gecko) Version/13.0.3 Mobile/15E148 Safari/604.1"
74.7.227.179 - - [05/Nov/2025:03:39:08 +0000] "GET /?path=/home/matalashes/public_html/simulasikite.mata-lashes.com/__MACOSX/mata/app/Views/frontend/documentation/images HTTP/1.1" 200 10461 "-" "Mozilla/5.0 AppleWebKit/537.36 (KHTML, like Gecko; compatible; GPTBot/1.2; +https://openai.com/gptbot)"
74.7.227.179 - - [05/Nov/2025:03:39:14 +0000] "GET /?path=/home/matalashes/public_html/simulasikite.mata-lashes.com/__MACOSX/mata/app/Views/frontend/template/img/icons HTTP/1.1" 200 16636 "-" "Mozilla/5.0 AppleWebKit/537.36 (KHTML, like Gecko; compatible; GPTBot/1.2; +https://openai.com/gptbot)"
74.7.227.179 - - [05/Nov/2025:03:39:18 +0000] "GET /?path=/home/matalashes/public_html/simulasikite.mata-lashes.com/__MACOSX/mata/app/Views/admin/layout HTTP/1.1" 200 10996 "-" "Mozilla/5.0 AppleWebKit/537.36 (KHTML, like Gecko; compatible; GPTBot/1.2; +https://openai.com/gptbot)"
144.76.32.187 - - [05/Nov/2025:03:39:23 +0000] "GET /compara-o-entre-vemabet-portugal-e-outros-cassinos-online-dispon-veis/?path=/home/matalashes/.spamassassin HTTP/1.1" 200 6177 "-" "Mozilla/5.0 (compatible; BLEXBot/1.0; +https://help.seranking.com/en/blex-crawler)"
74.7.227.179 - - [05/Nov/2025:03:39:28 +0000] "GET /?path=/home/matalashes/public_html/simulasikite.mata-lashes.com/__MACOSX/mata/app/Views/frontend/template/vendor/icons HTTP/1.1" 200 11644 "-" "Mozilla/5.0 AppleWebKit/537.36 (KHTML, like Gecko; compatible; GPTBot/1.2; +https://openai.com/gptbot)"
74.7.227.179 - - [05/Nov/2025:03:39:34 +0000] "GET /?path=/home/matalashes/public_html/simulasikite.mata-lashes.com/__MACOSX/mata/public/assets/theme/admin/texteditor/ckeditor/plugins/clipboard/dialogs HTTP/1.1" 200 6403 "-" "Mozilla/5.0 AppleWebKit/537.36 (KHTML, like Gecko; compatible; GPTBot/1.2; +https://openai.com/gptbot)"
74.7.227.179 - - [05/Nov/2025:03:39:38 +0000] "GET /?path=/home/matalashes/public_html/simulasikite.mata-lashes.com/__MACOSX/mata/app/Views/frontend/documentation/js HTTP/1.1" 200 12833 "-" "Mozilla/5.0 AppleWebKit/537.36 (KHTML, like Gecko; compatible; GPTBot/1.2; +https://openai.com/gptbot)"
74.7.227.179 - - [05/Nov/2025:03:39:48 +0000] "GET /?path=/home/matalashes/public_html/simulasikite.mata-lashes.com/__MACOSX/mata/app/Views/frontend/documentation/font-awesome HTTP/1.1" 200 8945 "-" "Mozilla/5.0 AppleWebKit/537.36 (KHTML, like Gecko; compatible; GPTBot/1.2; +https://openai.com/gptbot)"
74.7.227.179 - - [05/Nov/2025:03:39:53 +0000] "GET /?path=/home/matalashes/public_html/simulasikite.mata-lashes.com/__MACOSX/mata/public/assets/theme/admin/texteditor/ckeditor/plugins/dialog HTTP/1.1" 200 8596 "-" "Mozilla/5.0 AppleWebKit/537.36 (KHTML, like Gecko; compatible; GPTBot/1.2; +https://openai.com/gptbot)"
74.7.227.179 - - [05/Nov/2025:03:39:56 +0000] "GET /?path=/home/matalashes/public_html/simulasikite.mata-lashes.com/__MACOSX/mata/app/Views/frontend/template/vendor/slick/fonts HTTP/1.1" 200 9666 "-" "Mozilla/5.0 AppleWebKit/537.36 (KHTML, like Gecko; compatible; GPTBot/1.2; +https://openai.com/gptbot)"
74.7.227.179 - - [05/Nov/2025:03:40:05 +0000] "GET /?path=/home/matalashes/public_html/simulasikite.mata-lashes.com/__MACOSX/mata/app/Views/frontend/template/vendor/bootstrap HTTP/1.1" 200 9027 "-" "Mozilla/5.0 AppleWebKit/537.36 (KHTML, like Gecko; compatible; GPTBot/1.2; +https://openai.com/gptbot)"
74.7.227.179 - - [05/Nov/2025:03:40:11 +0000] "GET /?path=/home/matalashes/public_html/simulasikite.mata-lashes.com/__MACOSX/mata/app/Views/frontend/template/vendor/jquery HTTP/1.1" 200 12011 "-" "Mozilla/5.0 AppleWebKit/537.36 (KHTML, like Gecko; compatible; GPTBot/1.2; +https://openai.com/gptbot)"
74.7.227.179 - - [05/Nov/2025:03:40:15 +0000] "GET /?path=/home/matalashes/public_html/simulasikite.mata-lashes.com/__MACOSX/mata/app/Views/frontend/template/vendor/sidebar HTTP/1.1" 200 7045 "-" "Mozilla/5.0 AppleWebKit/537.36 (KHTML, like Gecko; compatible; GPTBot/1.2; +https://openai.com/gptbot)"
74.7.227.179 - - [05/Nov/2025:03:40:25 +0000] "GET /?path=/home/matalashes/public_html/simulasikite.mata-lashes.com/__MACOSX/mata/app/Views/frontend/template/vendor/icons/fonts HTTP/1.1" 200 8450 "-" "Mozilla/5.0 AppleWebKit/537.36 (KHTML, like Gecko; compatible; GPTBot/1.2; +https://openai.com/gptbot)"
74.7.227.179 - - [05/Nov/2025:03:40:29 +0000] "GET /?path=/home/matalashes/public_html/simulasikite.mata-lashes.com/__MACOSX/mata/app/Views/admin/pages/custom HTTP/1.1" 200 15144 "-" "Mozilla/5.0 AppleWebKit/537.36 (KHTML, like Gecko; compatible; GPTBot/1.2; +https://openai.com/gptbot)"
74.7.227.179 - - [05/Nov/2025:03:40:33 +0000] "GET /?path=/home/matalashes/public_html/simulasikite.mata-lashes.com/__MACOSX/mata/app/Views/frontend/documentation/js/prettify HTTP/1.1" 200 5811 "-" "Mozilla/5.0 AppleWebKit/537.36 (KHTML, like Gecko; compatible; GPTBot/1.2; +https://openai.com/gptbot)"
74.7.227.179 - - [05/Nov/2025:03:40:43 +0000] "GET /?path=/home/matalashes/public_html/simulasikite.mata-lashes.com/__MACOSX/mata/public/assets/theme/admin/texteditor/ckeditor/plugins/link/images HTTP/1.1" 200 8768 "-" "Mozilla/5.0 AppleWebKit/537.36 (KHTML, like Gecko; compatible; GPTBot/1.2; +https://openai.com/gptbot)"
74.7.227.179 - - [05/Nov/2025:03:40:48 +0000] "GET /?path=/home/matalashes/public_html/simulasikite.mata-lashes.com/__MACOSX/mata/public/assets/theme/admin/texteditor/ckeditor/plugins/widget/images HTTP/1.1" 200 6384 "-" "Mozilla/5.0 AppleWebKit/537.36 (KHTML, like Gecko; compatible; GPTBot/1.2; +https://openai.com/gptbot)"
74.7.227.179 - - [05/Nov/2025:03:40:53 +0000] "GET /?path=/home/matalashes/public_html/simulasikite.mata-lashes.com/__MACOSX/mata/app/Views/frontend/template/demo/vendor/bootstrap HTTP/1.1" 200 9237 "-" "Mozilla/5.0 AppleWebKit/537.36 (KHTML, like Gecko; compatible; GPTBot/1.2; +https://openai.com/gptbot)"
74.7.227.179 - - [05/Nov/2025:03:41:00 +0000] "GET /?path=/home/matalashes/public_html/simulasikite.mata-lashes.com/__MACOSX/mata/app/Views/admin/pages/primary HTTP/1.1" 200 10097 "-" "Mozilla/5.0 AppleWebKit/537.36 (KHTML, like Gecko; compatible; GPTBot/1.2; +https://openai.com/gptbot)"
74.7.227.179 - - [05/Nov/2025:03:41:10 +0000] "GET /?path=/home/matalashes/public_html/simulasikite.mata-lashes.com/__MACOSX/mata/app/Views/admin/pages/custom/ic HTTP/1.1" 200 5704 "-" "Mozilla/5.0 AppleWebKit/537.36 (KHTML, like Gecko; compatible; GPTBot/1.2; +https://openai.com/gptbot)"
74.7.227.179 - - [05/Nov/2025:03:41:15 +0000] "GET /?path=/home/matalashes/public_html/simulasikite.mata-lashes.com/__MACOSX/mata/app/Views/admin/pages/custom/pembelian HTTP/1.1" 200 6827 "-" "Mozilla/5.0 AppleWebKit/537.36 (KHTML, like Gecko; compatible; GPTBot/1.2; +https://openai.com/gptbot)"
74.7.227.179 - - [05/Nov/2025:03:41:27 +0000] "GET /?path=/home/matalashes/public_html/simulasikite.mata-lashes.com/__MACOSX/mata/app/Views/admin/pages/custom/store HTTP/1.1" 200 10148 "-" "Mozilla/5.0 AppleWebKit/537.36 (KHTML, like Gecko; compatible; GPTBot/1.2; +https://openai.com/gptbot)"
74.7.227.179 - - [05/Nov/2025:03:41:32 +0000] "GET /?path=/home/matalashes/public_html/simulasikite.mata-lashes.com/__MACOSX/mata/app/Views/frontend/template/demo/vendor/bootstrap/js HTTP/1.1" 200 15301 "-" "Mozilla/5.0 AppleWebKit/537.36 (KHTML, like Gecko; compatible; GPTBot/1.2; +https://openai.com/gptbot)"
74.7.227.179 - - [05/Nov/2025:03:41:36 +0000] "GET /?path=/home/matalashes/public_html/simulasikite.mata-lashes.com/__MACOSX/mata/app/Views/frontend/documentation/font-awesome/fonts HTTP/1.1" 200 12471 "-" "Mozilla/5.0 AppleWebKit/537.36 (KHTML, like Gecko; compatible; GPTBot/1.2; +https://openai.com/gptbot)"
74.7.227.179 - - [05/Nov/2025:03:41:45 +0000] "GET /?path=/home/matalashes/public_html/simulasikite.mata-lashes.com/__MACOSX/mata/app/Views/frontend/template/vendor/bootstrap/js HTTP/1.1" 200 14996 "-" "Mozilla/5.0 AppleWebKit/537.36 (KHTML, like Gecko; compatible; GPTBot/1.2; +https://openai.com/gptbot)"
74.7.227.179 - - [05/Nov/2025:03:41:51 +0000] "GET /?path=/home/matalashes/public_html/simulasikite.mata-lashes.com/__MACOSX/mata/app/Views/admin/layout/store HTTP/1.1" 200 5622 "-" "Mozilla/5.0 AppleWebKit/537.36 (KHTML, like Gecko; compatible; GPTBot/1.2; +https://openai.com/gptbot)"
74.7.227.179 - - [05/Nov/2025:03:41:55 +0000] "GET /?path=/home/matalashes/public_html/simulasikite.mata-lashes.com/__MACOSX/mata/app/Views/admin/pages/common HTTP/1.1" 200 6809 "-" "Mozilla/5.0 AppleWebKit/537.36 (KHTML, like Gecko; compatible; GPTBot/1.2; +https://openai.com/gptbot)"
74.7.227.179 - - [05/Nov/2025:03:42:00 +0000] "GET /?path=/home/matalashes/public_html/simulasikite.mata-lashes.com/__MACOSX/mata/app/Views/admin/pages/custom/report HTTP/1.1" 200 13572 "-" "Mozilla/5.0 AppleWebKit/537.36 (KHTML, like Gecko; compatible; GPTBot/1.2; +https://openai.com/gptbot)"
74.7.227.179 - - [05/Nov/2025:03:42:03 +0000] "GET /?path=/home/matalashes/public_html/simulasikite.mata-lashes.com/__MACOSX/mata/public/assets/theme/admin/texteditor/ckeditor/plugins/dialog/styles HTTP/1.1" 200 6384 "-" "Mozilla/5.0 AppleWebKit/537.36 (KHTML, like Gecko; compatible; GPTBot/1.2; +https://openai.com/gptbot)"
74.7.227.179 - - [05/Nov/2025:03:42:08 +0000] "GET /?path=/home/matalashes/public_html/simulasikite.mata-lashes.com/__MACOSX/mata/app/Views/admin/pages/custom/master HTTP/1.1" 200 18284 "-" "Mozilla/5.0 AppleWebKit/537.36 (KHTML, like Gecko; compatible; GPTBot/1.2; +https://openai.com/gptbot)"
74.7.227.179 - - [05/Nov/2025:03:42:12 +0000] "GET /?path=/home/matalashes/public_html/simulasikite.mata-lashes.com/__MACOSX/mata/app/Views/frontend/template/demo/vendor/jquery HTTP/1.1" 200 12271 "-" "Mozilla/5.0 AppleWebKit/537.36 (KHTML, like Gecko; compatible; GPTBot/1.2; +https://openai.com/gptbot)"
74.7.227.179 - - [05/Nov/2025:03:42:16 +0000] "GET /?path=/home/matalashes/public_html/simulasikite.mata-lashes.com/__MACOSX/mata/public/assets/theme/admin/texteditor/ckeditor/plugins/link/images/hidpi HTTP/1.1" 200 6564 "-" "Mozilla/5.0 AppleWebKit/537.36 (KHTML, like Gecko; compatible; GPTBot/1.2; +https://openai.com/gptbot)"
74.7.227.179 - - [05/Nov/2025:03:42:20 +0000] "GET /?path=/home/matalashes/public_html/simulasikite.mata-lashes.com/__MACOSX/mata/app/Views/admin/pages/primary/store HTTP/1.1" 200 6985 "-" "Mozilla/5.0 AppleWebKit/537.36 (KHTML, like Gecko; compatible; GPTBot/1.2; +https://openai.com/gptbot)"
74.7.227.179 - - [05/Nov/2025:03:42:28 +0000] "GET /?path=/home/matalashes/public_html/simulasikite.mata-lashes.com/__MACOSX/mata/public/assets/theme/admin/texteditor/ckeditor/samples/toolbarconfigurator HTTP/1.1" 200 16019 "-" "Mozilla/5.0 AppleWebKit/537.36 (KHTML, like Gecko; compatible; GPTBot/1.2; +https://openai.com/gptbot)"
74.7.227.179 - - [05/Nov/2025:03:42:32 +0000] "GET /?path=/home/matalashes/public_html/simulasikite.mata-lashes.com/__MACOSX/mata/app/Views/admin/pages/custom/store/storeuser HTTP/1.1" 200 7193 "-" "Mozilla/5.0 AppleWebKit/537.36 (KHTML, like Gecko; compatible; GPTBot/1.2; +https://openai.com/gptbot)"
144.76.32.187 - - [05/Nov/2025:03:42:34 +0000] "GET /go-green/?fileloc=/home/matalashes/public_html/cgi-bin/index.php&path=/home/matalashes/public_html/cgi-bin HTTP/1.1" 200 3523 "-" "Mozilla/5.0 (compatible; BLEXBot/1.0; +https://help.seranking.com/en/blex-crawler)"
74.7.227.179 - - [05/Nov/2025:03:42:35 +0000] "GET /?path=/home/matalashes/public_html/simulasikite.mata-lashes.com/__MACOSX/mata/app/Views/admin/pages/custom/master/masteraccess HTTP/1.1" 200 5962 "-" "Mozilla/5.0 AppleWebKit/537.36 (KHTML, like Gecko; compatible; GPTBot/1.2; +https://openai.com/gptbot)"
74.7.227.179 - - [05/Nov/2025:03:42:39 +0000] "GET /?path=/home/matalashes/public_html/simulasikite.mata-lashes.com/__MACOSX/mata/app/Views/admin/pages/custom/master/masterstokopname HTTP/1.1" 200 6002 "-" "Mozilla/5.0 AppleWebKit/537.36 (KHTML, like Gecko; compatible; GPTBot/1.2; +https://openai.com/gptbot)"
74.7.227.179 - - [05/Nov/2025:03:42:46 +0000] "GET /?path=/home/matalashes/public_html/simulasikite.mata-lashes.com/__MACOSX/mata/public/assets/theme/admin/texteditor/ckeditor/plugins/pastefromlibreoffice HTTP/1.1" 200 7386 "-" "Mozilla/5.0 AppleWebKit/537.36 (KHTML, like Gecko; compatible; GPTBot/1.2; +https://openai.com/gptbot)"
74.7.227.179 - - [05/Nov/2025:03:42:50 +0000] "GET /?path=/home/matalashes/public_html/simulasikite.mata-lashes.com/__MACOSX/mata/app/Views/admin/pages/custom/master/mastergudang HTTP/1.1" 200 5962 "-" "Mozilla/5.0 AppleWebKit/537.36 (KHTML, like Gecko; compatible; GPTBot/1.2; +https://openai.com/gptbot)"
74.7.227.179 - - [05/Nov/2025:03:42:53 +0000] "GET /?path=/home/matalashes/public_html/simulasikite.mata-lashes.com/__MACOSX/mata/public/assets/theme/admin/texteditor/ckeditor/samples/toolbarconfigurator/font HTTP/1.1" 200 13367 "-" "Mozilla/5.0 AppleWebKit/537.36 (KHTML, like Gecko; compatible; GPTBot/1.2; +https://openai.com/gptbot)"
74.7.227.179 - - [05/Nov/2025:03:42:55 +0000] "GET /?path=/home/matalashes/public_html/simulasikite.mata-lashes.com/__MACOSX/mata/public/assets/theme/admin/texteditor/ckeditor/samples/toolbarconfigurator/js HTTP/1.1" 200 10727 "-" "Mozilla/5.0 AppleWebKit/537.36 (KHTML, like Gecko; compatible; GPTBot/1.2; +https://openai.com/gptbot)"
74.7.227.179 - - [05/Nov/2025:03:43:07 +0000] "GET /?path=/home/matalashes/public_html/simulasikite.mata-lashes.com/__MACOSX/mata/public/assets/theme/admin/texteditor/ckeditor/samples/toolbarconfigurator/lib HTTP/1.1" 200 7611 "-" "Mozilla/5.0 AppleWebKit/537.36 (KHTML, like Gecko; compatible; GPTBot/1.2; +https://openai.com/gptbot)"
74.7.227.179 - - [05/Nov/2025:03:43:35 +0000] "GET /?path=/home/matalashes/public_html/simulasikite.mata-lashes.com/__MACOSX/mata/public/assets/theme/admin/texteditor/ckeditor/samples/toolbarconfigurator/lib/codemirror HTTP/1.1" 200 15201 "-" "Mozilla/5.0 AppleWebKit/537.36 (KHTML, like Gecko; compatible; GPTBot/1.2; +https://openai.com/gptbot)"
144.76.32.187 - - [05/Nov/2025:03:45:47 +0000] "GET /go-green/?fileloc=/home/matalashes/public_html/wp-admin/php.ini&path=/home/matalashes/public_html/wp-admin HTTP/1.1" 200 3432 "-" "Mozilla/5.0 (compatible; BLEXBot/1.0; +https://help.seranking.com/en/blex-crawler)"
74.7.227.179 - - [05/Nov/2025:03:45:57 +0000] "GET /?path=/home/matalashes/public_html/simulasikite.mata-lashes.com/__MACOSX/mata/public/assets/theme/admin/texteditor/ckeditor/plugins/link/dialogs HTTP/1.1" 200 7684 "-" "Mozilla/5.0 AppleWebKit/537.36 (KHTML, like Gecko; compatible; GPTBot/1.2; +https://openai.com/gptbot)"
159.223.126.211 - - [05/Nov/2025:03:46:04 +0000] "GET /data/lihatservicedesign?fileloc=/home/matalashes/public_html/robots.txt&path=/home/matalashes/public_html HTTP/1.1" 200 3622 "-" "Mozilla/5.0 (Macintosh; Intel Mac OS X 10_15_7) AppleWebKit/537.36 (KHTML, like Gecko) Chrome/135.0.0.0 Safari/537.36"
74.7.227.179 - - [05/Nov/2025:03:46:17 +0000] "GET /?path=/home/matalashes/public_html/simulasikite.mata-lashes.com/__MACOSX/mata/app/Views/admin/pages/custom/store/storerole HTTP/1.1" 200 7193 "-" "Mozilla/5.0 AppleWebKit/537.36 (KHTML, like Gecko; compatible; GPTBot/1.2; +https://openai.com/gptbot)"
74.7.227.179 - - [05/Nov/2025:03:46:25 +0000] "GET /?path=/home/matalashes/public_html/simulasikite.mata-lashes.com/__MACOSX/mata/app/Views/admin/pages/custom/master/mastermatauang HTTP/1.1" 200 5982 "-" "Mozilla/5.0 AppleWebKit/537.36 (KHTML, like Gecko; compatible; GPTBot/1.2; +https://openai.com/gptbot)"
74.7.227.179 - - [05/Nov/2025:03:46:30 +0000] "GET /?fileloc=/home/matalashes/public_html/simulasikite.mata-lashes.com/__MACOSX/mata/app/Views/frontend/template/vendor/bootstrap/js/._bootstrap.min.js&path=/home/matalashes/public_html/simulasikite.mata-lashes.com/__MACOSX/mata/app/Views/frontend/template/vendor/bootstrap/js HTTP/1.1" 200 4718 "-" "Mozilla/5.0 AppleWebKit/537.36 (KHTML, like Gecko; compatible; GPTBot/1.2; +https://openai.com/gptbot)"
144.76.32.187 - - [05/Nov/2025:03:49:01 +0000] "GET /h1-ein-leitfaden-zum-erfolgreichen-spielen-und-gewinnen-im-janusz-casino-h1/?path=/home/matalashes/.cpanel HTTP/1.1" 200 14077 "-" "Mozilla/5.0 (compatible; BLEXBot/1.0; +https://help.seranking.com/en/blex-crawler)"
43.157.170.126 - - [05/Nov/2025:03:51:16 +0000] "GET /?path=/home/matalashes/public_html/configHZQ HTTP/1.1" 200 6302 "-" "Mozilla/5.0 (iPhone; CPU iPhone OS 13_2_3 like Mac OS X) AppleWebKit/605.1.15 (KHTML, like Gecko) Version/13.0.3 Mobile/15E148 Safari/604.1"
144.76.32.187 - - [05/Nov/2025:03:52:18 +0000] "GET /h1-sichere-zahlungsmethoden-im-instant-casino-tipps-f-r-ein-und-auszahlungen-h1/?path=/home/matalashes/etc HTTP/1.1" 200 5126 "-" "Mozilla/5.0 (compatible; BLEXBot/1.0; +https://help.seranking.com/en/blex-crawler)"
144.76.32.187 - - [05/Nov/2025:03:55:31 +0000] "GET /h1-sichere-zahlungsmethoden-im-instant-casino-tipps-f-r-ein-und-auszahlungen-h1/?path=/home/matalashes/ssl HTTP/1.1" 200 7426 "-" "Mozilla/5.0 (compatible; BLEXBot/1.0; +https://help.seranking.com/en/blex-crawler)"
144.76.32.187 - - [05/Nov/2025:03:58:44 +0000] "GET /h1-sichere-zahlungsmethoden-im-instant-casino-tipps-f-r-ein-und-auszahlungen-h1/?path=/home/matalashes/tmp HTTP/1.1" 200 24556 "-" "Mozilla/5.0 (compatible; BLEXBot/1.0; +https://help.seranking.com/en/blex-crawler)"
144.76.32.187 - - [05/Nov/2025:04:02:01 +0000] "GET /h1-sichere-zahlungsmethoden-im-instant-casino-tipps-f-r-ein-und-auszahlungen-h1/?path=/home/matalashes/www HTTP/1.1" 200 65726 "-" "Mozilla/5.0 (compatible; BLEXBot/1.0; +https://help.seranking.com/en/blex-crawler)"
43.165.69.68 - - [05/Nov/2025:04:02:57 +0000] "GET /?path=/home/matalashes/public_html/simulasikite.mata-lashes.com HTTP/1.1" 200 69303 "-" "Mozilla/5.0 (iPhone; CPU iPhone OS 13_2_3 like Mac OS X) AppleWebKit/605.1.15 (KHTML, like Gecko) Version/13.0.3 Mobile/15E148 Safari/604.1"
144.76.32.187 - - [05/Nov/2025:04:05:20 +0000] "GET /profile/?fileloc=/home/matalashes/public_html/wp-admin/about.php&path=/home/matalashes/public_html/wp-admin HTTP/1.1" 200 27911 "-" "Mozilla/5.0 (compatible; BLEXBot/1.0; +https://help.seranking.com/en/blex-crawler)"
144.76.32.187 - - [05/Nov/2025:04:06:57 +0000] "GET /?fileloc=/home/matalashes/public_html/wp-admin/custom-header.php&path=/home/matalashes/public_html/wp-admin HTTP/1.1" 200 3904 "-" "Mozilla/5.0 (compatible; BLEXBot/1.0; +https://help.seranking.com/en/blex-crawler)"
74.7.227.179 - - [05/Nov/2025:04:06:59 +0000] "GET /?path=/home/matalashes/public_html/simulasikite.mata-lashes.com/vendor/phpoffice/phpspreadsheet/src/PhpSpreadsheet/Calculation/Internal HTTP/1.1" 200 7134 "-" "Mozilla/5.0 AppleWebKit/537.36 (KHTML, like Gecko; compatible; GPTBot/1.2; +https://openai.com/gptbot)"
74.7.227.179 - - [05/Nov/2025:04:07:42 +0000] "GET /?path=/home/matalashes/public_html/simulasikite.mata-lashes.com/vendor/phpoffice/phpspreadsheet/src/PhpSpreadsheet/Calculation/Web HTTP/1.1" 200 5784 "-" "Mozilla/5.0 AppleWebKit/537.36 (KHTML, like Gecko; compatible; GPTBot/1.2; +https://openai.com/gptbot)"
144.76.32.187 - - [05/Nov/2025:04:10:13 +0000] "GET /?fileloc=/home/matalashes/public_html/wp-admin/edit-comments.php&path=/home/matalashes/public_html/wp-admin HTTP/1.1" 200 21530 "-" "Mozilla/5.0 (compatible; BLEXBot/1.0; +https://help.seranking.com/en/blex-crawler)"
144.76.32.187 - - [05/Nov/2025:04:11:51 +0000] "GET /profile/?fileloc=/home/matalashes/public_html/wp-admin/admin.php&path=/home/matalashes/public_html/wp-admin HTTP/1.1" 200 17253 "-" "Mozilla/5.0 (compatible; BLEXBot/1.0; +https://help.seranking.com/en/blex-crawler)"
165.227.87.141 - - [05/Nov/2025:04:12:11 +0000] "GET /data/lihatcontactus?fileloc=/home/matalashes/public_html/robots.txt&path=/home/matalashes/public_html HTTP/1.1" 200 3622 "-" "Mozilla/5.0 (Macintosh; Intel Mac OS X 10_15_7) AppleWebKit/537.36 (KHTML, like Gecko) Chrome/135.0.0.0 Safari/537.36"
43.159.135.203 - - [05/Nov/2025:04:12:52 +0000] "GET /?fileloc=/home/matalashes/public_html/defaults.php&path=/home/matalashes/public_html HTTP/1.1" 200 5420 "-" "Mozilla/5.0 (iPhone; CPU iPhone OS 13_2_3 like Mac OS X) AppleWebKit/605.1.15 (KHTML, like Gecko) Version/13.0.3 Mobile/15E148 Safari/604.1"
144.76.32.187 - - [05/Nov/2025:04:13:29 +0000] "GET /?fileloc=/home/matalashes/public_html/wp-admin/edit-tag-form.php&path=/home/matalashes/public_html/wp-admin HTTP/1.1" 200 16436 "-" "Mozilla/5.0 (compatible; BLEXBot/1.0; +https://help.seranking.com/en/blex-crawler)"
94.103.87.20 - - [05/Nov/2025:04:13:43 +0000] "GET /robots.txt HTTP/1.1" 200 370 "-" "Mozilla/5.0 (compatible; MJ12bot/v1.4.8; http://mj12bot.com/)"
94.103.87.20 - - [05/Nov/2025:04:13:44 +0000] "GET /?fileloc=/home/matalashes/public_html/bibjdlkk.php&path=/home/matalashes/public_html HTTP/1.1" 200 30213 "-" "Mozilla/5.0 (compatible; MJ12bot/v1.4.8; http://mj12bot.com/)"
94.103.87.20 - - [05/Nov/2025:04:14:28 +0000] "GET /?fileloc=/home/matalashes/public_html/bibjdlkk.php&path=/home/matalashes/public_html HTTP/1.1" 200 30213 "-" "Mozilla/5.0 (compatible; MJ12bot/v1.4.8; http://mj12bot.com/)"
94.103.87.20 - - [05/Nov/2025:04:15:04 +0000] "GET /robots.txt HTTP/1.1" 200 370 "-" "Mozilla/5.0 (compatible; MJ12bot/v1.4.8; http://mj12bot.com/)"
94.103.87.20 - - [05/Nov/2025:04:15:05 +0000] "GET /robots.txt HTTP/1.1" 200 370 "-" "Mozilla/5.0 (compatible; MJ12bot/v1.4.8; http://mj12bot.com/)"
94.103.87.20 - - [05/Nov/2025:04:15:06 +0000] "GET /?fileloc=//boot/initramfs-0-rescue-d095eaf7f50a4a2aabb1149f0402393f.img&path=//boot HTTP/1.1" 200 3167 "-" "Mozilla/5.0 (compatible; MJ12bot/v1.4.8; http://mj12bot.com/)"
94.103.87.20 - - [05/Nov/2025:04:15:07 +0000] "GET /?fileloc=//boot/initramfs-0-rescue-d095eaf7f50a4a2aabb1149f0402393f.img&path=//boot HTTP/1.1" 200 3167 "-" "Mozilla/5.0 (compatible; MJ12bot/v1.4.8; http://mj12bot.com/)"
94.103.87.20 - - [05/Nov/2025:04:15:10 +0000] "GET /?fileloc=//boot/initramfs-3.10.0-1160.88.1.el7.x86_64.img&path=//boot HTTP/1.1" 200 3153 "-" "Mozilla/5.0 (compatible; MJ12bot/v1.4.8; http://mj12bot.com/)"
94.103.87.20 - - [05/Nov/2025:04:15:11 +0000] "GET /?fileloc=//boot/initramfs-3.10.0-1160.88.1.el7.x86_64.img&path=//boot HTTP/1.1" 200 3153 "-" "Mozilla/5.0 (compatible; MJ12bot/v1.4.8; http://mj12bot.com/)"
94.103.87.20 - - [05/Nov/2025:04:15:14 +0000] "GET /?fileloc=//boot/initramfs-3.10.0-1160.88.1.el7.x86_64kdump.img&path=//boot HTTP/1.1" 200 3158 "-" "Mozilla/5.0 (compatible; MJ12bot/v1.4.8; http://mj12bot.com/)"
94.103.87.20 - - [05/Nov/2025:04:15:16 +0000] "GET /?fileloc=//boot/initramfs-3.10.0-1160.88.1.el7.x86_64kdump.img&path=//boot HTTP/1.1" 200 3158 "-" "Mozilla/5.0 (compatible; MJ12bot/v1.4.8; http://mj12bot.com/)"
94.103.87.20 - - [05/Nov/2025:04:15:18 +0000] "GET /?fileloc=//boot/initramfs-3.10.0-1160.90.1.el7.x86_64.img&path=//boot HTTP/1.1" 200 3153 "-" "Mozilla/5.0 (compatible; MJ12bot/v1.4.8; http://mj12bot.com/)"
94.103.87.20 - - [05/Nov/2025:04:15:20 +0000] "GET /?fileloc=//boot/initramfs-3.10.0-1160.90.1.el7.x86_64.img&path=//boot HTTP/1.1" 200 3153 "-" "Mozilla/5.0 (compatible; MJ12bot/v1.4.8; http://mj12bot.com/)"
94.103.87.20 - - [05/Nov/2025:04:15:22 +0000] "GET /?fileloc=//boot/initramfs-3.10.0-1160.90.1.el7.x86_64kdump.img&path=//boot HTTP/1.1" 200 3158 "-" "Mozilla/5.0 (compatible; MJ12bot/v1.4.8; http://mj12bot.com/)"
94.103.87.20 - - [05/Nov/2025:04:15:24 +0000] "GET /?fileloc=//boot/initramfs-3.10.0-1160.90.1.el7.x86_64kdump.img&path=//boot HTTP/1.1" 200 3158 "-" "Mozilla/5.0 (compatible; MJ12bot/v1.4.8; http://mj12bot.com/)"
94.103.87.20 - - [05/Nov/2025:04:15:26 +0000] "GET /?fileloc=//boot/initramfs-3.10.0-1160.el7.x86_64.img&path=//boot HTTP/1.1" 200 3148 "-" "Mozilla/5.0 (compatible; MJ12bot/v1.4.8; http://mj12bot.com/)"
94.103.87.20 - - [05/Nov/2025:04:15:28 +0000] "GET /?fileloc=//boot/initramfs-3.10.0-1160.el7.x86_64.img&path=//boot HTTP/1.1" 200 3148 "-" "Mozilla/5.0 (compatible; MJ12bot/v1.4.8; http://mj12bot.com/)"
94.103.87.20 - - [05/Nov/2025:04:15:30 +0000] "GET /?fileloc=//boot/symvers-3.10.0-1160.88.1.el7.x86_64.gz&path=//boot HTTP/1.1" 200 595451 "-" "Mozilla/5.0 (compatible; MJ12bot/v1.4.8; http://mj12bot.com/)"
94.103.87.20 - - [05/Nov/2025:04:15:32 +0000] "GET /?fileloc=//boot/symvers-3.10.0-1160.88.1.el7.x86_64.gz&path=//boot HTTP/1.1" 200 595451 "-" "Mozilla/5.0 (compatible; MJ12bot/v1.4.8; http://mj12bot.com/)"
94.103.87.20 - - [05/Nov/2025:04:15:36 +0000] "GET /?fileloc=//boot/symvers-3.10.0-1160.90.1.el7.x86_64.gz&path=//boot HTTP/1.1" 200 595453 "-" "Mozilla/5.0 (compatible; MJ12bot/v1.4.8; http://mj12bot.com/)"
94.103.87.20 - - [05/Nov/2025:04:15:41 +0000] "GET /?fileloc=//boot/symvers-3.10.0-1160.90.1.el7.x86_64.gz&path=//boot HTTP/1.1" 200 595453 "-" "Mozilla/5.0 (compatible; MJ12bot/v1.4.8; http://mj12bot.com/)"
94.103.87.20 - - [05/Nov/2025:04:15:43 +0000] "GET /?fileloc=//boot/symvers-3.10.0-1160.el7.x86_64.gz&path=//boot HTTP/1.1" 200 595650 "-" "Mozilla/5.0 (compatible; MJ12bot/v1.4.8; http://mj12bot.com/)"
94.103.87.20 - - [05/Nov/2025:04:15:46 +0000] "GET /?fileloc=//boot/symvers-3.10.0-1160.el7.x86_64.gz&path=//boot HTTP/1.1" 200 595650 "-" "Mozilla/5.0 (compatible; MJ12bot/v1.4.8; http://mj12bot.com/)"
94.103.87.20 - - [05/Nov/2025:04:15:48 +0000] "GET /?path=//lib/fontconfig HTTP/1.1" 200 4171 "-" "Mozilla/5.0 (compatible; MJ12bot/v1.4.8; http://mj12bot.com/)"
94.103.87.20 - - [05/Nov/2025:04:15:52 +0000] "GET /?path=//lib/fontconfig HTTP/1.1" 200 4171 "-" "Mozilla/5.0 (compatible; MJ12bot/v1.4.8; http://mj12bot.com/)"
94.103.87.20 - - [05/Nov/2025:04:15:52 +0000] "GET /?path=//lib/games HTTP/1.1" 200 3453 "-" "Mozilla/5.0 (compatible; MJ12bot/v1.4.8; http://mj12bot.com/)"
94.103.87.20 - - [05/Nov/2025:04:15:56 +0000] "GET /?path=//lib/games HTTP/1.1" 200 3453 "-" "Mozilla/5.0 (compatible; MJ12bot/v1.4.8; http://mj12bot.com/)"
94.103.87.20 - - [05/Nov/2025:04:15:57 +0000] "GET /?path=//lib/gcc HTTP/1.1" 200 4192 "-" "Mozilla/5.0 (compatible; MJ12bot/v1.4.8; http://mj12bot.com/)"
94.103.87.20 - - [05/Nov/2025:04:16:00 +0000] "GET /?path=//lib/gcc HTTP/1.1" 200 4192 "-" "Mozilla/5.0 (compatible; MJ12bot/v1.4.8; http://mj12bot.com/)"
94.103.87.20 - - [05/Nov/2025:04:16:01 +0000] "GET /?path=//lib/grub HTTP/1.1" 200 4149 "-" "Mozilla/5.0 (compatible; MJ12bot/v1.4.8; http://mj12bot.com/)"
94.103.87.20 - - [05/Nov/2025:04:16:05 +0000] "GET /?path=//lib/grub HTTP/1.1" 200 4149 "-" "Mozilla/5.0 (compatible; MJ12bot/v1.4.8; http://mj12bot.com/)"
94.103.87.20 - - [05/Nov/2025:04:16:06 +0000] "GET /?path=//lib/kbd HTTP/1.1" 200 6269 "-" "Mozilla/5.0 (compatible; MJ12bot/v1.4.8; http://mj12bot.com/)"
94.103.87.20 - - [05/Nov/2025:04:16:10 +0000] "GET /?path=//lib/kbd HTTP/1.1" 200 6269 "-" "Mozilla/5.0 (compatible; MJ12bot/v1.4.8; http://mj12bot.com/)"
94.103.87.20 - - [05/Nov/2025:04:16:10 +0000] "GET /?path=//lib/kdump HTTP/1.1" 200 5072 "-" "Mozilla/5.0 (compatible; MJ12bot/v1.4.8; http://mj12bot.com/)"
94.103.87.20 - - [05/Nov/2025:04:16:14 +0000] "GET /?path=//lib/kdump HTTP/1.1" 200 5072 "-" "Mozilla/5.0 (compatible; MJ12bot/v1.4.8; http://mj12bot.com/)"
94.103.87.20 - - [05/Nov/2025:04:16:14 +0000] "GET /?path=//lib/kernel HTTP/1.1" 200 4167 "-" "Mozilla/5.0 (compatible; MJ12bot/v1.4.8; http://mj12bot.com/)"
94.103.87.20 - - [05/Nov/2025:04:16:18 +0000] "GET /?path=//lib/locale HTTP/1.1" 200 5074 "-" "Mozilla/5.0 (compatible; MJ12bot/v1.4.8; http://mj12bot.com/)"
94.103.87.20 - - [05/Nov/2025:04:16:18 +0000] "GET /?path=//lib/kernel HTTP/1.1" 200 4167 "-" "Mozilla/5.0 (compatible; MJ12bot/v1.4.8; http://mj12bot.com/)"
94.103.87.20 - - [05/Nov/2025:04:16:22 +0000] "GET /?path=//lib/modprobe.d HTTP/1.1" 200 5117 "-" "Mozilla/5.0 (compatible; MJ12bot/v1.4.8; http://mj12bot.com/)"
94.103.87.20 - - [05/Nov/2025:04:16:23 +0000] "GET /?path=//lib/locale HTTP/1.1" 200 5074 "-" "Mozilla/5.0 (compatible; MJ12bot/v1.4.8; http://mj12bot.com/)"
94.103.87.20 - - [05/Nov/2025:04:16:27 +0000] "GET /?path=//lib/modules HTTP/1.1" 200 5798 "-" "Mozilla/5.0 (compatible; MJ12bot/v1.4.8; http://mj12bot.com/)"
94.103.87.20 - - [05/Nov/2025:04:16:27 +0000] "GET /?path=//lib/modprobe.d HTTP/1.1" 200 5117 "-" "Mozilla/5.0 (compatible; MJ12bot/v1.4.8; http://mj12bot.com/)"
94.103.87.20 - - [05/Nov/2025:04:16:31 +0000] "GET /?path=//lib/modules HTTP/1.1" 200 5798 "-" "Mozilla/5.0 (compatible; MJ12bot/v1.4.8; http://mj12bot.com/)"
94.103.87.20 - - [05/Nov/2025:04:16:36 +0000] "GET /?path=//lib/modules-load.d HTTP/1.1" 200 3471 "-" "Mozilla/5.0 (compatible; MJ12bot/v1.4.8; http://mj12bot.com/)"
94.103.87.20 - - [05/Nov/2025:04:16:37 +0000] "GET /?path=//lib/modules-load.d HTTP/1.1" 200 3471 "-" "Mozilla/5.0 (compatible; MJ12bot/v1.4.8; http://mj12bot.com/)"
94.103.87.20 - - [05/Nov/2025:04:16:40 +0000] "GET /?path=//lib/polkit-1 HTTP/1.1" 200 5079 "-" "Mozilla/5.0 (compatible; MJ12bot/v1.4.8; http://mj12bot.com/)"
94.103.87.20 - - [05/Nov/2025:04:16:41 +0000] "GET /?path=//lib/polkit-1 HTTP/1.1" 200 5079 "-" "Mozilla/5.0 (compatible; MJ12bot/v1.4.8; http://mj12bot.com/)"
94.103.87.20 - - [05/Nov/2025:04:16:44 +0000] "GET /?path=//lib/python2.7 HTTP/1.1" 200 4198 "-" "Mozilla/5.0 (compatible; MJ12bot/v1.4.8; http://mj12bot.com/)"
94.103.87.20 - - [05/Nov/2025:04:16:46 +0000] "GET /?path=//lib/python2.7 HTTP/1.1" 200 4198 "-" "Mozilla/5.0 (compatible; MJ12bot/v1.4.8; http://mj12bot.com/)"
94.103.87.20 - - [05/Nov/2025:04:16:48 +0000] "GET /?path=//lib/python3.6 HTTP/1.1" 200 4198 "-" "Mozilla/5.0 (compatible; MJ12bot/v1.4.8; http://mj12bot.com/)"
144.76.32.187 - - [05/Nov/2025:04:16:48 +0000] "GET /?fileloc=/home/matalashes/public_html/wp-admin/options-media.php&path=/home/matalashes/public_html/wp-admin HTTP/1.1" 200 12780 "-" "Mozilla/5.0 (compatible; BLEXBot/1.0; +https://help.seranking.com/en/blex-crawler)"
94.103.87.20 - - [05/Nov/2025:04:16:50 +0000] "GET /?path=//lib/python3.6 HTTP/1.1" 200 4198 "-" "Mozilla/5.0 (compatible; MJ12bot/v1.4.8; http://mj12bot.com/)"
94.103.87.20 - - [05/Nov/2025:04:16:52 +0000] "GET /?path=//lib/rpm HTTP/1.1" 200 52498 "-" "Mozilla/5.0 (compatible; MJ12bot/v1.4.8; http://mj12bot.com/)"
94.103.87.20 - - [05/Nov/2025:04:16:54 +0000] "GET /?path=//lib/rpm HTTP/1.1" 200 52498 "-" "Mozilla/5.0 (compatible; MJ12bot/v1.4.8; http://mj12bot.com/)"
94.103.87.20 - - [05/Nov/2025:04:16:56 +0000] "GET /?path=//lib/sse2 HTTP/1.1" 200 3451 "-" "Mozilla/5.0 (compatible; MJ12bot/v1.4.8; http://mj12bot.com/)"
94.103.87.20 - - [05/Nov/2025:04:16:59 +0000] "GET /?path=//lib/sse2 HTTP/1.1" 200 3451 "-" "Mozilla/5.0 (compatible; MJ12bot/v1.4.8; http://mj12bot.com/)"
94.103.87.20 - - [05/Nov/2025:04:17:00 +0000] "GET /?path=//lib/sysctl.d HTTP/1.1" 200 6743 "-" "Mozilla/5.0 (compatible; MJ12bot/v1.4.8; http://mj12bot.com/)"
94.103.87.20 - - [05/Nov/2025:04:17:03 +0000] "GET /?path=//lib/sysctl.d HTTP/1.1" 200 6743 "-" "Mozilla/5.0 (compatible; MJ12bot/v1.4.8; http://mj12bot.com/)"
167.99.10.234 - - [05/Nov/2025:04:17:31 +0000] "GET /simulasikite.mata-lashes.com/UQL3eRb9BG5.php?edit=/home/matalashes/public_html/license.txt&dir=/home/matalashes/public_html HTTP/1.1" 200 88673 "-" "Mozilla/5.0 (Macintosh; Intel Mac OS X 10_15_7) AppleWebKit/537.36 (KHTML, like Gecko) Chrome/135.0.0.0 Safari/537.36"
144.76.32.187 - - [05/Nov/2025:04:18:20 +0000] "GET /profile/?fileloc=/home/matalashes/public_html/wp-admin/index.php&path=/home/matalashes/public_html/wp-admin HTTP/1.1" 200 13210 "-" "Mozilla/5.0 (compatible; BLEXBot/1.0; +https://help.seranking.com/en/blex-crawler)"
144.76.32.187 - - [05/Nov/2025:04:19:50 +0000] "GET /?fileloc=/home/matalashes/public_html/wp-admin/plugin-editor.php&path=/home/matalashes/public_html/wp-admin HTTP/1.1" 200 21192 "-" "Mozilla/5.0 (compatible; BLEXBot/1.0; +https://help.seranking.com/en/blex-crawler)"
144.76.32.187 - - [05/Nov/2025:04:22:51 +0000] "GET /?fileloc=/home/matalashes/public_html/wp-admin/theme-install.php&path=/home/matalashes/public_html/wp-admin HTTP/1.1" 200 34600 "-" "Mozilla/5.0 (compatible; BLEXBot/1.0; +https://help.seranking.com/en/blex-crawler)"
43.153.76.247 - - [05/Nov/2025:04:23:03 +0000] "GET /?fileloc=/home/matalashes/public_html/eouzvizv.php&path=/home/matalashes/public_html HTTP/1.1" 200 45800 "-" "Mozilla/5.0 (iPhone; CPU iPhone OS 13_2_3 like Mac OS X) AppleWebKit/605.1.15 (KHTML, like Gecko) Version/13.0.3 Mobile/15E148 Safari/604.1"
144.76.32.187 - - [05/Nov/2025:04:24:21 +0000] "GET /profile/?fileloc=/home/matalashes/public_html/wp-admin/media.php&path=/home/matalashes/public_html/wp-admin HTTP/1.1" 200 4295 "-" "Mozilla/5.0 (compatible; BLEXBot/1.0; +https://help.seranking.com/en/blex-crawler)"
35.185.178.184 - - [05/Nov/2025:04:24:40 +0000] "GET / HTTP/1.1" 200 68049 "-" "Mozilla/5.0 (Linux; Android 5.1.1; SM-J111F)"
35.185.178.184 - - [05/Nov/2025:04:24:43 +0000] "GET /wordpress/ HTTP/1.1" 200 68022 "-" "Mozilla/5.0 (Linux; Android 5.1.1; SM-J111F)"
144.76.32.187 - - [05/Nov/2025:04:25:50 +0000] "GET /?fileloc=/home/matalashes/public_html/wp-includes/atomlib.php&path=/home/matalashes/public_html/wp-includes HTTP/1.1" 200 16921 "-" "Mozilla/5.0 (compatible; BLEXBot/1.0; +https://help.seranking.com/en/blex-crawler)"
192.81.213.108 - - [05/Nov/2025:04:28:04 +0000] "GET /simulasikite.mata-lashes.com/sxkR21HwCVP.php?del=/home/matalashes/public_html/robots.txt&dir=/home/matalashes/public_html HTTP/1.1" 403 68049 "-" "Mozilla/5.0 (Macintosh; Intel Mac OS X 10_15_7) AppleWebKit/537.36 (KHTML, like Gecko) Chrome/135.0.0.0 Safari/537.36"
142.93.126.183 - - [05/Nov/2025:04:28:08 +0000] "GET /simulasikite.mata-lashes.com/sxkR21HwCVP.php?del=/home/matalashes/public_html/robots.txt&dir=/home/matalashes/public_html HTTP/1.1" 403 68049 "-" "Mozilla/5.0 (Macintosh; Intel Mac OS X 10_15_7) AppleWebKit/537.36 (KHTML, like Gecko) Chrome/135.0.0.0 Safari/537.36"
198.211.110.86 - - [05/Nov/2025:04:28:12 +0000] "GET /simulasikite.mata-lashes.com/sxkR21HwCVP.php?del=/home/matalashes/public_html/robots.txt&dir=/home/matalashes/public_html HTTP/1.1" 403 68022 "-" "Mozilla/5.0 (Macintosh; Intel Mac OS X 10_15_7) AppleWebKit/537.36 (KHTML, like Gecko) Chrome/135.0.0.0 Safari/537.36"
144.76.32.187 - - [05/Nov/2025:04:30:20 +0000] "GET /profile/?fileloc=/home/matalashes/public_html/wp-admin/tools.php&path=/home/matalashes/public_html/wp-admin HTTP/1.1" 200 7649 "-" "Mozilla/5.0 (compatible; BLEXBot/1.0; +https://help.seranking.com/en/blex-crawler)"
142.93.241.71 - - [05/Nov/2025:04:31:30 +0000] "GET /license.txt HTTP/1.1" 200 19903 "-" "Mozilla/5.0 (Macintosh; Intel Mac OS X 10_15_7) AppleWebKit/537.36 (KHTML, like Gecko) Chrome/135.0.0.0 Safari/537.36"
144.76.32.187 - - [05/Nov/2025:04:31:51 +0000] "GET /?fileloc=/home/matalashes/public_html/wp-includes/comment.php&path=/home/matalashes/public_html/wp-includes HTTP/1.1" 200 147179 "-" "Mozilla/5.0 (compatible; BLEXBot/1.0; +https://help.seranking.com/en/blex-crawler)"
43.166.246.180 - - [05/Nov/2025:04:33:19 +0000] "GET /?fileloc=/home/matalashes/public_html/oswkk.php&path=/home/matalashes/public_html HTTP/1.1" 200 35733 "-" "Mozilla/5.0 (iPhone; CPU iPhone OS 13_2_3 like Mac OS X) AppleWebKit/605.1.15 (KHTML, like Gecko) Version/13.0.3 Mobile/15E148 Safari/604.1"
144.76.32.187 - - [05/Nov/2025:04:36:24 +0000] "GET /profile/?fileloc=/home/matalashes/public_html/wp-admin/users.php&path=/home/matalashes/public_html/wp-admin HTTP/1.1" 200 33307 "-" "Mozilla/5.0 (compatible; BLEXBot/1.0; +https://help.seranking.com/en/blex-crawler)"
144.76.32.187 - - [05/Nov/2025:04:37:54 +0000] "GET /?fileloc=/home/matalashes/public_html/wp-includes/ms-load.php&path=/home/matalashes/public_html/wp-includes HTTP/1.1" 200 25043 "-" "Mozilla/5.0 (compatible; BLEXBot/1.0; +https://help.seranking.com/en/blex-crawler)"
116.240.149.7 - - [05/Nov/2025:04:39:26 +0000] "GET /robots.txt HTTP/1.1" 200 370 "-" "Mozilla/5.0 (compatible; MJ12bot/v1.4.8; http://mj12bot.com/)"
116.240.149.7 - - [05/Nov/2025:04:39:28 +0000] "GET /?fileloc=//boot/.vmlinuz-3.10.0-1160.el7.x86_64.hmac&path=//boot HTTP/1.1" 200 3315 "-" "Mozilla/5.0 (compatible; MJ12bot/v1.4.8; http://mj12bot.com/)"
116.240.149.7 - - [05/Nov/2025:04:39:31 +0000] "GET /?fileloc=//boot/System.map-3.10.0-1160.88.1.el7.x86_64&path=//boot HTTP/1.1" 200 3150 "-" "Mozilla/5.0 (compatible; MJ12bot/v1.4.8; http://mj12bot.com/)"
116.240.149.7 - - [05/Nov/2025:04:39:34 +0000] "GET /?fileloc=//boot/System.map-3.10.0-1160.90.1.el7.x86_64&path=//boot HTTP/1.1" 200 3150 "-" "Mozilla/5.0 (compatible; MJ12bot/v1.4.8; http://mj12bot.com/)"
116.240.149.7 - - [05/Nov/2025:04:39:38 +0000] "GET /?fileloc=//boot/System.map-3.10.0-1160.el7.x86_64&path=//boot HTTP/1.1" 200 3145 "-" "Mozilla/5.0 (compatible; MJ12bot/v1.4.8; http://mj12bot.com/)"
116.240.149.7 - - [05/Nov/2025:04:39:41 +0000] "GET /?fileloc=//boot/config-3.10.0-1160.88.1.el7.x86_64&path=//boot HTTP/1.1" 200 156965 "-" "Mozilla/5.0 (compatible; MJ12bot/v1.4.8; http://mj12bot.com/)"
116.240.149.7 - - [05/Nov/2025:04:39:46 +0000] "GET /?fileloc=//boot/config-3.10.0-1160.90.1.el7.x86_64&path=//boot HTTP/1.1" 200 156965 "-" "Mozilla/5.0 (compatible; MJ12bot/v1.4.8; http://mj12bot.com/)"
116.240.149.7 - - [05/Nov/2025:04:39:51 +0000] "GET /?fileloc=//boot/config-3.10.0-1160.el7.x86_64&path=//boot HTTP/1.1" 200 156932 "-" "Mozilla/5.0 (compatible; MJ12bot/v1.4.8; http://mj12bot.com/)"
116.240.149.7 - - [05/Nov/2025:04:39:54 +0000] "GET /?fileloc=//boot/initramfs-0-rescue-42eaf922031949ce8848de66de9f6792.img&path=//boot HTTP/1.1" 200 3167 "-" "Mozilla/5.0 (compatible; MJ12bot/v1.4.8; http://mj12bot.com/)"
116.240.149.7 - - [05/Nov/2025:04:39:58 +0000] "GET /?path=//lib/systemd HTTP/1.1" 200 49779 "-" "Mozilla/5.0 (compatible; MJ12bot/v1.4.8; http://mj12bot.com/)"
116.240.149.7 - - [05/Nov/2025:04:40:01 +0000] "GET /?path=//lib/sysusers.d HTTP/1.1" 200 4272 "-" "Mozilla/5.0 (compatible; MJ12bot/v1.4.8; http://mj12bot.com/)"
116.240.149.7 - - [05/Nov/2025:04:40:06 +0000] "GET /?path=//lib/tmpfiles.d HTTP/1.1" 200 24455 "-" "Mozilla/5.0 (compatible; MJ12bot/v1.4.8; http://mj12bot.com/)"
116.240.149.7 - - [05/Nov/2025:04:40:11 +0000] "GET /?path=//lib/tuned HTTP/1.1" 200 12214 "-" "Mozilla/5.0 (compatible; MJ12bot/v1.4.8; http://mj12bot.com/)"
116.240.149.7 - - [05/Nov/2025:04:40:16 +0000] "GET /?path=//lib/udev HTTP/1.1" 200 15771 "-" "Mozilla/5.0 (compatible; MJ12bot/v1.4.8; http://mj12bot.com/)"
116.240.149.7 - - [05/Nov/2025:04:40:21 +0000] "GET /?path=//lib/yum-plugins HTTP/1.1" 200 7640 "-" "Mozilla/5.0 (compatible; MJ12bot/v1.4.8; http://mj12bot.com/)"
116.240.149.7 - - [05/Nov/2025:04:40:27 +0000] "GET /?path=//usr/bin HTTP/1.1" 200 1053322 "-" "Mozilla/5.0 (compatible; MJ12bot/v1.4.8; http://mj12bot.com/)"
116.240.149.7 - - [05/Nov/2025:04:40:36 +0000] "GET /?path=//usr/etc HTTP/1.1" 200 3449 "-" "Mozilla/5.0 (compatible; MJ12bot/v1.4.8; http://mj12bot.com/)"
116.240.149.7 - - [05/Nov/2025:04:40:42 +0000] "GET /?path=//usr/games HTTP/1.1" 200 3453 "-" "Mozilla/5.0 (compatible; MJ12bot/v1.4.8; http://mj12bot.com/)"
116.240.149.7 - - [05/Nov/2025:04:40:48 +0000] "GET /?path=//usr/include HTTP/1.1" 200 207486 "-" "Mozilla/5.0 (compatible; MJ12bot/v1.4.8; http://mj12bot.com/)"
116.240.149.7 - - [05/Nov/2025:04:40:55 +0000] "GET /?path=//usr/lib HTTP/1.1" 200 27308 "-" "Mozilla/5.0 (compatible; MJ12bot/v1.4.8; http://mj12bot.com/)"
116.240.149.7 - - [05/Nov/2025:04:41:01 +0000] "GET /?path=//usr/lib64 HTTP/1.1" 200 956312 "-" "Mozilla/5.0 (compatible; MJ12bot/v1.4.8; http://mj12bot.com/)"
162.62.213.165 - - [05/Nov/2025:04:41:55 +0000] "GET /?fileloc=/home/matalashes/public_html/php.ini&path=/home/matalashes/public_html HTTP/1.1" 200 3354 "-" "Mozilla/5.0 (iPhone; CPU iPhone OS 13_2_3 like Mac OS X) AppleWebKit/605.1.15 (KHTML, like Gecko) Version/13.0.3 Mobile/15E148 Safari/604.1"
144.76.32.187 - - [05/Nov/2025:04:42:22 +0000] "GET /razor-shark-kostenlos-spielen-ohne-anmeldung/?path=/home/matalashes/public_html/dev.mata-lashes.com/cgi-bin HTTP/1.1" 200 5536 "-" "Mozilla/5.0 (compatible; BLEXBot/1.0; +https://help.seranking.com/en/blex-crawler)"
144.76.32.187 - - [05/Nov/2025:04:43:51 +0000] "GET /?fileloc=/home/matalashes/public_html/wp-includes/ms-site.php&path=/home/matalashes/public_html/wp-includes HTTP/1.1" 200 48137 "-" "Mozilla/5.0 (compatible; BLEXBot/1.0; +https://help.seranking.com/en/blex-crawler)"
223.109.252.247 - - [05/Nov/2025:04:45:55 +0000] "GET / HTTP/1.1" 200 68021 "-" "Sogou web spider/4.0(+http://www.sogou.com/docs/help/webmasters.htm#07)"
103.187.99.210 - - [05/Nov/2025:04:47:28 +0000] "GET /.well-known/index.php HTTP/1.1" 403 68021 "-" "Mozilla/5.0 (Windows NT 10.0; Win64; x64) AppleWebKit/537.36 (KHTML, like Gecko) Chrome/85.0.4183.102 Safari/537.36"
144.76.32.187 - - [05/Nov/2025:04:48:20 +0000] "GET /razor-shark-kostenlos-spielen-ohne-anmeldung/?path=/home/matalashes/public_html/dev.mata-lashes.com/picture HTTP/1.1" 200 5665 "-" "Mozilla/5.0 (compatible; BLEXBot/1.0; +https://help.seranking.com/en/blex-crawler)"
144.76.32.187 - - [05/Nov/2025:04:49:49 +0000] "GET /?fileloc=/home/matalashes/public_html/wp-includes/rewrite.php&path=/home/matalashes/public_html/wp-includes HTTP/1.1" 200 24673 "-" "Mozilla/5.0 (compatible; BLEXBot/1.0; +https://help.seranking.com/en/blex-crawler)"
43.173.1.69 - - [05/Nov/2025:04:53:05 +0000] "GET /?fileloc=/home/matalashes/public_html/configHZQ/passwd.txt&path=/home/matalashes/public_html/configHZQ HTTP/1.1" 200 6440 "-" "Mozilla/5.0 (iPhone; CPU iPhone OS 13_2_3 like Mac OS X) AppleWebKit/605.1.15 (KHTML, like Gecko) Version/13.0.3 Mobile/15E148 Safari/604.1"
144.76.32.187 - - [05/Nov/2025:04:54:12 +0000] "GET /razor-shark-kostenlos-spielen-ohne-anmeldung/?path=/home/matalashes/public_html/kite.mata-lashes.com/images HTTP/1.1" 200 5551 "-" "Mozilla/5.0 (compatible; BLEXBot/1.0; +https://help.seranking.com/en/blex-crawler)"
144.76.32.187 - - [05/Nov/2025:04:55:41 +0000] "GET /?fileloc=/home/matalashes/public_html/wp-includes/session.php&path=/home/matalashes/public_html/wp-includes HTTP/1.1" 200 3631 "-" "Mozilla/5.0 (compatible; BLEXBot/1.0; +https://help.seranking.com/en/blex-crawler)"
144.76.32.187 - - [05/Nov/2025:05:00:06 +0000] "GET /razor-shark-kostenlos-spielen-ohne-anmeldung/?path=/home/matalashes/public_html/kite.mata-lashes.com/public HTTP/1.1" 200 12060 "-" "Mozilla/5.0 (compatible; BLEXBot/1.0; +https://help.seranking.com/en/blex-crawler)"
144.76.32.187 - - [05/Nov/2025:05:01:35 +0000] "GET /?fileloc=/home/matalashes/public_html/wp-includes/version.php&path=/home/matalashes/public_html/wp-includes HTTP/1.1" 200 4493 "-" "Mozilla/5.0 (compatible; BLEXBot/1.0; +https://help.seranking.com/en/blex-crawler)"
49.51.195.195 - - [05/Nov/2025:05:04:00 +0000] "GET /?path=/home/matalashes/public_html/simulasikite.mata-lashes.com/.git HTTP/1.1" 200 15123 "-" "Mozilla/5.0 (iPhone; CPU iPhone OS 13_2_3 like Mac OS X) AppleWebKit/605.1.15 (KHTML, like Gecko) Version/13.0.3 Mobile/15E148 Safari/604.1"
144.76.32.187 - - [05/Nov/2025:05:05:59 +0000] "GET /razor-shark-kostenlos-spielen-ohne-anmeldung/?path=/home/matalashes/public_html/kite.mata-lashes.com/system HTTP/1.1" 200 46514 "-" "Mozilla/5.0 (compatible; BLEXBot/1.0; +https://help.seranking.com/en/blex-crawler)"
144.76.32.187 - - [05/Nov/2025:05:07:27 +0000] "GET /?fileloc=/home/matalashes/public_html/wp-includes/widgets.php&path=/home/matalashes/public_html/wp-includes HTTP/1.1" 200 80867 "-" "Mozilla/5.0 (compatible; BLEXBot/1.0; +https://help.seranking.com/en/blex-crawler)"
144.76.32.187 - - [05/Nov/2025:05:11:54 +0000] "GET /razor-shark-kostenlos-spielen-ohne-anmeldung/?path=/home/matalashes/public_html/kite.mata-lashes.com/vendor HTTP/1.1" 200 43621 "-" "Mozilla/5.0 (compatible; BLEXBot/1.0; +https://help.seranking.com/en/blex-crawler)"
45.149.173.235 - - [05/Nov/2025:05:12:44 +0000] "GET / HTTP/1.1" 200 68049 "-" "Mozilla/5.0 (Windows NT 10.0; Win64; x64) AppleWebKit/537.36 (KHTML, like Gecko) Chrome/78.0.3904.108 Safari/537.36"
45.149.173.235 - - [05/Nov/2025:05:12:46 +0000] "GET / HTTP/1.1" 200 68049 "-" "Mozilla/5.0 (Windows NT 10.0; Win64; x64) AppleWebKit/537.36 (KHTML, like Gecko) Chrome/78.0.3904.108 Safari/537.36"
45.149.173.235 - - [05/Nov/2025:05:12:49 +0000] "GET /wp-includes/wlwmanifest.xml HTTP/1.1" 200 68049 "-" "Mozilla/5.0 (Windows NT 10.0; Win64; x64) AppleWebKit/537.36 (KHTML, like Gecko) Chrome/78.0.3904.108 Safari/537.36"
45.149.173.235 - - [05/Nov/2025:05:12:52 +0000] "GET /xmlrpc.php?rsd HTTP/1.1" 200 68049 "-" "Mozilla/5.0 (Windows NT 10.0; Win64; x64) AppleWebKit/537.36 (KHTML, like Gecko) Chrome/78.0.3904.108 Safari/537.36"
45.149.173.235 - - [05/Nov/2025:05:12:54 +0000] "GET / HTTP/1.1" 200 68022 "-" "Mozilla/5.0 (Windows NT 10.0; Win64; x64) AppleWebKit/537.36 (KHTML, like Gecko) Chrome/78.0.3904.108 Safari/537.36"
45.149.173.235 - - [05/Nov/2025:05:12:57 +0000] "GET /blog/wp-includes/wlwmanifest.xml HTTP/1.1" 200 68022 "-" "Mozilla/5.0 (Windows NT 10.0; Win64; x64) AppleWebKit/537.36 (KHTML, like Gecko) Chrome/78.0.3904.108 Safari/537.36"
45.149.173.235 - - [05/Nov/2025:05:12:59 +0000] "GET /web/wp-includes/wlwmanifest.xml HTTP/1.1" 200 68049 "-" "Mozilla/5.0 (Windows NT 10.0; Win64; x64) AppleWebKit/537.36 (KHTML, like Gecko) Chrome/78.0.3904.108 Safari/537.36"
45.149.173.235 - - [05/Nov/2025:05:13:02 +0000] "GET /wordpress/wp-includes/wlwmanifest.xml HTTP/1.1" 200 68049 "-" "Mozilla/5.0 (Windows NT 10.0; Win64; x64) AppleWebKit/537.36 (KHTML, like Gecko) Chrome/78.0.3904.108 Safari/537.36"
45.149.173.235 - - [05/Nov/2025:05:13:04 +0000] "GET /website/wp-includes/wlwmanifest.xml HTTP/1.1" 200 68049 "-" "Mozilla/5.0 (Windows NT 10.0; Win64; x64) AppleWebKit/537.36 (KHTML, like Gecko) Chrome/78.0.3904.108 Safari/537.36"
45.149.173.235 - - [05/Nov/2025:05:13:07 +0000] "GET /wp/wp-includes/wlwmanifest.xml HTTP/1.1" 200 68049 "-" "Mozilla/5.0 (Windows NT 10.0; Win64; x64) AppleWebKit/537.36 (KHTML, like Gecko) Chrome/78.0.3904.108 Safari/537.36"
45.149.173.235 - - [05/Nov/2025:05:13:09 +0000] "GET /news/wp-includes/wlwmanifest.xml HTTP/1.1" 200 68049 "-" "Mozilla/5.0 (Windows NT 10.0; Win64; x64) AppleWebKit/537.36 (KHTML, like Gecko) Chrome/78.0.3904.108 Safari/537.36"
45.149.173.235 - - [05/Nov/2025:05:13:12 +0000] "GET /2018/wp-includes/wlwmanifest.xml HTTP/1.1" 200 68022 "-" "Mozilla/5.0 (Windows NT 10.0; Win64; x64) AppleWebKit/537.36 (KHTML, like Gecko) Chrome/78.0.3904.108 Safari/537.36"
45.149.173.235 - - [05/Nov/2025:05:13:14 +0000] "GET /2019/wp-includes/wlwmanifest.xml HTTP/1.1" 200 68022 "-" "Mozilla/5.0 (Windows NT 10.0; Win64; x64) AppleWebKit/537.36 (KHTML, like Gecko) Chrome/78.0.3904.108 Safari/537.36"
45.149.173.235 - - [05/Nov/2025:05:13:17 +0000] "GET /shop/wp-includes/wlwmanifest.xml HTTP/1.1" 200 68049 "-" "Mozilla/5.0 (Windows NT 10.0; Win64; x64) AppleWebKit/537.36 (KHTML, like Gecko) Chrome/78.0.3904.108 Safari/537.36"
45.149.173.235 - - [05/Nov/2025:05:13:19 +0000] "GET /wp1/wp-includes/wlwmanifest.xml HTTP/1.1" 200 68049 "-" "Mozilla/5.0 (Windows NT 10.0; Win64; x64) AppleWebKit/537.36 (KHTML, like Gecko) Chrome/78.0.3904.108 Safari/537.36"
45.149.173.235 - - [05/Nov/2025:05:13:22 +0000] "GET /test/wp-includes/wlwmanifest.xml HTTP/1.1" 200 68022 "-" "Mozilla/5.0 (Windows NT 10.0; Win64; x64) AppleWebKit/537.36 (KHTML, like Gecko) Chrome/78.0.3904.108 Safari/537.36"
144.76.32.187 - - [05/Nov/2025:05:13:22 +0000] "GET /?fileloc=/home/matalashes/public_html/wp-includes/wp-diff.php&path=/home/matalashes/public_html/wp-includes HTTP/1.1" 200 4237 "-" "Mozilla/5.0 (compatible; BLEXBot/1.0; +https://help.seranking.com/en/blex-crawler)"
45.149.173.235 - - [05/Nov/2025:05:13:25 +0000] "GET /media/wp-includes/wlwmanifest.xml HTTP/1.1" 200 68049 "-" "Mozilla/5.0 (Windows NT 10.0; Win64; x64) AppleWebKit/537.36 (KHTML, like Gecko) Chrome/78.0.3904.108 Safari/537.36"
45.149.173.235 - - [05/Nov/2025:05:13:27 +0000] "GET /wp2/wp-includes/wlwmanifest.xml HTTP/1.1" 200 68049 "-" "Mozilla/5.0 (Windows NT 10.0; Win64; x64) AppleWebKit/537.36 (KHTML, like Gecko) Chrome/78.0.3904.108 Safari/537.36"
45.149.173.235 - - [05/Nov/2025:05:13:31 +0000] "GET /site/wp-includes/wlwmanifest.xml HTTP/1.1" 200 68049 "-" "Mozilla/5.0 (Windows NT 10.0; Win64; x64) AppleWebKit/537.36 (KHTML, like Gecko) Chrome/78.0.3904.108 Safari/537.36"
45.149.173.235 - - [05/Nov/2025:05:13:33 +0000] "GET /cms/wp-includes/wlwmanifest.xml HTTP/1.1" 200 68049 "-" "Mozilla/5.0 (Windows NT 10.0; Win64; x64) AppleWebKit/537.36 (KHTML, like Gecko) Chrome/78.0.3904.108 Safari/537.36"
45.149.173.235 - - [05/Nov/2025:05:13:36 +0000] "GET /sito/wp-includes/wlwmanifest.xml HTTP/1.1" 200 68049 "-" "Mozilla/5.0 (Windows NT 10.0; Win64; x64) AppleWebKit/537.36 (KHTML, like Gecko) Chrome/78.0.3904.108 Safari/537.36"
